(4348,505.254713,1,1,NULL,'2023-11-21 09:34:51','2023-11-21 09:34:51','2023-11-21 16:34:51'),(4349,424.413959,1,1,NULL,'2023-11-21 09:34:51','2023-11-21 09:34:51','2023-11-21 16:34:51'),(4350,335.287027,1,1,NULL,'2023-11-21 09:34:51','2023-11-21 09:34:51','2023-11-21 16:34:51'),(4351,281.641103,1,1,NULL,'2023-11-21 09:34:51','2023-11-21 09:34:51','2023-11-21 16:34:51'),(4352,245.027760,1,1,NULL,'2023-11-21 09:34:51','2023-11-21 09:34:51','2023-11-21 16:34:51'),(4353,262.179703,1,1,NULL,'2023-11-21 09:34:51','2023-11-21 09:34:51','2023-11-21 16:34:51'),(4354,317.237440,1,1,NULL,'2023-11-21 09:34:51','2023-11-21 09:34:51','2023-11-21 16:34:51'),(4355,333.099312,1,1,NULL,'2023-11-21 09:34:51','2023-11-21 09:34:51','2023-11-21 16:34:51'),(4356,399.719175,1,1,NULL,'2023-11-21 09:34:51','2023-11-21 09:34:51','2023-11-21 16:34:51'),(4357,435.693900,1,1,NULL,'2023-11-21 09:34:51','2023-11-21 09:34:51','2023-11-21 16:34:51'),(4358,365.982876,1,1,NULL,'2023-11-21 09:34:51','2023-11-21 09:34:51','2023-11-21 16:34:51'),(4359,325.724760,1,1,NULL,'2023-11-21 09:34:51','2023-11-21 09:34:51','2023-11-21 16:34:51'),(4360,384.355217,1,1,NULL,'2023-11-21 09:34:51','2023-11-21 09:34:51','2023-11-21 16:34:51'),(4361,449.695604,1,1,NULL,'2023-11-21 09:34:51','2023-11-21 09:34:51','2023-11-21 16:34:51'),(4362,539.634724,1,1,NULL,'2023-11-21 09:34:51','2023-11-21 09:34:51','2023-11-21 16:34:51'),(4363,453.293168,1,1,NULL,'2023-11-21 09:34:51','2023-11-21 09:34:51','2023-11-21 16:34:51'),(4364,417.029715,1,1,NULL,'2023-11-21 09:34:51','2023-11-21 09:34:51','2023-11-21 16:34:51'),(4365,371.156446,1,1,NULL,'2023-11-21 09:34:51','2023-11-21 09:34:51','2023-11-21 16:34:51'),(4366,348.887060,1,1,NULL,'2023-11-21 09:34:51','2023-11-21 09:34:51','2023-11-21 16:34:51'),(4367,279.109648,1,1,NULL,'2023-11-21 09:34:51','2023-11-21 09:34:51','2023-11-21 16:34:51'),(4368,265.154165,1,1,NULL,'2023-11-21 09:34:51','2023-11-21 09:34:51','2023-11-21 16:34:51'),(4369,249.244915,1,1,NULL,'2023-11-21 09:34:51','2023-11-21 09:34:51','2023-11-21 16:34:51'),(4370,289.124102,1,1,NULL,'2023-11-21 09:34:51','2023-11-21 09:34:51','2023-11-21 16:34:51'),(4371,225.516799,1,1,NULL,'2023-11-21 09:34:51','2023-11-21 09:34:51','2023-11-21 16:34:51'),(4372,187.178943,1,1,NULL,'2023-11-21 09:34:51','2023-11-21 09:34:51','2023-11-21 16:34:51'),(4373,170.332839,1,1,NULL,'2023-11-21 09:34:51','2023-11-21 09:34:51','2023-11-21 16:34:51'),(4374,156.706211,1,1,NULL,'2023-11-21 09:34:51','2023-11-21 09:34:51','2023-11-21 16:34:51'),(4375,189.614516,1,1,NULL,'2023-11-21 09:34:51','2023-11-21 09:34:51','2023-11-21 16:34:51'),(4376,149.795468,1,1,NULL,'2023-11-21 09:34:51','2023-11-21 09:34:51','2023-11-21 16:34:51'),(4377,161.779105,1,1,NULL,'2023-11-21 09:34:51','2023-11-21 09:34:51','2023-11-21 16:34:51'),(4378,176.339224,1,1,NULL,'2023-11-21 09:34:51','2023-11-21 09:34:51','2023-11-21 16:34:51'),(4379,215.133854,1,1,NULL,'2023-11-21 09:34:51','2023-11-21 09:34:51','2023-11-21 16:34:51'),(4380,240.949916,1,1,NULL,'2023-11-21 09:34:51','2023-11-21 09:34:51','2023-11-21 16:34:51'),(4381,277.092404,1,1,NULL,'2023-11-21 09:34:51','2023-11-21 09:34:51','2023-11-21 16:34:51'),(4382,249.383163,1,1,NULL,'2023-11-21 09:34:51','2023-11-21 09:34:51','2023-11-21 16:34:51'),(4383,231.926342,1,1,NULL,'2023-11-21 09:34:51','2023-11-21 09:34:51','2023-11-21 16:34:51'),(4384,204.095181,1,1,NULL,'2023-11-21 09:34:51','2023-11-21 09:34:51','2023-11-21 16:34:51'),(4385,187.767566,1,1,NULL,'2023-11-21 09:34:51','2023-11-21 09:34:51','2023-11-21 16:34:51'),(4386,163.357783,1,1,NULL,'2023-11-21 09:34:51','2023-11-21 09:34:51','2023-11-21 16:34:51'),(4387,179.693561,1,1,NULL,'2023-11-21 09:34:51','2023-11-21 09:34:51','2023-11-21 16:34:51'),(4388,208.444531,1,1,NULL,'2023-11-21 09:34:51','2023-11-21 09:34:51','2023-11-21 16:34:51'),(4389,231.373429,1,1,NULL,'2023-11-21 09:34:51','2023-11-21 09:34:51','2023-11-21 16:34:51'),(4390,263.765709,1,1,NULL,'2023-11-21 09:34:51','2023-11-21 09:34:51','2023-11-21 16:34:51'),(4391,298.055251,1,1,NULL,'2023-11-21 09:34:51','2023-11-21 09:34:51','2023-11-21 16:34:51'),(4392,330.841329,1,1,NULL,'2023-11-21 09:34:51','2023-11-21 09:34:51','2023-11-21 16:34:51'),(4393,376.630997,1,1,NULL,'2023-11-21 09:34:51','2023-11-21 09:34:51','2023-11-21 16:34:51'),(4394,422.420665,1,1,NULL,'2023-11-21 09:34:51','2023-11-21 09:34:51','2023-11-21 16:34:51'),(4395,468.210332,1,1,NULL,'2023-11-21 09:34:51','2023-11-21 09:34:51','2023-11-21 16:34:51'),(4396,514.000000,1,1,NULL,'2023-11-21 09:34:51','2023-11-21 09:34:51','2023-11-21 16:34:51');

--
-- Table structure for table `products`
--

CREATE TABLE `products` (
  `id` bigint unsigned NOT NULL AUTO_INCREMENT,
  `name` varchar(255) CHARACTER SET utf8mb4 COLLATE utf8mb4_unicode_ci DEFAULT NULL,
  `detail` text CHARACTER SET utf8mb4 COLLATE utf8mb4_unicode_ci,
  `status` int NOT NULL DEFAULT '0',
  `image` text CHARACTER SET utf8mb4 COLLATE utf8mb4_unicode_ci,
  `user_id` bigint unsigned DEFAULT NULL,
  `deleted_at` timestamp NULL DEFAULT NULL,
  `created_at` timestamp NULL DEFAULT NULL,
  `updated_at` timestamp NULL DEFAULT NULL,
  `sector_id` bigint unsigned DEFAULT NULL,
  `current_price` double(15,6) NOT NULL DEFAULT '0.000000',
  `is_active` tinyint(1) NOT NULL DEFAULT '1',
  `commission_rate` double(15,6) NOT NULL DEFAULT '100.000000',
  `order` int NOT NULL,
  PRIMARY KEY (`id`)
) ENGINE=InnoDB AUTO_INCREMENT=16 DEFAULT CHARSET=utf8mb4 COLLATE=utf8mb4_unicode_ci;

--
-- Dumping data for table `products`
--

INSERT INTO `products` VALUES (1,'Amazon','International SHOP\r\n.',0,'images/slides/1781160847609528.jpg',2,NULL,'2023-09-01 08:07:54','2023-12-03 07:05:50',2,514.000000,1,59.000000,1),(2,'PTT',NULL,0,'images/slides/1781158748370915.jpg',2,NULL,'2023-09-02 07:07:07','2023-12-28 06:15:35',2,30.907219,1,14.000000,2),(3,'AAPL','DELTA',0,'',2,NULL,'2023-09-06 08:46:52','2023-12-02 06:49:45',2,6739.000000,1,31.000000,4),(4,'Gold','DITO',0,'',2,NULL,'2023-09-06 08:46:54','2023-11-21 14:12:21',2,556.120000,1,21.000000,5),(5,'ETH',NULL,0,'',2,NULL,'2023-09-06 08:47:44','2023-12-02 06:48:43',2,70639.000000,1,10.000000,17),(6,'CBG',NULL,0,'',2,NULL,'2023-09-06 08:47:50','2023-11-21 14:12:34',2,79.790000,1,46.000000,7),(7,'EURA',NULL,0,'',2,NULL,'2023-09-06 08:47:56','2023-11-21 14:12:38',2,292.000000,1,43.000000,8),(8,'TBEV',NULL,0,'',2,NULL,'2023-09-06 08:48:11','2023-11-21 14:12:42',2,20.000000,1,50.000000,9),(9,'CPF',NULL,0,'',2,NULL,'2023-09-06 08:48:22','2023-11-21 14:12:47',2,19.000000,1,28.000000,10),(10,'USDT',NULL,0,'',2,NULL,'2023-09-06 08:48:39','2023-12-02 06:49:02',2,35.150000,1,47.000000,18),(11,'ICHI',NULL,0,'',2,NULL,'2023-09-06 08:48:47','2023-11-21 14:12:56',2,59.030000,1,48.000000,12),(12,'GULF',NULL,0,'',2,NULL,'2023-09-06 08:48:55','2023-12-24 12:47:47',2,1415.780000,1,69.000000,3),(13,'PTTEP',NULL,0,'',2,NULL,'2023-09-06 08:49:04','2023-11-21 14:13:03',2,1415.780000,1,59.000000,13),(14,'SCC',NULL,0,'',2,NULL,'2023-09-09 04:50:13','2023-12-02 06:49:19',2,290.000000,1,18.000000,3),(15,'KKP',NULL,0,'images/slides/1776561669514404.png',2,NULL,'2023-09-09 05:03:35','2023-11-21 14:13:15',2,50.500000,1,68.000000,15);

--
-- Table structure for table `role_has_permissions`
--

CREATE TABLE `role_has_permissions` (
  `permission_id` bigint unsigned NOT NULL,
  `role_id` bigint unsigned NOT NULL,
  PRIMARY KEY (`permission_id`,`role_id`),
  KEY `role_has_permissions_role_id_foreign` (`role_id`),
  CONSTRAINT `role_has_permissions_permission_id_foreign` FOREIGN KEY (`permission_id`) REFERENCES `permissions` (`id`) ON DELETE CASCADE,
  CONSTRAINT `role_has_permissions_role_id_foreign` FOREIGN KEY (`role_id`) REFERENCES `roles` (`id`) ON DELETE CASCADE
) ENGINE=InnoDB DEFAULT CHARSET=utf8mb4 COLLATE=utf8mb4_unicode_ci;

--
-- Dumping data for table `role_has_permissions`
--

INSERT INTO `role_has_permissions` VALUES (1,2),(2,2),(3,2),(4,2),(5,2),(6,2),(7,2),(8,2),(9,2),(10,2),(11,2),(12,2),(13,2),(14,2),(15,2),(16,2),(17,2),(18,2),(19,2),(20,2),(21,2),(22,2),(23,2),(24,2),(25,2),(26,2),(27,2),(28,2),(29,2),(30,2),(31,2),(32,2),(33,2),(34,2),(35,2),(36,2),(37,2),(38,2),(1,3),(2,3),(3,3),(4,3),(5,3),(6,3),(7,3),(8,3),(9,3),(10,3),(11,3),(12,3),(13,3),(14,3),(15,3),(16,3),(17,3),(18,3),(19,3),(20,3),(21,3),(22,3),(23,3),(24,3),(25,3),(26,3),(27,3),(28,3),(29,3),(30,3),(31,3),(32,3),(33,3),(34,3),(35,3),(36,3),(37,3),(38,3),(13,4),(14,4),(15,4),(16,4),(17,4),(18,4),(19,4),(20,4);

--
-- Table structure for table `roles`
--

CREATE TABLE `roles` (
  `id` bigint unsigned NOT NULL AUTO_INCREMENT,
  `name` varchar(255) CHARACTER SET utf8mb4 COLLATE utf8mb4_unicode_ci NOT NULL,
  `guard_name` varchar(255) CHARACTER SET utf8mb4 COLLATE utf8mb4_unicode_ci NOT NULL,
  `created_at` timestamp NULL DEFAULT NULL,
  `updated_at` timestamp NULL DEFAULT NULL,
  PRIMARY KEY (`id`),
  UNIQUE KEY `roles_name_guard_name_unique` (`name`,`guard_name`)
) ENGINE=InnoDB AUTO_INCREMENT=5 DEFAULT CHARSET=utf8mb4 COLLATE=utf8mb4_unicode_ci;

--
-- Dumping data for table `roles`
--

INSERT INTO `roles` VALUES (1,'Member','web','2023-08-30 15:51:29','2023-08-30 15:51:29'),(2,'Admin','web','2023-08-30 15:51:29','2023-08-30 15:51:29'),(3,'Supervisor','web','2023-08-30 15:51:29','2023-08-30 15:51:29'),(4,'Staff','web','2023-08-30 15:51:29','2023-08-30 15:51:29');

--
-- Table structure for table `sectors`
--

CREATE TABLE `sectors` (
  `id` bigint unsigned NOT NULL AUTO_INCREMENT,
  `name` varchar(255) CHARACTER SET utf8mb4 COLLATE utf8mb4_unicode_ci DEFAULT NULL,
  `order` int NOT NULL DEFAULT '0',
  `deleted_at` timestamp NULL DEFAULT NULL,
  `created_at` timestamp NULL DEFAULT NULL,
  `updated_at` timestamp NULL DEFAULT NULL,
  PRIMARY KEY (`id`)
) ENGINE=InnoDB AUTO_INCREMENT=4 DEFAULT CHARSET=utf8mb4 COLLATE=utf8mb4_unicode_ci;

--
-- Dumping data for table `sectors`
--

INSERT INTO `sectors` VALUES (1,'Technologies',1,NULL,'2023-09-01 14:54:05','2023-09-01 14:57:22'),(2,'Education',0,NULL,'2023-09-01 15:15:53','2023-09-02 14:07:15'),(3,'Real Estate',0,NULL,'2023-09-01 15:15:57','2023-09-02 14:07:23');

--
-- Table structure for table `settings`
--

CREATE TABLE `settings` (
  `id` bigint unsigned NOT NULL AUTO_INCREMENT,
  `site_name` varchar(255) CHARACTER SET utf8mb4 COLLATE utf8mb4_unicode_ci NOT NULL,
  `logo` varchar(255) CHARACTER SET utf8mb4 COLLATE utf8mb4_unicode_ci DEFAULT NULL,
  `fav_icon` varchar(255) CHARACTER SET utf8mb4 COLLATE utf8mb4_unicode_ci DEFAULT NULL,
  `currency_name` varchar(255) CHARACTER SET utf8mb4 COLLATE utf8mb4_unicode_ci DEFAULT NULL,
  `is_active` int NOT NULL DEFAULT '1',
  `deleted_at` timestamp NULL DEFAULT NULL,
  `created_at` timestamp NULL DEFAULT NULL,
  `updated_at` timestamp NULL DEFAULT NULL,
  PRIMARY KEY (`id`)
) ENGINE=InnoDB AUTO_INCREMENT=2 DEFAULT CHARSET=utf8mb4 COLLATE=utf8mb4_unicode_ci;

--
-- Dumping data for table `settings`
--

INSERT INTO `settings` VALUES (1,'Beyondgroup','images/site_logo/1780970909725456.png','images/site_logo/1780971677827741.png','THB',1,NULL,'2023-08-30 15:50:29','2023-11-09 16:06:23');

--
-- Table structure for table `slides`
--

CREATE TABLE `slides` (
  `id` bigint unsigned NOT NULL AUTO_INCREMENT,
  `order` int NOT NULL DEFAULT '0',
  `image` varchar(255) CHARACTER SET utf8mb4 COLLATE utf8mb4_unicode_ci NOT NULL DEFAULT '1',
  `user_id` bigint unsigned DEFAULT NULL,
  `is_active` int NOT NULL DEFAULT '1',
  `deleted_at` timestamp NULL DEFAULT NULL,
  `created_at` timestamp NULL DEFAULT NULL,
  `updated_at` timestamp NULL DEFAULT NULL,
  PRIMARY KEY (`id`)
) ENGINE=InnoDB AUTO_INCREMENT=22 DEFAULT CHARSET=utf8mb4 COLLATE=utf8mb4_unicode_ci;

--
-- Dumping data for table `slides`
--

INSERT INTO `slides` VALUES (1,1,'images/slides/1776306443016148.png',NULL,1,'2023-09-08 07:20:55','2023-09-04 17:03:15','2023-09-08 07:20:55'),(2,2,'images/slides/1781098334630586.jpg',NULL,1,'2023-10-30 04:37:17','2023-09-04 17:03:23','2023-10-30 04:37:17'),(3,3,'images/slides/1776306470144758.png',NULL,1,'2023-09-08 07:22:19','2023-09-06 16:30:59','2023-09-08 07:22:19'),(4,3,'images/slides/1776306471067659.png',NULL,1,'2023-09-08 13:27:02','2023-09-06 16:31:00','2023-09-08 13:27:02'),(5,1,'images/slides/1781098504131734.jpg',NULL,1,'2023-10-30 04:37:14','2023-09-08 13:29:54','2023-10-30 04:37:14'),(6,3,'images/slides/1781098492290815.jpg',NULL,1,'2023-10-30 04:37:22','2023-09-12 05:43:07','2023-10-30 04:37:22'),(7,0,'images/slides/1781153794288097.jpg',NULL,1,'2023-10-30 06:15:06','2023-10-30 04:37:07','2023-10-30 06:15:06'),(8,0,'images/slides/1781153819531272.jpg',NULL,1,'2023-10-30 06:15:09','2023-10-30 04:37:31','2023-10-30 06:15:09'),(9,0,'images/slides/1781153835591823.jpg',NULL,1,'2023-10-30 06:15:13','2023-10-30 04:37:46','2023-10-30 06:15:13'),(10,0,'images/slides/1781153851111976.png',NULL,1,'2023-10-30 06:15:15','2023-10-30 04:38:01','2023-10-30 06:15:15'),(11,0,'images/slides/1781153925322610.jpg',NULL,1,'2023-10-30 04:39:28','2023-10-30 04:39:12','2023-10-30 04:39:28'),(12,0,'images/slides/1781153976128521.jpg',NULL,1,'2023-10-30 04:40:24','2023-10-30 04:40:00','2023-10-30 04:40:24'),(13,0,'images/slides/1781159983593544.jpg',NULL,1,'2023-10-30 06:16:51','2023-10-30 06:15:29','2023-10-30 06:16:51'),(14,0,'images/slides/1781159997305629.jpg',NULL,1,'2023-10-30 06:16:48','2023-10-30 06:15:42','2023-10-30 06:16:48'),(15,0,'images/slides/1781160008376489.jpg',NULL,1,'2023-10-30 06:16:46','2023-10-30 06:15:53','2023-10-30 06:16:46'),(16,0,'images/slides/1781160019681514.jpg',NULL,1,'2023-10-30 06:16:43','2023-10-30 06:16:04','2023-10-30 06:16:43'),(17,0,'images/slides/1781160037727295.jpg',NULL,1,'2023-10-30 06:16:30','2023-10-30 06:16:21','2023-10-30 06:16:30'),(18,0,'images/slides/1781160076776995.jpg',NULL,1,NULL,'2023-10-30 06:16:58','2023-10-30 06:16:58'),(19,0,'images/slides/1781160084717757.jpg',NULL,1,NULL,'2023-10-30 06:17:06','2023-10-30 06:17:06'),(20,0,'images/slides/1781160093638193.jpg',NULL,1,NULL,'2023-10-30 06:17:14','2023-10-30 06:17:14'),(21,0,'images/slides/1781160105335129.jpg',NULL,1,NULL,'2023-10-30 06:17:25','2023-10-30 06:17:25');

--
-- Table structure for table `users`
--

CREATE TABLE `users` (
  `id` bigint unsigned NOT NULL AUTO_INCREMENT,
  `name` varchar(255) CHARACTER SET utf8mb4 COLLATE utf8mb4_unicode_ci NOT NULL,
  `phone` varchar(255) CHARACTER SET utf8mb4 COLLATE utf8mb4_unicode_ci NOT NULL,
  `gender` enum('m','f') CHARACTER SET utf8mb4 COLLATE utf8mb4_unicode_ci NOT NULL DEFAULT 'm',
  `is_active` varchar(255) CHARACTER SET utf8mb4 COLLATE utf8mb4_unicode_ci NOT NULL DEFAULT '1',
  `email_verified_at` timestamp NULL DEFAULT NULL,
  `password` varchar(255) CHARACTER SET utf8mb4 COLLATE utf8mb4_unicode_ci NOT NULL,
  `remember_token` varchar(100) CHARACTER SET utf8mb4 COLLATE utf8mb4_unicode_ci DEFAULT NULL,
  `created_at` timestamp NULL DEFAULT NULL,
  `updated_at` timestamp NULL DEFAULT NULL,
  `deleted_at` timestamp NULL DEFAULT NULL,
  PRIMARY KEY (`id`),
  UNIQUE KEY `users_phone_unique` (`phone`)
) ENGINE=InnoDB AUTO_INCREMENT=78 DEFAULT CHARSET=utf8mb4 COLLATE=utf8mb4_unicode_ci;

--
-- Dumping data for table `users`
--

INSERT INTO `users` VALUES (1,'Admin','0123456','f','1',NULL,'$2y$10$DxOEsHn3boIrutxhNBh.duQ0w1uTnqdbh7xJ8OmeGWqXAE/taP.rm',NULL,'2023-08-30 15:51:29','2023-12-13 10:48:49',NULL),(26,'วิไลพร กิติยะมงคลกุล','0966504055','f','1',NULL,'$2y$10$hyhPrCDLH.d/qpPh79s2tu3rDkL.e6mNnVm4mtQqdSGTh97Pl6GiS',NULL,'2023-10-28 06:11:23','2023-10-28 06:33:58',NULL),(27,'เอกภพ','0809675262','m','1',NULL,'$2y$10$IzbGD1r/MFJsusHig7dk/eY4pSHAOW8KjJlkIRTmnYxkpWHNEHEbe','4d8YZHCe3DIuMpKt6Fci2WCUfPfMqBhG8IGIkzvQBDEXn53HjJQHKEhCFJfp','2023-10-28 06:21:46','2023-12-22 13:49:28',NULL),(28,'น้ำตาล','081-234-5678','f','1',NULL,'$2y$10$lfObc.I3vANHI5cboTCkWOcYn9HYOHrykOX1cOX2JCPYbszNkkVPa','AnUnEJ0w8sCQXo54V9GkIMuuVCftKX2dtx3sTJ1tl04cSYcBZT2R63lKGaCE','2023-10-28 06:24:34','2023-12-22 15:01:37',NULL),(29,'ศราวุธ เจริญสุข','0924372505','m','1',NULL,'$2y$10$8688qriFXzHxtVnQccrs9ev1oJ2p6KMjpZLgCyGSspfQtcsCu3je2','3bqqFxdDntKXs4KmnsoGMfE6iuW0A78RTgfT714tP70hpBYZvtX0G3uhE8Xc','2023-10-28 06:24:57','2023-11-26 08:02:25',NULL),(30,'Weechaya Wiml','0812341158','m','1',NULL,'$2y$10$nZtNyMiINI1eyQeDvRgbduGSMWlJFEOTl9XfpQlNBg.Ej2.xxZPoK','wXfJlOf29fmrhCLEjlcayWPUE7NaAlq8vtDiG2HfXwW0WUH7InRCvrhbxSW5','2023-10-28 06:28:43','2023-10-28 06:28:43',NULL),(31,'พิมพ์  ศิรารัตน์','0634078834','f','1',NULL,'$2y$10$5881szSxOAA/wvC4SxoWM.1myPlJJ/6XDIraGP2pGWus.DmhS2oG6','mPH2t5c1rImdgbx1Awjtnvo0EMmQ2O0y4ciuIhklGiOxahJRhlDFCztRT9H6','2023-10-28 06:31:41','2023-10-28 06:31:41',NULL),(32,'Kittipong','0831400439','m','1',NULL,'$2y$10$pCxSYSATFeqK7gdioZodue0zmdZ55Csk.TOYTw5msZ2rXkQV.akRC','OSuiyEDXb3oT1LPNgL9KBnh4rQYTjxsDVEsLfA30g7BtkpRHf7jUH7gTWJBx','2023-10-28 06:32:54','2023-10-28 06:32:54',NULL),(33,'Wiml   Darat','0924456541','f','1',NULL,'$2y$10$ImJJV/tLYM7P5.0SYyoPsOZ2ohPXzSfK57qb.vQgpIuRIVY3X7vPe','QVrQcrupJeVLN4IHZYWq2juBgO749W1uH3snCoWxc24mrla0GiALx7AI399T','2023-10-28 06:42:03','2023-10-28 16:33:37',NULL),(34,'มีนา','0812341123','m','1',NULL,'$2y$10$7/dl.L0bDWV4x2m6l3B4keGaSbtf4VOI/ne62Zffcv2UEHBNOhHTy','Uv2EH1BcD28i25tFJfDXA3HNUEsrCM04EvbsTv9X9puTWMJsTqRea1Rwra3J','2023-10-28 07:12:00','2023-10-28 07:12:00',NULL),(35,'fanta','082225258','f','1',NULL,'$2y$10$/Y3yLhSFXONA.RGpDAghXehDz2IC2k6p89lbVnm49eS0kesMdZQVm',NULL,'2023-10-28 16:43:26','2023-10-28 16:57:17',NULL),(36,'fanta','08555666','m','1',NULL,'$2y$10$nf2Dr5uUGc0nSpnU6Is8LubC37DRgy7MCZ1cU83qT0Q9wMwSmtJ4i',NULL,'2023-10-29 03:40:53','2023-10-29 03:49:34',NULL),(37,'วิทย์','0978575743','f','1',NULL,'$2y$10$oO3.1O/oegtxQE1CKFajK.YH.4fVgWTI8.OQtQoz0Je2yLYudp8bu',NULL,'2023-10-29 05:35:09','2023-10-30 06:51:46',NULL),(41,'ครีม','1663646458','f','1',NULL,'$2y$10$8QAh8Y8OKsoBOO329lnjOOOocDGG6ap6QfMuH3UqfdXOruvxWF5F.',NULL,'2023-10-29 05:43:13','2023-10-29 05:43:13',NULL),(42,'IT','070721355','m','1',NULL,'$2y$10$1JN6hufrjdVkryfxnxj5SehTyd5rsVa0hUo3DRmFJyjqulcUX4bdq','zjNXcwRyVyIIcO8yxKwfxAQvLGnP0aKIZYT0aLPdPQGRpWDZp1fk12RbqGUf','2023-10-29 09:56:04','2023-10-29 09:56:04',NULL),(43,'สุภาพร จันหล้า','0655867546','f','1',NULL,'$2y$10$vELVfBHTPAwJjdjKFKug6OPFkuz9w9ClecCqYqLH8Ho24O/sQZOlK','37Mx9QkH3Z3sCrE7ytk9m6bThbhYSlr7ugFTZAdjPVMMHbdyun9LrQNjIa0Z','2023-10-30 08:25:30','2023-10-30 08:25:30',NULL),(44,'นายปิยะวัฒน์ ตรีทิพย์รัตน์','0842035299','m','1',NULL,'$2y$10$i/myIvNMG1mZFpCH5x8n3e3uGBk5r6orVzMJt40ANmD1OObQ26G5a','plwPm7d6VawgjKsWjyi6VF9VtZkOIvn7PKvDUZc0Tn9o4wlbEYCWRXJcAcwd','2023-10-30 10:14:21','2023-11-15 07:24:05',NULL),(45,'พรเทพ แสงแก้ว','0849978361','m','1',NULL,'$2y$10$mzKu6fRAdGLeMJyhkCBAC.KlDWqjH6fIMjGLa4Xg4Dg9DzGiOEvJK','bbOvwHFOGFIrdTBxvARqg8IJZkHAnCtHMDJC0eUpbQlIYsmkDTD5yegEkD4M','2023-10-31 05:30:47','2023-10-31 05:30:47',NULL),(46,'Ton','0863391916','m','1',NULL,'$2y$10$TbXnZIX8v3xDvg2lMdF9GekqmE4ulbT2CbH7Hka630a7Y6ATqGP4S','D0yZjaMLs7RHv5oiShTnLxuyOCC3E1skoafsFWfTCJQf6lz0Z5vHxueA9Jmw','2023-10-31 05:38:08','2023-10-31 05:38:08',NULL),(47,'Pawaret','0906769551','m','0',NULL,'$2y$10$JBBdliR2F.122yC9ZaAUHeR2DXGM6ypxt8XibTQLVWS2Itc2u9xKy','Huh044Aymr5t7DsvdpTxyHk0CnQCLdUcxMsl6ICuEdiE1Vzk0hrxIriDTIDQ','2023-11-03 11:56:18','2023-12-11 14:29:44',NULL),(48,'Phianphitak','0966504066','f','1',NULL,'$2y$10$BqaSS9j1mXebfdNgWGibougHKJTils5eq2ZjvXLr72Tag96yE1Es.','uwski9wKRLm354P62YyjP5G2nBjeKQgWhHuXFmfcLtdSLyFacrA0GgPbbkHU','2023-11-03 13:15:55','2023-11-03 13:25:38',NULL),(49,'เจษฎาภรณ์ ภักดีดร','0833553068','f','1',NULL,'$2y$10$9.D7aqnRv9/Cma3GhkKzBekJNsCiN6RarXPTz5Eav6ZlZfrv6Htqe','3UZKVI1SJycDwmLT2znaxdUHn5njiqhkso2Qyec90nD4Bzeg6w9VRmaQKrz4','2023-11-04 11:52:50','2023-11-04 11:52:50',NULL),(50,'Jaruwan Chun','0871335633','f','1',NULL,'$2y$10$sBWbXGBZRDYneR6SZXglSuRykfNJpBkTkVxGYisjnJX3v15itrQ7e','V4V1Ji9bMjXKYdgxO9weLKc1ajKJHdAsxul2E5IptNWMzBKfI42JtIABmljn','2023-11-05 10:28:44','2023-11-05 10:28:44',NULL),(51,'Siriporn','01044869585','f','1',NULL,'$2y$10$8RIOVYyq2rjx9Q3jLMCHyekbM8gSrpgJlzfXwkuUYKjGWXfR5oTOW','1QXjsXs9vpGiw41H7qDGTcKaPTr2294MbkSWGHLRZqVwqajbWgqxKKdcZUUf','2023-11-05 13:37:43','2023-11-05 13:37:43',NULL),(52,'พิรุณฤทธิ์ คงได้','0849949532','m','1',NULL,'$2y$10$5r/YB2BAJBMA.JRUM0a4FODTNs9X1pv8UsH8IJjg6MkEAD.HYaUue','YreM1rD9zDZQwKDc43JG3YZNynlSl4s4HsTakuvrgpXm1hVgZE9aWAhJECNe','2023-11-09 08:39:33','2023-11-09 08:39:33',NULL),(53,'ชนัญญ์ ฐิติวิชญานันทร์','0885477928','m','1',NULL,'$2y$10$B6oVi5WYsRLft4lrdKSF6egMX5zovbv5lLmLaNMnEQAJj8rW8aymq','oxFfc0otwZPIqbWoGsuSJ1GlvAuXyDJy9X5gRadU5hevwB0oh41Acnrb5ilJ','2023-11-10 14:29:45','2023-11-10 14:29:45',NULL),(54,'กชพรรณ','0897270572','f','1',NULL,'$2y$10$3OsdARnOAPlgg50c9Jx0Wux0IA/N/ss0N5UO1j.F.EXPb0Hz156lG','Xd0A05a8lyNSAR5l2exY5AgTTZSkjyvjQsPdixA38LGGhTPz6j1KsOzbZZAM','2023-11-11 07:33:13','2023-11-11 07:33:13',NULL),(55,'fanta99','0963378999','m','1',NULL,'$2y$10$R2Eh2M71o5NonYs2lUHNvOi4LT9Xc4gSFR1p5efA1sMmhLKNdczHq','XYY6cKuWnzngtJZNUbyn4IvaqGKci7aRfS5moKhVW6YDOv5qpsaYNpGyjHNS','2023-11-12 11:41:57','2023-11-12 11:41:57',NULL),(56,'อัมพิกา พรมตา','0632513137','f','1',NULL,'$2y$10$PwJsw.NN0rKAY4BpahaIqODjUKJnEsrDLUgMcNfSlBm9fQ7WDHZGq','5CLhCFbG9yKOB8qn9XDLVcROm2mWqTFsayYYJQhv0L6AYZI4iMoFQugIEEZc','2023-11-13 14:36:21','2023-11-13 14:36:21',NULL),(57,'ประเทศ จำปาทัศน์','0861557848','m','1',NULL,'$2y$10$P4R/6/iRqaktqOgi5BikJukkMkMHkwLFysTFa5oX/1bHNA8AAzBrW','ePGs6hy5VLANILBGin7ASGBqdkAxfjk1QhF6KYakjPoh2T4IxlDsR1mi20Um','2023-11-17 13:19:04','2023-11-17 13:19:04',NULL),(58,'เอกรินทร์ ศิริชุ่ม','0951165882','m','1',NULL,'$2y$10$67xNg6T4.0qkEuQhNgTJYOrT1H4hIJ7vm9Sm3tBwzIPxqYpUZEMOe','JsLY6VkL1kXq3OjfwwIMUPevnR7mpccpwZsKOvofFeuBVu0BEoeBqhicNqNR','2023-11-19 07:04:03','2023-11-19 07:04:03',NULL),(59,'IT','11112222','m','0',NULL,'$2y$10$eM1ZKlU0iMQqe8qJWqmiN.Wfm..43eGx2/TkqD1EHjCWshHKt4I5i','MHN4s9pNeeH89I67QHaUa3KjoZuG9azRScduQTCMyC3MSnROBw3qiSCKFHNL','2023-11-20 17:55:39','2023-12-02 10:50:17',NULL),(60,'หนึ่งฤทัย','0636146528','f','1',NULL,'$2y$10$tHNilAzLOkT75y2i8GzOx.8.BKe.efeKHsdduHP9mh8wYhvcKZazS','B2VTzDqIjKyyKoh3dNbUkWengXUTOWXJOf4T8zjsh8ofJ2RLA9kI9z2bICNV','2023-11-26 07:54:14','2023-11-26 07:54:14',NULL),(61,'ภานุพงษ์','0899974500','f','1',NULL,'$2y$10$mU/VhiFjJuFwvJqlli5p7.WN2zEHjGGtEGxc.m8VfjArH3WOLKYmK','LogYNAUyOwUSyikrEiQwffQEaKGBWlzGGXKMHCkN0IXWYYtVzgPgs118FxI6','2023-11-30 09:57:00','2023-12-10 05:52:58',NULL),(62,'สุพรรษา','0966504555','f','1',NULL,'$2y$10$6dU8pc.5Do7NwB4wSwCH1eleAJ3i//2Vwqj.qebTnt1ebB.3AO9FC',NULL,'2023-11-30 10:03:55','2023-11-30 10:03:55',NULL),(63,'พิมพ์ศิริรัตน์','0699585444','m','1',NULL,'$2y$10$UWEfJCqTQIyOuEoC2aGwduJd6S8Z/m1WSQyMHi1BDEhebuwud14yC','VezgZFtz8oPQsUDlHRL6aJxYSFPKdS8R1yVYmkRqdLq6nosVYEzArQiHSklk','2023-11-30 10:12:17','2023-11-30 10:12:17',NULL),(64,'พิมศิริรัตน์','0977238120','f','1',NULL,'$2y$10$WkAyqOUiwDopU/ZImnb1g.V/HybSJXS0VwLPaSlE9OPwx6xnh.zwy','OD4Pkl5k6Wapcm5Wt4pHLdqnS2S8E079CpGbgEiX6rYUPcY3KRiTJX6Y8tcY','2023-12-01 07:00:43','2023-12-01 07:00:43',NULL),(65,'นายอรรณพ  ศรีใส','091379440','m','0',NULL,'$2y$10$7RpcHvUBX4kmDhKWAD4.LuBwsEGv/wMNDtWme0OQQxL/uhSAiMi3C','NMKRCftJoXexOiW4IotlCcL4xs0ZrlC3LT0svuNNO3BfQj4tUFoQkgH4K1Ao','2023-12-01 14:29:16','2023-12-10 08:13:45',NULL),(66,'พิมพ์ 2','0999333999','m','1',NULL,'$2y$10$.DD3jhKX/CH/uKOQmq3yM.D/fj6W4/1wMJq4w6hwqLC.obnh9V0TK','Fik9f5flJWZLrC1LUxi7Exw5ip9qTHnNTV3Iok0pfjtSyJPiNJwmIJClMdOs','2023-12-04 04:58:12','2023-12-04 04:58:12',NULL),(67,'คณาธิป','999999999','f','1',NULL,'$2y$10$.nTK154ES/1FH3lmLpJWh.vJo1b3THXWGwuA3rcNyKcEkOHe3fB5W','eTwW8UwlLBDGKuB8VpsJIo6gQBQXXE5xQh9ctte5t6Ybuwo35XwpjOJuWDLg','2023-12-04 14:03:18','2023-12-04 14:03:57',NULL),(68,'Sen','0952537174','m','1',NULL,'$2y$10$JlGYyfOD9fdKXt2jBZ8lqeM/.NgzGZY.koanJl5wyMr/IlgV0AJm2','KiPOVwCGKwtSVdmX3tMKBrMznuQCZA7VUu1ZczJY1z4O0uh2ef0M1LkE5DFm','2023-12-06 13:34:52','2023-12-07 12:12:55',NULL),(69,'ME SS','0836973250','f','1',NULL,'$2y$10$/GzpIbwFDRSOfAeYgTS7xuIYY.wcFNLU2BkNmw6CxQcnfUxTvpX6C','VznMdtEnJeFIQPrVBuaOv34ApvK5IGyYF8DIjhu7Zt2mh2H8HeZn5nAZBzmG','2023-12-06 13:53:09','2023-12-06 14:38:11',NULL),(70,'พรพิมล','0618039379','f','1',NULL,'$2y$10$SYWUz5f11Hl0b0bnPj6PGuku2/mpRNBgKU8K0wANNQ9NeswHdUuZm','sDiw2boMyi4OzTzXuTrTSM7K0wmGWj7CWVY7LPKZAWmtYdtTiH6QtWoCF4Po','2023-12-08 08:06:19','2023-12-08 08:06:19',NULL),(71,'ธเนศ  ลูกน้ำเพชร','0628409175','m','1',NULL,'$2y$10$JmKb3D7tP89tJEfj9p87lu6qIL2ySs1Qnx5w.6NbOYVuF1uTIPZlW','QoEDWkiaTknolYICuaG8Eiy0o7YShqFIaj9DVm1GgXvDAN2EFHkfVgpgZorC','2023-12-17 17:17:34','2023-12-17 17:17:34',NULL),(72,'เบลลล','0999777888','f','1',NULL,'$2y$10$2NbafBCaqQUprMBwUEXOXuD0lH689T9crglLhIirC7sa1DF.97h1S','QwfCMEXDiXIkoUxAkanQxQMdEGpa0ebaNScx9nESDsjKQz08ZjEcZlfDN40P','2023-12-19 12:43:49','2023-12-19 12:43:49',NULL),(73,'มา\'วิน','0892546122','m','1',NULL,'$2y$10$16MPmVjy7gTeSE3pHm4WhORlhnWw4jUqm266UCaBsCuDb4aEABSEy','5AXWc7Pfjwm6Sx0s0guKS2oBpOLRpt81qjpzNjgNPilh2s8ik3bTq7pp8Af6','2023-12-21 12:07:17','2023-12-21 13:00:59',NULL),(74,'นิรมล วงศ์ลังการ์','0882612355','f','1',NULL,'$2y$10$X6HAsdI4jxxjlHYvgGpgr.9fTtVIo2cNPP3YlGs2tjgQRVmCrTS3y','BGNcdElXWSDPSBeQpfdRzsPgomop7jCz8YlbB8u7VPrde9X81ogcTGTPMQ3F','2023-12-21 12:15:14','2023-12-21 12:15:14',NULL),(75,'อมลรดา แก้วชนะ','0816108725','f','1',NULL,'$2y$10$/Te3xJ7HnoG0jTuGm2A.7.hvhJ19DfNyx1qrI9Onklf3dpH/.bVee','ka0TSnV1eEZyhg20JDGxxPsDspXHv1Avu0Evp5xSsx8QvMQUPFB5idXeRe1g','2023-12-21 13:08:19','2023-12-21 13:08:19',NULL),(76,'คณาธิป','0986542543','f','1',NULL,'$2y$10$F68zn3H.NsS1XBQWpbUJOOrv8b9QlANodZjHJsJy2d66Iaf1h9N4.','6VAgXNom4FLJkMdApcfliAr7o7igqTdrYgotlxNqzjw5W4NdmEGdlY9s97gV','2023-12-22 13:04:08','2023-12-23 05:56:05',NULL),(77,'เรณุวัตร ทองอํ่า','0937400459','m','1',NULL,'$2y$10$Y0dQwxjSsyUelnR3jjL78OI7YFMAZzOgQ1sQQEDIYlsJjn.qItcz6','5LOY3w1QhnC19FXuTzPRuu9gcGEoWDBulpw0b2qvWvgggwzNrGtwItlv85Og','2023-12-23 06:05:48','2023-12-23 06:05:48',NULL);


