--
-- Host: localhost    Database: finansia
-- ------------------------------------------------------


--
-- Table structure for table `banks`
--

CREATE TABLE `banks` (
  `id` bigint unsigned NOT NULL AUTO_INCREMENT,
  `name` varchar(255) CHARACTER SET utf8mb4 COLLATE utf8mb4_unicode_ci NOT NULL,
  `logo` varchar(255) CHARACTER SET utf8mb4 COLLATE utf8mb4_unicode_ci DEFAULT NULL,
  `order` int DEFAULT NULL,
  `note` text CHARACTER SET utf8mb4 COLLATE utf8mb4_unicode_ci,
  `is_active` tinyint(1) NOT NULL DEFAULT '1',
  `user_id` bigint unsigned DEFAULT NULL,
  `deleted_at` timestamp NULL DEFAULT NULL,
  `created_at` timestamp NULL DEFAULT NULL,
  `updated_at` timestamp NULL DEFAULT NULL,
  PRIMARY KEY (`id`)
) ENGINE=InnoDB AUTO_INCREMENT=21 DEFAULT CHARSET=utf8mb4 COLLATE=utf8mb4_unicode_ci;

--
-- Dumping data for table `banks`
--

INSERT INTO `banks` VALUES (1,'ไทยพาณิชย์ (SCB)','',0,NULL,1,2,NULL,'2023-09-04 15:28:43','2023-09-08 04:31:58'),(2,'กรุงไทย(KTB)','',0,NULL,1,2,NULL,'2023-09-04 15:28:46','2023-09-08 04:28:02'),(3,'กสิกรไทย (Kbank)','',0,NULL,1,2,NULL,'2023-09-04 15:28:50','2023-09-08 04:27:34'),(4,'กรุงเทพ (BBL)','',0,NULL,1,2,NULL,'2023-09-08 04:34:06','2023-09-08 04:34:06'),(5,'ทหารไทยธนชาติ (TTB)','',0,NULL,1,2,NULL,'2023-09-08 04:34:46','2023-09-08 04:39:03'),(6,'ออมสิน (GSB)','',0,NULL,1,2,NULL,'2023-09-08 04:35:11','2023-09-08 04:35:11'),(7,'กรุงศรีอยุธยา (BAY)','',0,NULL,1,2,NULL,'2023-09-08 04:36:13','2023-09-08 04:36:13'),(8,'ซีไอเอ็มบี (CIMB)','',0,NULL,1,2,NULL,'2023-09-08 04:36:46','2023-09-08 04:40:37'),(9,'เพื่อการเกษตรและสหกรณ์การเกษตร (BAAC)','',0,NULL,1,2,NULL,'2023-09-08 04:37:22','2023-09-08 04:40:28'),(10,'ซิตี้แบงค์ (CITI)','',0,NULL,1,2,NULL,'2023-09-08 04:38:04','2023-09-08 04:40:13'),(11,'อาคารสงเคราะห์ (GHB)','',0,NULL,1,2,NULL,'2023-09-08 04:38:43','2023-09-08 04:39:12'),(12,'เกียรตินาคิน (KK)','',0,NULL,1,2,NULL,'2023-09-08 04:41:38','2023-09-08 04:41:38'),(13,'แลนด์ แอนด์ เฮ้าส์ (LHBANK)','',0,NULL,1,2,NULL,'2023-09-08 04:42:07','2023-09-08 04:42:07'),(14,'ทรูมันนี่วอเลต (truemoney Wallet)','',0,NULL,1,2,NULL,'2023-09-08 04:42:35','2023-09-08 04:45:15'),(15,'ยูโอบี (UOB)','',0,NULL,1,2,NULL,'2023-09-08 04:45:59','2023-09-08 04:45:59'),(16,'สแตนดาร์ดชาร์เตอร์ด (SCBT)','',0,NULL,1,2,NULL,'2023-09-08 04:46:44','2023-09-08 04:46:44'),(17,'อิสลามแห่งประเทศไทย (ISBT)','',0,NULL,1,2,NULL,'2023-09-08 04:47:40','2023-09-08 04:47:40'),(18,'ไทยเครดิต เพื่อรายย่อย (TCR)','',0,NULL,1,2,NULL,'2023-09-08 04:48:26','2023-09-08 04:48:26'),(19,'ทิสโก้ (TISCO)','',0,NULL,1,2,NULL,'2023-09-08 04:49:28','2023-09-08 04:49:28'),(20,'พัฒนาวิสาหกิจขนาดกลางและขนาดย่อมแห่งประเทศไทย (SME)','',0,NULL,1,2,NULL,'2023-09-08 04:50:24','2023-09-08 04:50:24');

--
-- Table structure for table `buy_sells`
--

CREATE TABLE `buy_sells` (
  `id` bigint unsigned NOT NULL AUTO_INCREMENT,
  `direction` varchar(255) CHARACTER SET utf8mb4 COLLATE utf8mb4_unicode_ci NOT NULL,
  `amount` double(15,6) NOT NULL DEFAULT '0.000000',
  `commission` double(15,6) NOT NULL DEFAULT '0.000000',
  `opening_point` double(15,6) NOT NULL DEFAULT '0.000000',
  `closing_point` double(15,6) NOT NULL DEFAULT '0.000000',
  `seconds` int NOT NULL DEFAULT '60',
  `status` int NOT NULL DEFAULT '0',
  `product_id` bigint unsigned DEFAULT NULL,
  `member_id` bigint unsigned DEFAULT NULL,
  `deleted_at` timestamp NULL DEFAULT NULL,
  `created_at` timestamp NULL DEFAULT NULL,
  `updated_at` timestamp NULL DEFAULT NULL,
  `profit` double(15,6) NOT NULL DEFAULT '0.000000',
  PRIMARY KEY (`id`)
) ENGINE=InnoDB AUTO_INCREMENT=372 DEFAULT CHARSET=utf8mb4 COLLATE=utf8mb4_unicode_ci;

--
-- Dumping data for table `buy_sells`
--

INSERT INTO `buy_sells` VALUES (60,'up',2500.000000,2750.000000,34.500935,0.000000,60,1,2,24,'2023-10-28 09:29:53','2023-10-28 06:41:58','2023-10-28 09:29:53',3520.000000),(61,'up',10000.000000,12300.000000,0.000000,0.000000,60,2,2,24,NULL,'2023-10-28 09:28:53','2023-10-28 09:29:16',0.000000),(62,'up',10000.000000,12300.000000,0.000000,0.000000,60,2,2,24,NULL,'2023-10-28 09:29:41','2023-10-28 09:30:04',0.000000),(63,'up',10000.000000,12300.000000,2588.250000,0.000000,60,1,2,24,NULL,'2023-10-28 09:36:02','2023-10-28 09:36:26',12300.000000),(64,'up',20000.000000,22000.000000,5105.096344,0.000000,60,1,1,32,NULL,'2023-10-28 16:47:13','2023-10-28 16:49:27',25000.000000),(65,'down',20000.000000,22000.000000,20000.000000,25000.000000,60,1,1,32,NULL,'2023-10-28 16:50:31','2023-10-28 16:51:55',40000.000000),(66,'down',30000.000000,33000.000000,25000.000000,0.000000,60,2,1,32,NULL,'2023-10-28 17:01:41','2023-10-28 17:02:21',0.000000),(67,'up',2000.000000,2200.000000,0.000001,0.000001,60,2,1,33,NULL,'2023-10-29 05:43:04','2023-10-29 05:44:51',0.000001),(68,'up',1000.000000,1100.000000,0.000001,0.000000,60,1,1,33,NULL,'2023-10-29 06:02:43','2023-10-29 06:15:11',3000.000000),(69,'up',1000.000000,1100.000000,2588.250000,0.000000,60,1,1,34,NULL,'2023-10-29 06:10:24','2023-10-29 06:12:39',1100.000000),(70,'down',2000.000000,2200.000000,0.000000,0.000000,60,2,1,34,NULL,'2023-10-29 06:14:43','2023-10-29 06:15:41',1000.000000),(71,'down',2000.000000,2200.000000,0.000000,0.000000,60,1,1,33,NULL,'2023-10-29 06:16:45','2023-10-29 06:17:19',2200.000000),(72,'down',1000.000000,1100.000000,0.000000,0.000000,60,1,1,33,NULL,'2023-10-29 06:18:20','2023-10-29 06:19:02',2000.000000),(73,'up',2000.000000,2000.000000,0.000000,0.000000,60,2,1,33,NULL,'2023-10-29 06:20:05','2023-10-29 06:22:42',2000.000000),(74,'up',2000.000000,2200.000000,0.000000,0.000000,60,2,1,33,NULL,'2023-10-29 06:22:12','2023-10-29 06:23:48',2000.000000),(75,'up',1000.000000,1100.000000,0.000000,0.000000,60,1,1,34,NULL,'2023-10-29 06:23:22','2023-10-29 06:24:06',1500.000000),(76,'up',1000.000000,1100.000000,0.000000,0.000000,60,1,1,34,NULL,'2023-10-29 06:24:54','2023-10-29 06:25:08',2000.000000),(77,'up',5000.000000,5500.000000,0.000000,0.000000,60,1,1,33,NULL,'2023-10-29 06:24:57','2023-10-29 06:26:02',11000.000000),(78,'up',1000.000000,1300.000000,100218.850314,0.000000,60,1,2,34,NULL,'2023-10-29 06:27:17','2023-10-29 06:27:44',1800.000000),(79,'up',1000.000000,1100.000000,0.000000,0.000000,60,1,1,34,NULL,'2023-10-29 06:30:35','2023-10-29 06:31:03',1300.000000),(80,'down',1000.000000,1300.000000,2500.000000,2600.000000,60,1,2,34,NULL,'2023-10-29 06:45:41','2023-10-29 06:46:34',1300.000000),(81,'down',5000.000000,5500.000000,6218.850314,0.000000,60,1,3,34,NULL,'2023-10-29 06:48:00','2023-10-29 06:48:50',52000.000000),(82,'down',1000.000000,1100.000000,31669.240815,0.000000,60,2,4,34,NULL,'2023-10-29 06:51:23','2023-10-29 06:51:48',0.000000),(83,'down',1000.000000,1100.000000,0.000000,0.000000,60,2,4,34,NULL,'2023-10-29 06:54:17','2023-10-29 06:54:43',0.000000),(84,'down',1000.000000,1300.000000,2600.000000,0.000000,60,2,2,34,NULL,'2023-10-29 06:55:15','2023-10-29 06:55:43',0.000000),(85,'up',1000.000000,1100.000000,0.000000,0.000000,60,1,1,34,NULL,'2023-10-29 06:56:05','2023-10-29 06:56:21',2000.000000),(86,'up',2000.000000,2200.000000,0.000000,0.000000,60,2,1,34,NULL,'2023-10-29 06:57:06','2023-10-29 06:57:21',2000.000000),(87,'down',2000.000000,2200.000000,0.000000,0.000000,60,1,1,34,NULL,'2023-10-29 06:58:11','2023-10-29 06:58:24',4000.000000),(88,'down',5000.000000,5500.000000,0.000000,0.000000,60,1,1,34,NULL,'2023-10-29 07:01:58','2023-10-29 07:02:16',10000.000000),(89,'down',5000.000000,15000.000000,0.000000,0.000000,60,1,1,34,'2023-10-29 07:18:00','2023-10-29 07:03:14','2023-10-29 07:18:00',10000.000000),(90,'down',2000.000000,500.000000,0.000000,0.000000,60,1,1,34,'2023-10-29 07:17:54','2023-10-29 07:08:32','2023-10-29 07:17:54',2500.000000),(91,'down',1000.000000,500.000000,0.000000,0.000000,60,1,1,34,NULL,'2023-10-29 07:10:39','2023-10-29 07:11:14',1500.000000),(92,'up',10000.000000,11000.000000,0.000000,0.000000,60,0,1,34,'2023-10-29 07:17:44','2023-10-29 07:13:34','2023-10-29 07:17:44',0.000000),(93,'up',10000.000000,11000.000000,0.000000,0.000000,60,2,1,34,NULL,'2023-10-29 07:13:35','2023-10-29 07:18:16',0.000000),(94,'up',10000.000000,11000.000000,0.000000,0.000000,60,0,1,34,'2023-10-29 07:18:27','2023-10-29 07:13:36','2023-10-29 07:18:27',0.000000),(95,'up',10000.000000,11000.000000,0.000000,0.000000,60,0,1,34,'2023-10-29 07:18:32','2023-10-29 07:13:36','2023-10-29 07:18:32',0.000000),(96,'up',10000.000000,11000.000000,0.000000,0.000000,60,0,1,34,'2023-10-29 07:18:37','2023-10-29 07:13:37','2023-10-29 07:18:37',0.000000),(97,'up',10000.000000,11000.000000,0.000000,0.000000,60,0,1,34,'2023-10-29 07:18:42','2023-10-29 07:13:37','2023-10-29 07:18:42',0.000000),(98,'up',10000.000000,11000.000000,0.000000,0.000000,60,0,1,34,'2023-10-29 07:18:48','2023-10-29 07:13:37','2023-10-29 07:18:48',0.000000),(99,'up',5000.000000,5500.000000,0.000000,0.000000,60,0,1,34,'2023-10-29 07:18:53','2023-10-29 07:13:44','2023-10-29 07:18:53',0.000000),(100,'up',2000.000000,2200.000000,0.000000,0.000000,60,0,1,34,'2023-10-29 07:19:01','2023-10-29 07:13:46','2023-10-29 07:19:01',0.000000),(101,'up',5000.000000,5500.000000,0.000000,0.000000,60,2,1,34,NULL,'2023-10-29 07:16:03','2023-10-29 07:19:08',0.000000),(102,'up',10000.000000,11000.000000,0.000000,0.000000,60,0,1,34,'2023-10-29 07:19:14','2023-10-29 07:16:03','2023-10-29 07:19:14',0.000000),(103,'up',10000.000000,11000.000000,0.000000,0.000000,60,0,1,34,'2023-10-29 07:19:19','2023-10-29 07:16:04','2023-10-29 07:19:19',0.000000),(104,'up',10000.000000,11000.000000,0.000000,0.000000,60,0,1,34,'2023-10-29 07:19:24','2023-10-29 07:16:06','2023-10-29 07:19:24',0.000000),(105,'up',10000.000000,11000.000000,0.000000,0.000000,60,0,1,34,'2023-10-29 07:19:28','2023-10-29 07:16:06','2023-10-29 07:19:28',0.000000),(106,'up',2000.000000,2200.000000,0.000000,0.000000,60,0,1,34,'2023-10-29 07:19:32','2023-10-29 07:16:07','2023-10-29 07:19:32',0.000000),(107,'up',10000.000000,11000.000000,0.000000,0.000000,60,0,1,34,'2023-10-29 07:19:35','2023-10-29 07:16:07','2023-10-29 07:19:35',0.000000),(108,'up',10000.000000,11000.000000,0.000000,0.000000,60,0,1,34,'2023-10-29 07:19:39','2023-10-29 07:16:09','2023-10-29 07:19:39',0.000000),(109,'up',10000.000000,11000.000000,0.000000,0.000000,60,0,1,34,'2023-10-29 07:19:45','2023-10-29 07:16:09','2023-10-29 07:19:45',0.000000),(110,'down',10000.000000,11000.000000,0.000000,0.000000,60,1,1,34,NULL,'2023-10-29 07:17:18','2023-10-29 07:20:33',21000.000000),(111,'up',282300.000000,366990.000000,235841.000000,0.000000,60,1,2,24,NULL,'2023-10-30 04:29:31','2023-10-30 04:30:03',366990.000000),(112,'up',366990.000000,477087.000000,253.000000,0.000000,60,1,1,24,NULL,'2023-10-30 04:31:47','2023-10-30 04:32:10',477087.000000),(113,'up',477087.000000,524795.700000,3.860253,0.000000,60,1,14,24,NULL,'2023-10-30 04:34:23','2023-10-30 04:34:53',524795.700000),(114,'up',1000.000000,1300.000000,2534.000000,2560.000000,60,2,2,34,'2023-10-30 05:26:54','2023-10-30 05:15:04','2023-10-30 05:26:54',300.000000),(115,'up',1000.000000,1300.000000,270.000000,260.000000,60,1,1,34,'2023-10-30 10:43:02','2023-10-30 05:38:48','2023-10-30 10:43:02',1300.000000),(116,'up',10000.000000,13000.000000,260.000000,0.000000,60,1,1,23,NULL,'2023-10-30 05:48:02','2023-10-30 05:49:02',13000.000000),(117,'up',10000.000000,13000.000000,260.000000,0.000000,60,1,1,23,'2023-10-30 10:42:57','2023-10-30 05:48:07','2023-10-30 10:42:57',13000.000000),(118,'up',1000.000000,1300.000000,2502.000000,2503.000000,60,2,2,33,'2023-10-30 10:42:52','2023-10-30 06:42:02','2023-10-30 10:42:52',1000.000000),(119,'up',100.000000,130.000000,2503.000000,0.000000,60,1,2,29,NULL,'2023-10-30 08:08:04','2023-10-30 08:08:47',280.000000),(120,'up',30000.000000,35400.000000,2500.000000,0.000000,60,2,2,24,NULL,'2023-10-30 10:51:02','2023-10-30 10:51:22',5400.000000),(121,'up',2000.000000,2360.000000,2500.000000,0.000000,60,2,2,36,NULL,'2023-10-30 10:51:20','2023-10-30 10:51:43',360.000000),(122,'up',50000.000000,61000.000000,2500.000000,0.000000,60,1,2,24,NULL,'2023-10-31 06:09:24','2023-10-31 06:09:49',61000.000000),(123,'up',3000.000000,3660.000000,2500.000000,0.000000,60,1,2,36,NULL,'2023-10-31 06:09:51','2023-10-31 06:10:03',3660.000000),(124,'up',555.000000,677.100000,2500.000000,0.000000,60,1,2,24,NULL,'2023-10-31 11:28:44','2023-10-31 11:29:49',677.100000),(125,'up',1000.000000,1220.000000,2500.000000,0.000000,60,2,2,24,NULL,'2023-10-31 11:30:16','2023-11-03 15:20:31',0.000000),(126,'up',3000.000000,3660.000000,2500.000000,0.000000,60,1,2,26,NULL,'2023-11-01 12:31:20','2023-11-01 12:31:34',3660.000000),(127,'up',50000.000000,61000.000000,2500.000000,0.000000,60,1,2,24,NULL,'2023-11-01 13:41:16','2023-11-01 13:42:05',61000.000000),(128,'up',14000.000000,16660.000000,2550.000000,0.000000,60,1,2,41,NULL,'2023-11-03 14:05:43','2023-11-03 14:06:17',16660.000000),(129,'up',2000.000000,2380.000000,2550.000000,0.000000,60,1,2,40,NULL,'2023-11-03 14:05:45','2023-11-03 14:06:07',2380.000000),(130,'up',3000.000000,3630.000000,2754.000000,0.000000,60,1,2,40,NULL,'2023-11-04 04:50:28','2023-11-04 04:50:48',3630.000000),(131,'up',20000.000000,24200.000000,2754.000000,0.000000,60,1,2,41,NULL,'2023-11-04 04:50:30','2023-11-04 04:50:58',24200.000000),(132,'up',4000.000000,4400.000000,70.751123,0.000000,60,1,12,40,NULL,'2023-11-04 08:14:06','2023-11-04 08:14:55',4400.000000),(133,'up',20000.000000,22000.000000,70.751123,0.000000,60,1,12,25,NULL,'2023-11-04 08:14:21','2023-11-04 08:15:16',22000.000000),(134,'up',50000.000000,55000.000000,70.751123,0.000000,60,1,12,41,NULL,'2023-11-04 08:14:28','2023-11-04 08:15:02',55000.000000),(135,'up',50000.000000,55000.000000,70.751123,0.000000,60,1,12,29,NULL,'2023-11-04 08:14:43','2023-11-04 08:15:24',55000.000000),(136,'up',71000.000000,78100.000000,70.751123,0.000000,60,1,12,24,NULL,'2023-11-04 08:14:43','2023-11-04 08:15:35',78100.000000),(137,'up',50000.000000,55000.000000,70.751123,0.000000,120,1,12,37,NULL,'2023-11-04 08:14:45','2023-11-04 08:15:41',55000.000000),(138,'up',126000.000000,138600.000000,70.751123,0.000000,60,1,12,23,NULL,'2023-11-04 08:15:19','2023-11-04 08:15:48',138600.000000),(139,'up',50000.000000,60000.000000,2754.000000,0.000000,60,0,2,37,NULL,'2023-11-04 14:37:07','2023-11-04 14:37:07',0.000000),(140,'up',50000.000000,59000.000000,2754.000000,0.000000,60,1,2,24,NULL,'2023-11-05 04:27:54','2023-11-05 04:30:34',59000.000000),(141,'up',2000.000000,2360.000000,2754.000000,0.000000,60,1,2,42,NULL,'2023-11-05 04:28:14','2023-11-05 04:30:42',2360.000000),(142,'up',55000.000000,67650.000000,2754.000000,0.000000,60,1,2,41,NULL,'2023-11-05 06:38:49','2023-11-05 06:39:22',67650.000000),(143,'up',55000.000000,67650.000000,2754.000000,0.000000,60,1,2,29,NULL,'2023-11-05 06:38:56','2023-11-05 06:39:37',67650.000000),(144,'up',4400.000000,5412.000000,2754.000000,0.000000,60,1,2,40,NULL,'2023-11-05 06:38:58','2023-11-05 06:39:49',5412.000000),(145,'up',138600.000000,170478.000000,2754.000000,0.000000,60,1,2,23,NULL,'2023-11-05 06:39:12','2023-11-05 06:39:59',170478.000000),(146,'up',22000.000000,27060.000000,2754.000000,0.000000,60,1,2,25,NULL,'2023-11-05 06:39:19','2023-11-05 06:40:08',27060.000000),(147,'up',5000.000000,6150.000000,2754.000000,0.000000,60,1,2,37,NULL,'2023-11-05 06:39:20','2023-11-05 06:40:15',6150.000000),(148,'up',78100.000000,96063.000000,0.000000,0.000000,60,1,2,24,NULL,'2023-11-05 06:39:35','2023-11-05 06:40:23',96063.000000),(149,'up',5000.000000,6050.000000,3547.000000,0.000000,60,1,2,42,NULL,'2023-11-05 09:11:52','2023-11-05 09:12:13',6050.000000),(150,'up',70000.000000,84700.000000,3547.000000,0.000000,60,1,2,24,NULL,'2023-11-05 09:11:53','2023-11-05 09:12:20',84700.000000),(151,'up',20000.000000,24200.000000,3547.000000,0.000000,60,1,2,25,NULL,'2023-11-05 12:30:34','2023-11-05 12:30:48',24200.000000),(152,'up',30000.000000,36300.000000,3547.000000,0.000000,60,1,2,28,NULL,'2023-11-05 12:30:43','2023-11-05 12:31:06',36300.000000),(153,'up',100000.000000,121000.000000,3547.000000,0.000000,60,1,2,37,NULL,'2023-11-05 12:30:46','2023-11-05 12:31:13',121000.000000),(154,'up',100000.000000,121000.000000,3547.000000,0.000000,60,1,2,24,NULL,'2023-11-05 12:31:09','2023-11-05 12:31:22',121000.000000),(155,'up',15000.000000,18150.000000,3547.000000,0.000000,60,1,2,26,NULL,'2023-11-05 12:31:11','2023-11-05 12:31:28',18150.000000),(156,'up',7000.000000,8470.000000,0.000000,0.000000,60,1,2,42,NULL,'2023-11-05 12:31:32','2023-11-05 12:31:48',8470.000000),(157,'up',50000.000000,60500.000000,0.000000,0.000000,60,1,2,29,NULL,'2023-11-05 12:31:49','2023-11-05 12:31:57',60500.000000),(158,'up',121000.000000,151250.000000,3547.000000,0.000000,60,1,2,37,NULL,'2023-11-06 04:39:25','2023-11-06 04:40:38',151250.000000),(159,'up',78150.000000,97687.500000,3547.000000,0.000000,60,2,2,29,NULL,'2023-11-06 04:39:26','2023-11-06 05:06:09',0.000000),(160,'up',18150.000000,22687.500000,3547.000000,0.000000,60,1,2,26,NULL,'2023-11-06 04:39:37','2023-11-06 05:05:22',22687.500000),(161,'up',8470.000000,10587.500000,3547.000000,0.000000,60,1,2,42,NULL,'2023-11-06 04:40:00','2023-11-06 05:05:07',10587.500000),(162,'up',24200.000000,30250.000000,3547.000000,0.000000,60,1,2,25,NULL,'2023-11-06 04:40:03','2023-11-06 05:04:47',30250.000000),(163,'up',36300.000000,45375.000000,3547.000000,0.000000,60,1,2,28,NULL,'2023-11-06 04:40:09','2023-11-06 05:04:32',45375.000000),(164,'up',36300.000000,45375.000000,3547.000000,0.000000,60,1,2,28,NULL,'2023-11-06 04:40:12','2023-11-06 05:04:06',45375.000000),(165,'up',121000.000000,151250.000000,3547.000000,0.000000,60,1,2,24,NULL,'2023-11-06 04:40:13','2023-11-06 05:03:50',151250.000000),(166,'up',40000.000000,64400.000000,3584.000000,0.000000,60,1,2,26,NULL,'2023-11-06 12:51:38','2023-11-06 14:01:19',64400.000000),(167,'up',100000.000000,161000.000000,3584.000000,0.000000,60,1,2,29,NULL,'2023-11-06 12:51:38','2023-11-06 14:01:27',161000.000000),(168,'up',300000.000000,483000.000000,3584.000000,0.000000,60,1,2,24,NULL,'2023-11-06 12:51:53','2023-11-06 14:01:35',483000.000000),(169,'up',10000.000000,16100.000000,3584.000000,0.000000,60,1,2,42,NULL,'2023-11-06 12:52:07','2023-11-06 14:01:41',16100.000000),(170,'up',50000.000000,80500.000000,3584.000000,0.000000,60,1,2,25,NULL,'2023-11-06 12:52:08','2023-11-06 14:01:49',80500.000000),(171,'up',10000.000000,16100.000000,3584.000000,0.000000,60,1,2,42,NULL,'2023-11-06 12:52:09','2023-11-06 14:01:55',16100.000000),(172,'up',500000.000000,805000.000000,3584.000000,0.000000,60,1,2,37,NULL,'2023-11-06 12:52:13','2023-11-06 14:02:02',805000.000000),(173,'up',805000.000000,1296050.000000,3584.000000,0.000000,60,1,2,37,NULL,'2023-11-06 14:41:56','2023-11-06 14:42:06',1296050.000000),(174,'up',483000.000000,777630.000000,3584.000000,0.000000,60,1,2,24,NULL,'2023-11-06 14:42:03','2023-11-06 14:42:16',777630.000000),(175,'up',161000.000000,259210.000000,3584.000000,0.000000,60,1,2,29,NULL,'2023-11-06 14:42:16','2023-11-06 14:42:24',259210.000000),(176,'up',80500.000000,129605.000000,0.000000,0.000000,60,1,2,25,NULL,'2023-11-06 14:42:17','2023-11-06 14:42:33',129605.000000),(177,'up',50000.000000,80500.000000,0.000000,0.000000,120,1,2,28,NULL,'2023-11-06 14:42:19','2023-11-06 14:42:43',80500.000000),(178,'up',64400.000000,103684.000000,0.000000,0.000000,60,1,2,26,NULL,'2023-11-06 14:42:24','2023-11-06 14:43:19',103684.000000),(179,'up',5000.000000,8050.000000,0.000000,0.000000,60,1,2,41,NULL,'2023-11-06 14:43:07','2023-11-06 14:43:27',8050.000000),(180,'up',777630.000000,1251984.300000,0.000000,0.000000,60,1,2,24,NULL,'2023-11-06 14:48:42','2023-11-06 14:49:31',1251984.300000),(181,'up',80500.000000,129605.000000,3584.000000,0.000000,60,1,2,28,NULL,'2023-11-06 14:48:43','2023-11-06 14:49:37',129605.000000),(182,'up',20000.000000,32200.000000,0.000000,0.000000,60,1,2,41,NULL,'2023-11-06 14:48:50','2023-11-06 14:49:43',32200.000000),(183,'up',1296050.000000,2086640.500000,3584.000000,0.000000,60,1,2,37,NULL,'2023-11-06 14:48:58','2023-11-06 14:49:51',2086640.500000),(184,'up',259210.000000,417328.100000,3584.000000,0.000000,60,1,2,29,NULL,'2023-11-06 14:49:05','2023-11-06 14:49:57',417328.100000),(185,'up',20000.000000,32200.000000,3584.000000,0.000000,60,1,2,41,NULL,'2023-11-06 14:49:12','2023-11-06 14:50:03',32200.000000),(186,'up',129605.000000,208664.050000,3584.000000,0.000000,60,1,2,25,NULL,'2023-11-06 14:49:12','2023-11-06 14:50:16',208664.050000),(187,'up',103684.000000,166931.240000,3584.000000,0.000000,60,1,2,26,NULL,'2023-11-06 14:49:12','2023-11-06 14:50:22',166931.240000),(188,'up',417328.000000,671898.080000,0.000000,0.000000,60,1,2,29,NULL,'2023-11-07 04:06:57','2023-11-07 04:07:25',671898.080000),(189,'up',1251985.000000,2015695.850000,0.000000,0.000000,60,1,2,24,NULL,'2023-11-07 04:07:08','2023-11-07 04:07:33',2015695.850000),(190,'up',866666.000000,1395332.260000,0.000000,0.000000,60,1,2,37,NULL,'2023-11-07 04:07:15','2023-11-07 04:07:40',1395332.260000),(191,'up',129605.000000,208664.050000,0.000000,0.000000,60,1,2,28,NULL,'2023-11-07 04:07:20','2023-11-07 04:07:46',208664.050000),(192,'up',166931.000000,268758.910000,0.000000,0.000000,60,1,2,26,NULL,'2023-11-07 04:07:28','2023-11-07 04:07:53',268758.910000),(193,'up',483000.000000,859740.000000,3659.000000,0.000000,60,1,2,24,NULL,'2023-11-07 04:30:57','2023-11-07 04:31:19',859740.000000),(194,'up',161000.000000,286580.000000,3659.000000,0.000000,60,1,2,29,NULL,'2023-11-07 04:30:59','2023-11-07 04:31:27',286580.000000),(195,'up',80500.000000,143290.000000,3659.000000,0.000000,60,1,2,25,NULL,'2023-11-07 04:31:05','2023-11-07 04:31:33',143290.000000),(196,'up',64400.000000,114632.000000,3659.000000,0.000000,60,1,2,26,NULL,'2023-11-07 04:31:10','2023-11-07 04:31:39',114632.000000),(197,'up',805000.000000,1432900.000000,3659.000000,0.000000,60,1,2,37,NULL,'2023-11-07 04:31:12','2023-11-07 04:31:47',1432900.000000),(198,'up',80500.000000,143290.000000,3659.000000,0.000000,60,1,2,28,NULL,'2023-11-07 04:31:12','2023-11-07 04:31:57',143290.000000),(199,'up',16100.000000,28658.000000,3659.000000,0.000000,60,1,2,42,NULL,'2023-11-07 04:31:13','2023-11-07 04:31:52',28658.000000),(200,'up',859740.000000,1478752.800000,2550.000000,0.000000,60,1,2,24,NULL,'2023-11-07 05:37:13','2023-11-07 05:38:29',1478752.800000),(201,'up',268580.000000,461957.600000,2550.000000,0.000000,60,1,2,29,NULL,'2023-11-07 05:37:26','2023-11-07 05:38:35',461957.600000),(202,'up',1432900.000000,2464588.000000,2550.000000,0.000000,60,1,2,37,NULL,'2023-11-07 05:37:40','2023-11-07 05:38:41',2464588.000000),(203,'up',114632.000000,197167.040000,2550.000000,0.000000,60,1,2,26,NULL,'2023-11-07 05:37:41','2023-11-07 05:38:54',197167.040000),(204,'up',143290.000000,246458.800000,2550.000000,0.000000,60,1,2,28,NULL,'2023-11-07 05:37:56','2023-11-07 05:39:30',246458.800000),(205,'up',143290.000000,246458.800000,2550.000000,0.000000,60,1,2,25,NULL,'2023-11-07 05:38:00','2023-11-07 05:39:14',246458.800000),(206,'up',28658.000000,49291.760000,2550.000000,0.000000,60,1,2,42,NULL,'2023-11-07 05:38:37','2023-11-07 05:39:01',49291.760000),(207,'up',1478753.000000,2454729.980000,2550.000000,0.000000,60,1,2,24,NULL,'2023-11-07 06:45:43','2023-11-07 06:46:19',2454729.980000),(208,'up',479957.000000,796728.620000,2550.000000,0.000000,60,1,2,29,NULL,'2023-11-07 06:45:45','2023-11-07 06:46:26',796728.620000),(209,'up',2464588.000000,4091216.080000,2550.000000,0.000000,60,1,2,37,NULL,'2023-11-07 06:45:49','2023-11-07 06:46:31',4091216.080000),(210,'up',246458.000000,409120.280000,2550.000000,0.000000,60,1,2,25,NULL,'2023-11-07 06:45:53','2023-11-07 06:47:15',409120.280000),(211,'up',49292.000000,81824.720000,2550.000000,0.000000,60,1,2,42,NULL,'2023-11-07 06:46:02','2023-11-07 06:47:04',81824.720000),(212,'up',246458.000000,409120.280000,2550.000000,0.000000,60,1,2,28,NULL,'2023-11-07 06:46:16','2023-11-07 06:46:49',409120.280000),(213,'up',197167.000000,327297.220000,0.000000,0.000000,60,1,2,26,NULL,'2023-11-07 06:46:32','2023-11-07 06:47:22',327297.220000),(214,'up',1478753.000000,2454729.980000,0.000000,0.000000,60,1,2,24,NULL,'2023-11-07 06:47:09','2023-11-07 06:47:30',2454729.980000),(215,'up',409121.000000,687323.280000,3659.000000,0.000000,60,1,2,28,NULL,'2023-11-07 10:24:20','2023-11-07 10:24:54',687323.280000),(216,'up',409121.000000,687323.280000,3659.000000,0.000000,60,1,2,25,NULL,'2023-11-07 10:24:25','2023-11-07 10:25:05',687323.280000),(217,'up',4091216.000000,6873242.880000,3659.000000,0.000000,60,1,2,37,NULL,'2023-11-07 10:24:30','2023-11-07 10:25:12',6873242.880000),(218,'up',2454729.000000,4123944.720000,3659.000000,0.000000,60,1,2,24,NULL,'2023-11-07 10:24:31','2023-11-07 10:25:46',4123944.720000),(219,'up',796729.000000,1338504.720000,3659.000000,0.000000,60,1,2,29,NULL,'2023-11-07 10:24:38','2023-11-07 10:25:40',1338504.720000),(220,'up',2454729.000000,4123944.720000,3659.000000,0.000000,60,1,2,24,NULL,'2023-11-07 10:24:52','2023-11-07 10:25:33',4123944.720000),(221,'up',81824.000000,137464.320000,3659.000000,0.000000,60,1,2,42,NULL,'2023-11-07 10:25:06','2023-11-07 10:25:26',137464.320000),(222,'up',327297.000000,549858.960000,0.000000,0.000000,60,1,2,26,NULL,'2023-11-07 10:26:46','2023-11-07 10:26:57',549858.960000),(223,'up',50000.000000,83000.000000,3584.000000,0.000000,60,1,2,41,NULL,'2023-11-07 10:40:09','2023-11-07 10:40:26',83000.000000),(224,'up',5000.000000,8300.000000,3584.000000,0.000000,60,1,2,40,NULL,'2023-11-07 10:40:14','2023-11-07 10:40:36',8300.000000),(225,'up',4123944.000000,7175662.560000,3659.000000,0.000000,60,1,2,24,NULL,'2023-11-07 11:12:55','2023-11-07 11:13:13',7175662.560000),(226,'up',687323.000000,1195942.020000,3659.000000,0.000000,60,1,2,28,NULL,'2023-11-07 11:13:00','2023-11-07 11:13:19',1195942.020000),(227,'up',1338505.000000,2328998.700000,3659.000000,0.000000,60,1,2,29,NULL,'2023-11-07 11:13:03','2023-11-07 11:13:25',2328998.700000),(228,'up',687323.000000,1195942.020000,3659.000000,0.000000,60,1,2,25,NULL,'2023-11-07 11:13:04','2023-11-07 11:13:32',1195942.020000),(229,'up',137464.000000,239187.360000,3659.000000,0.000000,60,1,2,42,NULL,'2023-11-07 11:13:15','2023-11-07 11:13:38',239187.360000),(230,'up',6873243.000000,11959442.820000,3659.000000,0.000000,60,1,2,37,NULL,'2023-11-07 11:13:15','2023-11-07 11:13:46',11959442.820000),(231,'up',83000.000000,138610.000000,70.751123,0.000000,60,1,12,41,NULL,'2023-11-07 11:39:58','2023-11-07 11:40:15',138610.000000),(232,'up',8300.000000,13861.000000,70.751123,0.000000,60,1,12,40,NULL,'2023-11-07 11:40:03','2023-11-07 11:40:22',13861.000000),(233,'up',1195942.000000,2045060.820000,320.865213,0.000000,60,1,2,25,NULL,'2023-11-07 11:53:26','2023-11-07 11:53:47',2045060.820000),(234,'up',549859.000000,940258.890000,320.865213,0.000000,60,1,2,26,NULL,'2023-11-07 11:53:28','2023-11-07 11:53:56',940258.890000),(235,'up',1195942.000000,2045060.820000,320.865213,0.000000,60,1,2,28,NULL,'2023-11-07 11:53:30','2023-11-07 11:54:02',2045060.820000),(236,'up',7175662.000000,12270382.020000,320.865213,0.000000,60,1,2,24,NULL,'2023-11-07 11:53:34','2023-11-07 11:54:09',12270382.020000),(237,'up',2328998.000000,3982586.580000,320.865213,0.000000,60,1,2,29,NULL,'2023-11-07 11:53:51','2023-11-07 11:54:16',3982586.580000),(238,'up',7175662.000000,12270382.020000,320.865213,0.000000,60,1,2,24,NULL,'2023-11-07 11:53:53','2023-11-07 11:54:22',12270382.020000),(239,'up',11959443.000000,20450647.530000,320.865213,0.000000,60,1,2,37,NULL,'2023-11-07 11:53:54','2023-11-07 11:54:28',20450647.530000),(240,'up',239187.000000,409009.770000,320.865213,0.000000,60,1,2,42,NULL,'2023-11-07 11:53:58','2023-11-07 11:54:35',409009.770000),(241,'up',138610.000000,238409.200000,70.751123,0.000000,60,1,12,41,NULL,'2023-11-07 12:25:31','2023-11-07 12:25:52',238409.200000),(242,'up',13861.000000,23840.920000,70.751123,0.000000,60,1,12,40,NULL,'2023-11-07 12:25:55','2023-11-07 12:26:03',23840.920000),(243,'up',12270382.000000,20614241.760000,320.865213,0.000000,60,1,2,24,NULL,'2023-11-08 04:27:09','2023-11-08 04:27:58',20614241.760000),(244,'up',2045061.000000,3435702.480000,320.865213,0.000000,60,1,2,25,NULL,'2023-11-08 04:27:11','2023-11-08 04:28:07',3435702.480000),(245,'up',3982587.000000,6690746.160000,320.865213,0.000000,60,1,2,29,NULL,'2023-11-08 04:27:14','2023-11-08 04:28:14',6690746.160000),(246,'up',940259.000000,1579635.120000,320.865213,0.000000,60,1,2,26,NULL,'2023-11-08 04:27:18','2023-11-08 04:28:22',1579635.120000),(247,'up',409010.000000,687136.800000,320.865213,0.000000,60,1,2,42,NULL,'2023-11-08 04:27:33','2023-11-08 04:28:30',687136.800000),(248,'up',409010.000000,687136.800000,320.865213,0.000000,60,1,2,42,NULL,'2023-11-08 04:27:33','2023-11-08 04:28:38',687136.800000),(249,'up',20450648.000000,34357088.640000,320.865213,0.000000,60,1,2,37,NULL,'2023-11-08 04:27:42','2023-11-08 04:28:46',34357088.640000),(250,'up',2045061.000000,3435702.480000,320.865213,0.000000,60,1,2,28,NULL,'2023-11-08 04:27:42','2023-11-08 04:28:56',3435702.480000),(251,'up',20614242.000000,29478366.060000,3659.000000,0.000000,60,1,2,24,NULL,'2023-11-08 05:37:17','2023-11-08 05:37:55',29478366.060000),(252,'up',6690746.000000,9567766.780000,3659.000000,0.000000,60,1,2,29,NULL,'2023-11-08 05:37:25','2023-11-08 05:38:04',9567766.780000),(253,'up',3435702.000000,4913053.860000,3659.000000,0.000000,60,1,2,28,NULL,'2023-11-08 05:37:29','2023-11-08 05:38:13',4913053.860000),(254,'up',965264.000000,1380327.520000,3659.000000,0.000000,60,1,2,42,NULL,'2023-11-08 05:37:36','2023-11-08 05:38:20',1380327.520000),(255,'up',3435702.000000,4913053.860000,3659.000000,0.000000,60,1,2,25,NULL,'2023-11-08 05:37:36','2023-11-08 05:38:28',4913053.860000),(256,'up',965264.000000,1380327.520000,3659.000000,0.000000,60,1,2,42,NULL,'2023-11-08 05:37:37','2023-11-08 05:38:46',1380327.520000),(257,'up',1579635.000000,2258878.050000,3659.000000,0.000000,60,1,2,26,NULL,'2023-11-08 05:37:42','2023-11-08 05:38:54',2258878.050000),(258,'up',34357088.000000,49130635.840000,3659.000000,0.000000,60,1,2,37,NULL,'2023-11-08 05:38:06','2023-11-08 05:39:06',49130635.840000),(259,'up',238409.000000,410063.480000,0.000000,0.000000,60,1,12,41,NULL,'2023-11-08 06:17:04','2023-11-08 06:17:30',410063.480000),(260,'up',23840.000000,41004.800000,0.000000,0.000000,60,1,12,40,NULL,'2023-11-08 06:17:12','2023-11-08 06:17:22',41004.800000),(261,'up',4913054.000000,7664364.240000,3659.000000,0.000000,60,1,2,25,NULL,'2023-11-08 06:33:29','2023-11-08 06:33:43',7664364.240000),(262,'up',2258878.000000,3523849.680000,3659.000000,0.000000,60,1,2,26,NULL,'2023-11-08 06:33:29','2023-11-08 06:34:04',3523849.680000),(263,'up',4913054.000000,7664364.240000,3659.000000,0.000000,60,1,2,28,NULL,'2023-11-08 06:33:30','2023-11-08 06:34:15',7664364.240000),(264,'up',9567767.000000,14925716.520000,3659.000000,0.000000,60,1,2,29,NULL,'2023-11-08 06:33:43','2023-11-08 06:34:22',14925716.520000),(265,'up',1380327.000000,2153310.120000,3659.000000,0.000000,60,1,2,42,NULL,'2023-11-08 06:33:50','2023-11-08 06:34:31',2153310.120000),(266,'up',1380327.000000,2153310.120000,3659.000000,0.000000,60,1,2,42,NULL,'2023-11-08 06:33:51','2023-11-08 06:34:44',2153310.120000),(267,'up',29478366.000000,45986250.960000,3659.000000,0.000000,60,1,2,24,NULL,'2023-11-08 06:33:51','2023-11-08 06:34:58',45986250.960000),(268,'up',49130636.000000,76643792.160000,0.000000,0.000000,60,1,2,37,NULL,'2023-11-08 06:34:12','2023-11-08 06:35:16',76643792.160000),(269,'up',2000.000000,3120.000000,320.865213,0.000000,60,1,2,26,NULL,'2023-11-08 07:17:16','2023-11-08 07:17:30',3120.000000),(270,'up',3523850.000000,5497206.000000,3584.000000,0.000000,60,0,2,26,'2023-11-08 10:01:24','2023-11-08 10:00:29','2023-11-08 10:01:24',0.000000),(271,'up',2000.000000,2200.000000,3584.000000,0.000000,60,1,2,28,NULL,'2023-11-08 10:00:56','2023-11-08 10:01:38',2200.000000),(272,'up',76643792.000000,119564315.520000,3584.000000,0.000000,60,1,2,37,NULL,'2023-11-08 12:58:22','2023-11-08 12:58:42',119564315.520000),(273,'up',7664364.000000,11956407.840000,3584.000000,0.000000,60,1,2,28,NULL,'2023-11-08 12:58:27','2023-11-08 12:59:20',11956407.840000),(274,'up',7664364.000000,11956407.840000,3584.000000,0.000000,60,1,2,25,NULL,'2023-11-08 12:58:33','2023-11-08 12:59:28',11956407.840000),(275,'up',45986251.000000,71738551.560000,3584.000000,0.000000,60,1,2,24,NULL,'2023-11-08 12:58:39','2023-11-08 12:59:40',71738551.560000),(276,'up',3523850.000000,5497206.000000,3584.000000,0.000000,60,1,2,26,NULL,'2023-11-08 12:58:44','2023-11-08 13:00:04',5497206.000000),(277,'up',14925716.000000,23284116.960000,3584.000000,0.000000,60,1,2,29,NULL,'2023-11-08 12:58:54','2023-11-08 13:00:11',23284116.960000),(278,'up',2926294.000000,4565018.640000,3584.000000,0.000000,60,1,2,42,NULL,'2023-11-08 12:59:05','2023-11-08 13:00:17',4565018.640000),(279,'up',410063.000000,705308.360000,3584.000000,0.000000,60,1,12,41,NULL,'2023-11-08 13:23:00','2023-11-08 13:23:42',705308.360000),(280,'up',41005.000000,70528.600000,3584.000000,0.000000,60,1,12,40,NULL,'2023-11-08 13:23:19','2023-11-08 13:23:48',70528.600000),(281,'up',705309.000000,1135547.490000,3584.000000,0.000000,60,1,12,41,NULL,'2023-11-09 04:34:31','2023-11-09 04:34:51',1135547.490000),(282,'up',70529.000000,1135547.490000,3584.000000,0.000000,60,1,12,40,NULL,'2023-11-09 04:34:49','2023-11-09 04:35:10',1135547.490000),(283,'up',200000.000000,260000.000000,330.000000,0.000000,60,0,1,23,'2023-11-10 12:49:15','2023-11-10 07:06:36','2023-11-10 12:49:15',0.000000),(284,'up',40000.000000,62400.000000,3659.000000,0.000000,60,1,2,24,NULL,'2023-11-10 12:49:54','2023-11-10 12:50:09',62400.000000),(285,'up',10000.000000,11800.000000,7800.000000,0.000000,60,1,3,26,NULL,'2023-11-11 12:53:44','2023-11-11 12:54:40',11800.000000),(286,'up',2000.000000,2360.000000,7800.000000,0.000000,60,1,3,47,NULL,'2023-11-11 12:54:03','2023-11-11 12:54:48',2360.000000),(287,'up',20000.000000,24200.000000,77108.920000,0.000000,60,1,4,26,NULL,'2023-11-12 05:13:26','2023-11-12 05:14:15',24200.000000),(288,'up',5000.000000,6050.000000,77108.920000,0.000000,60,1,4,47,NULL,'2023-11-12 05:13:32','2023-11-12 05:14:22',6050.000000),(289,'up',-1.000000,-1.830000,3659.000000,0.000000,120,1,2,41,NULL,'2023-11-12 11:51:25','2023-11-12 11:53:41',0.000000),(290,'up',-1.000000,-1.830000,3659.000000,0.000000,120,0,2,41,NULL,'2023-11-12 11:51:26','2023-11-12 11:51:26',0.000000),(291,'up',5000.000000,9150.000000,3659.000000,0.000000,60,1,2,41,NULL,'2023-11-12 11:53:26','2023-11-12 11:54:04',9150.000000),(292,'up',1000.000000,1000.000000,3584.000000,0.000000,60,2,2,48,NULL,'2023-11-12 11:59:43','2023-11-12 12:00:19',0.000000),(293,'up',60000.000000,73200.000000,330.000000,0.000000,120,1,1,23,NULL,'2023-11-12 12:31:45','2023-11-12 12:32:20',73200.000000),(294,'up',60000.000000,73200.000000,330.000000,0.000000,60,1,1,23,NULL,'2023-11-12 12:31:46','2023-11-12 12:32:29',73200.000000),(295,'up',40000.000000,48800.000000,330.000000,0.000000,60,1,1,29,NULL,'2023-11-12 12:31:58','2023-11-12 12:32:37',48800.000000),(296,'up',20000.000000,24400.000000,330.000000,0.000000,60,1,1,25,NULL,'2023-11-12 12:32:03','2023-11-12 12:32:54',24400.000000),(297,'up',50000.000000,61000.000000,330.000000,0.000000,60,1,1,26,NULL,'2023-11-12 12:32:12','2023-11-12 12:33:13',61000.000000),(298,'up',100000.000000,122000.000000,330.000000,0.000000,60,1,1,37,NULL,'2023-11-12 12:32:16','2023-11-12 12:33:21',122000.000000),(299,'up',10000.000000,12200.000000,330.000000,0.000000,60,1,1,47,NULL,'2023-11-12 12:32:32','2023-11-12 12:33:28',12200.000000),(300,'up',10000.000000,12200.000000,0.000000,0.000000,60,1,1,47,NULL,'2023-11-12 12:35:16','2023-11-12 12:37:28',12200.000000),(301,'up',48800.000000,57584.000000,71262.000000,0.000000,60,1,14,29,NULL,'2023-11-13 05:14:13','2023-11-13 05:15:11',57584.000000),(302,'up',122000.000000,143960.000000,71262.000000,0.000000,60,1,14,37,NULL,'2023-11-13 05:14:18','2023-11-13 05:15:21',143960.000000),(303,'up',10000.000000,11800.000000,71262.000000,0.000000,60,1,14,47,NULL,'2023-11-13 05:14:35','2023-11-13 05:15:28',11800.000000),(304,'up',24400.000000,28792.000000,71262.000000,0.000000,60,1,14,25,NULL,'2023-11-13 05:14:49','2023-11-13 05:15:35',28792.000000),(305,'up',86400.000000,101952.000000,71262.000000,0.000000,60,1,14,23,NULL,'2023-11-13 05:14:58','2023-11-13 05:15:43',101952.000000),(306,'up',61000.000000,71980.000000,71262.000000,0.000000,60,1,14,26,NULL,'2023-11-13 05:14:58','2023-11-13 05:15:53',71980.000000),(307,'up',150000.000000,192000.000000,520.300000,0.000000,60,1,9,23,NULL,'2023-11-14 04:13:50','2023-11-14 04:14:18',192000.000000),(308,'up',100000.000000,128000.000000,520.300000,0.000000,60,1,9,28,NULL,'2023-11-14 04:13:51','2023-11-14 04:14:25',128000.000000),(309,'up',100000.000000,128000.000000,520.300000,0.000000,60,1,9,29,NULL,'2023-11-14 04:14:06','2023-11-14 04:14:31',128000.000000),(310,'up',130000.000000,166400.000000,520.300000,0.000000,60,1,9,25,NULL,'2023-11-14 04:14:11','2023-11-14 04:14:37',166400.000000),(311,'up',100000.000000,128000.000000,520.300000,0.000000,60,1,9,26,NULL,'2023-11-14 04:14:13','2023-11-14 04:14:45',128000.000000),(312,'up',150000.000000,192000.000000,520.300000,0.000000,60,1,9,37,NULL,'2023-11-14 04:14:14','2023-11-14 04:14:52',192000.000000),(313,'up',50000.000000,64000.000000,520.300000,0.000000,60,1,9,47,NULL,'2023-11-14 04:14:23','2023-11-14 04:19:29',64000.000000),(314,'up',192000.000000,284160.000000,55.230000,0.000000,60,1,11,23,NULL,'2023-11-14 05:56:18','2023-11-14 05:56:44',284160.000000),(315,'up',192000.000000,284160.000000,55.230000,0.000000,60,1,11,37,NULL,'2023-11-14 05:56:23','2023-11-14 05:56:52',284160.000000),(316,'up',128000.000000,189440.000000,55.230000,0.000000,60,1,11,28,NULL,'2023-11-14 05:56:25','2023-11-14 05:56:58',189440.000000),(317,'up',128000.000000,189440.000000,55.230000,0.000000,60,1,11,29,NULL,'2023-11-14 05:56:33','2023-11-14 05:57:06',189440.000000),(318,'up',128000.000000,189440.000000,55.230000,0.000000,60,1,11,26,NULL,'2023-11-14 05:56:34','2023-11-14 05:57:15',189440.000000),(319,'up',166400.000000,246272.000000,55.230000,0.000000,120,1,11,25,NULL,'2023-11-14 05:56:47','2023-11-14 05:57:25',246272.000000),(320,'up',64000.000000,94720.000000,55.230000,0.000000,60,1,11,47,NULL,'2023-11-14 05:56:57','2023-11-14 05:57:49',94720.000000),(321,'up',189440.000000,301209.600000,320.865213,0.000000,60,1,13,29,NULL,'2023-11-14 08:30:49','2023-11-14 08:31:22',301209.600000),(322,'up',189440.000000,301209.600000,320.865213,0.000000,60,1,13,28,NULL,'2023-11-14 08:30:52','2023-11-14 08:31:29',301209.600000),(323,'up',246272.000000,391572.480000,320.865213,0.000000,60,1,13,25,NULL,'2023-11-14 08:30:52','2023-11-14 08:31:36',391572.480000),(324,'up',284160.000000,451814.400000,320.865213,0.000000,60,1,13,37,NULL,'2023-11-14 08:30:54','2023-11-14 08:31:44',451814.400000),(325,'up',189440.000000,301209.600000,320.865213,0.000000,60,1,13,26,NULL,'2023-11-14 08:31:02','2023-11-14 08:31:51',301209.600000),(326,'up',284160.000000,451814.400000,320.865213,0.000000,60,1,13,23,NULL,'2023-11-14 08:31:03','2023-11-14 08:31:59',451814.400000),(327,'up',94720.000000,150604.800000,320.865213,0.000000,60,1,13,47,NULL,'2023-11-14 08:31:14','2023-11-14 08:32:07',150604.800000),(328,'up',391573.000000,657842.640000,1102.000000,0.000000,60,1,15,25,NULL,'2023-11-14 09:26:57','2023-11-14 09:28:20',657842.640000),(329,'up',301210.000000,506032.800000,1102.000000,0.000000,60,1,15,29,NULL,'2023-11-14 09:27:10','2023-11-14 09:28:29',506032.800000),(330,'up',451814.000000,759047.520000,1102.000000,0.000000,60,1,15,37,NULL,'2023-11-14 09:27:26','2023-11-14 09:28:36',759047.520000),(331,'up',150000.000000,252000.000000,1102.000000,0.000000,60,1,15,47,NULL,'2023-11-14 09:27:29','2023-11-14 09:28:44',252000.000000),(332,'up',301210.000000,506032.800000,1102.000000,0.000000,60,1,15,28,NULL,'2023-11-14 09:27:37','2023-11-14 09:28:53',506032.800000),(333,'up',301210.000000,506032.800000,1102.000000,0.000000,60,1,15,26,NULL,'2023-11-14 09:27:38','2023-11-14 09:29:01',506032.800000),(334,'up',451814.000000,759047.520000,1102.000000,0.000000,60,1,15,23,NULL,'2023-11-14 09:27:49','2023-11-14 09:29:12',759047.520000),(335,'up',759047.000000,1055075.330000,1704.081010,0.000000,60,1,8,23,NULL,'2023-11-15 05:16:13','2023-11-15 05:16:35',1055075.330000),(336,'up',506033.000000,703385.870000,1704.081010,0.000000,120,1,8,29,NULL,'2023-11-15 05:16:13','2023-11-15 05:16:41',703385.870000),(337,'up',506032.000000,703384.480000,1704.081010,0.000000,60,1,8,28,NULL,'2023-11-15 05:16:22','2023-11-15 05:16:47',703384.480000),(338,'up',759048.000000,1055076.720000,1704.081010,0.000000,60,1,8,37,NULL,'2023-11-15 05:16:25','2023-11-15 05:16:54',1055076.720000),(339,'up',506032.000000,703384.480000,1704.081010,0.000000,60,1,8,26,NULL,'2023-11-15 05:16:28','2023-11-15 05:17:01',703384.480000),(340,'up',252604.000000,351119.560000,1704.081010,0.000000,60,1,8,47,NULL,'2023-11-15 05:16:34','2023-11-15 05:17:08',351119.560000),(341,'up',657842.000000,351119.560000,1704.081010,0.000000,60,2,8,25,NULL,'2023-11-15 05:16:36','2023-11-15 05:17:18',351119.560000),(342,'up',657842.000000,914400.380000,1704.081010,0.000000,60,1,8,25,NULL,'2023-11-15 05:16:51','2023-11-15 05:18:10',914400.380000),(343,'up',703386.000000,1026943.560000,55.364099,0.000000,60,1,6,29,NULL,'2023-11-15 07:00:32','2023-11-15 07:01:08',1026943.560000),(344,'up',607678.000000,887209.880000,55.364099,0.000000,60,1,6,25,NULL,'2023-11-15 07:00:33','2023-11-15 07:01:16',887209.880000),(345,'up',703385.000000,1026942.100000,55.364099,0.000000,60,1,6,28,NULL,'2023-11-15 07:00:40','2023-11-15 07:01:22',1026942.100000),(346,'up',703385.000000,1026942.100000,55.364099,0.000000,60,1,6,26,NULL,'2023-11-15 07:00:41','2023-11-15 07:01:28',1026942.100000),(347,'up',300000.000000,438000.000000,55.364099,0.000000,60,1,6,47,NULL,'2023-11-15 07:00:41','2023-11-15 07:01:36',438000.000000),(348,'up',1055076.000000,1540410.960000,55.364099,0.000000,60,1,6,37,NULL,'2023-11-15 07:00:41','2023-11-15 07:01:43',1540410.960000),(349,'up',1055076.000000,1540410.960000,55.364099,0.000000,60,1,6,23,NULL,'2023-11-15 07:00:49','2023-11-15 07:01:53',1540410.960000),(350,'up',887210.000000,1304198.700000,42.491170,0.000000,60,1,10,25,NULL,'2023-11-16 08:21:59','2023-11-16 08:22:33',1304198.700000),(351,'up',1026943.000000,1509606.210000,42.491170,0.000000,60,1,10,29,NULL,'2023-11-16 08:22:06','2023-11-16 08:22:39',1509606.210000),(352,'up',1026942.000000,1509604.740000,42.491170,0.000000,60,1,10,28,NULL,'2023-11-16 08:22:09','2023-11-16 08:22:47',1509604.740000),(353,'up',1540411.000000,2264404.170000,42.491170,0.000000,60,1,10,23,NULL,'2023-11-16 08:22:10','2023-11-16 08:22:55',2264404.170000),(354,'up',1026942.000000,1509604.740000,42.491170,0.000000,60,1,10,26,NULL,'2023-11-16 08:22:10','2023-11-16 08:23:03',1509604.740000),(355,'up',450000.000000,661500.000000,42.491170,0.000000,60,1,10,47,NULL,'2023-11-16 08:22:15','2023-11-16 08:23:09',661500.000000),(356,'up',1540411.000000,2264404.170000,42.491170,0.000000,60,1,10,37,NULL,'2023-11-16 08:22:15','2023-11-16 08:23:16',2264404.170000),(357,'up',2264404.000000,3238097.720000,36.967996,0.000000,60,1,7,23,NULL,'2023-11-16 09:59:19','2023-11-16 09:59:41',3238097.720000),(358,'up',1509606.000000,2158736.580000,36.967996,0.000000,60,1,7,29,NULL,'2023-11-16 09:59:19','2023-11-16 09:59:47',2158736.580000),(359,'up',1509605.000000,2158735.150000,36.967996,0.000000,60,1,7,28,NULL,'2023-11-16 09:59:23','2023-11-16 09:59:54',2158735.150000),(360,'up',1304199.000000,1865004.570000,36.967996,0.000000,60,1,7,25,NULL,'2023-11-16 09:59:24','2023-11-16 10:00:01',1865004.570000),(361,'up',1509605.000000,2158735.150000,36.967996,0.000000,60,1,7,26,NULL,'2023-11-16 09:59:28','2023-11-16 10:00:08',2158735.150000),(362,'up',2264405.000000,3238099.150000,36.967996,0.000000,60,1,7,37,NULL,'2023-11-16 09:59:41','2023-11-16 10:00:17',3238099.150000),(363,'up',650000.000000,929500.000000,36.967996,0.000000,60,1,7,47,NULL,'2023-11-16 09:59:47','2023-11-16 10:00:25',929500.000000),(364,'up',1865004.000000,2797506.000000,1704.081010,0.000000,60,1,8,25,NULL,'2023-11-16 12:10:54','2023-11-16 12:11:13',2797506.000000),(365,'up',328098.000000,492147.000000,1704.081010,0.000000,60,1,8,23,NULL,'2023-11-16 12:10:54','2023-11-16 12:11:21',492147.000000),(366,'up',2158737.000000,3238105.500000,1704.081010,0.000000,60,1,8,29,NULL,'2023-11-16 12:10:56','2023-11-16 12:11:30',3238105.500000),(367,'up',2158735.000000,3238102.500000,1704.081010,0.000000,60,1,8,28,NULL,'2023-11-16 12:11:02','2023-11-16 12:11:37',3238102.500000),(368,'up',2158735.000000,3238102.500000,1704.081010,0.000000,60,1,8,26,NULL,'2023-11-16 12:11:05','2023-11-16 12:11:44',3238102.500000),(369,'up',980120.000000,1470180.000000,1704.081010,0.000000,60,1,8,47,NULL,'2023-11-16 12:11:20','2023-11-16 12:11:51',1470180.000000),(370,'up',3238099.000000,4857148.500000,0.000000,0.000000,60,1,8,37,NULL,'2023-11-16 12:11:48','2023-11-16 12:11:59',4857148.500000),(371,'up',735090.000000,962967.900000,7800.000000,0.000000,60,1,3,47,NULL,'2023-11-16 13:25:48','2023-11-16 13:26:16',962967.900000);

--
-- Table structure for table `deposit_withdraws`
--

CREATE TABLE `deposit_withdraws` (
  `id` bigint unsigned NOT NULL AUTO_INCREMENT,
  `cash_type` varchar(255) CHARACTER SET utf8mb4 COLLATE utf8mb4_unicode_ci NOT NULL,
  `amount` double(15,2) NOT NULL DEFAULT '0.00',
  `promotion` double(15,2) NOT NULL DEFAULT '0.00',
  `note` text CHARACTER SET utf8mb4 COLLATE utf8mb4_unicode_ci,
  `member_id` bigint unsigned DEFAULT NULL,
  `user_id` bigint unsigned DEFAULT NULL,
  `deleted_at` timestamp NULL DEFAULT NULL,
  `created_at` timestamp NULL DEFAULT NULL,
  `updated_at` timestamp NULL DEFAULT NULL,
  `status` smallint NOT NULL DEFAULT '0',
  `image` varchar(255) CHARACTER SET utf8mb4 COLLATE utf8mb4_unicode_ci DEFAULT NULL,
  PRIMARY KEY (`id`)
) ENGINE=InnoDB AUTO_INCREMENT=346 DEFAULT CHARSET=utf8mb4 COLLATE=utf8mb4_unicode_ci;

--
-- Dumping data for table `deposit_withdraws`
--

INSERT INTO `deposit_withdraws` VALUES (101,'cash_in',600.00,0.00,NULL,25,NULL,NULL,'2023-10-28 06:32:09','2023-10-28 06:32:46',1,'images/slips/1780979837994470.jpg'),(102,'cash_out',-600.00,0.00,NULL,25,NULL,NULL,'2023-10-28 06:33:28','2023-10-28 06:34:06',1,NULL),(103,'cash_in',2500.00,0.00,NULL,24,NULL,NULL,'2023-10-28 06:34:56','2023-10-28 06:35:18',1,'images/slips/1780980013081835.jpg'),(104,'cash_in',3000.00,0.00,NULL,26,NULL,NULL,'2023-10-28 06:39:42','2023-10-28 06:39:56',1,'images/slips/1780980312933204.jpg'),(105,'cash_out',-3000.00,0.00,NULL,26,NULL,NULL,'2023-10-28 06:40:17','2023-10-28 06:40:30',1,NULL),(106,'cash_in',5000.00,0.00,NULL,28,NULL,NULL,'2023-10-28 06:41:08','2023-10-28 06:41:32',1,'images/slips/1780980402925991.jpg'),(107,'cash_in',100.00,0.00,NULL,29,NULL,NULL,'2023-10-28 06:42:26','2023-10-28 06:43:12',1,'images/slips/1780980484833930.jpg'),(108,'cash_in',100000.00,0.00,NULL,24,NULL,NULL,'2023-10-28 09:27:09','2023-10-28 09:27:37',1,'images/slips/1780990847812384.jpg'),(109,'cash_in',200000.00,0.00,NULL,24,NULL,NULL,'2023-10-28 09:27:41','2023-10-28 09:28:46',1,'images/slips/1780990881896661.jpg'),(110,'cash_in',100000.00,0.00,NULL,23,NULL,NULL,'2023-10-28 09:32:59','2023-10-28 09:33:08',1,'images/slips/1780991214888140.jpg'),(111,'cash_in',50000.00,0.00,NULL,32,NULL,NULL,'2023-10-28 16:45:07','2023-10-28 16:45:27',1,'images/slips/1781018402526901.jpeg'),(112,'cash_in',50000.00,0.00,NULL,32,NULL,NULL,'2023-10-28 16:59:40','2023-10-28 17:00:18',1,'images/slips/1781019318102070.jpeg'),(113,'cash_out',-30000.00,0.00,NULL,32,NULL,NULL,'2023-10-29 03:51:50','2023-10-29 03:52:09',1,NULL),(114,'cash_in',10000.00,2.00,'ก',33,1,NULL,'2023-10-29 05:40:55','2023-10-29 05:40:55',1,NULL),(115,'cash_in',5000.00,0.00,NULL,34,1,NULL,'2023-10-29 05:43:59','2023-10-29 05:43:59',1,NULL),(116,'cash_in',1000.00,1000.00,NULL,33,1,NULL,'2023-10-29 06:09:07','2023-10-29 06:09:07',1,NULL),(117,'cash_in',1500.00,0.00,NULL,34,NULL,NULL,'2023-10-29 06:38:39','2023-10-29 06:39:11',1,'images/slips/1781070843736811.png'),(118,'cash_out',-1500.00,0.00,NULL,34,1,NULL,'2023-10-29 06:41:05','2023-10-29 06:41:05',1,NULL),(119,'cash_out',-1500.00,0.00,NULL,34,1,NULL,'2023-10-29 06:42:04','2023-10-29 06:42:04',1,NULL),(120,'cash_out',-1700.00,0.00,NULL,34,1,NULL,'2023-10-29 06:47:22','2023-10-29 06:47:22',1,NULL),(121,'cash_out',-45000.00,0.00,NULL,34,1,NULL,'2023-10-29 06:53:46','2023-10-29 06:53:46',1,NULL),(122,'cash_out',-1000.00,0.00,NULL,34,1,NULL,'2023-10-29 06:53:54','2023-10-29 06:53:54',1,NULL),(123,'cash_in',1000.00,0.00,'ติดต่อเจ้าหน้่ที่',34,NULL,NULL,'2023-10-29 06:59:21','2023-10-29 07:00:23',2,'images/slips/1781072145428919.jpg'),(124,'cash_out',-1000.00,0.00,NULL,34,1,NULL,'2023-10-29 07:01:12','2023-10-29 07:01:12',1,NULL),(125,'cash_in',500.00,0.00,NULL,34,1,NULL,'2023-10-29 07:01:32','2023-10-29 07:01:32',1,NULL),(126,'cash_out',-5000.00,0.00,NULL,34,1,NULL,'2023-10-29 07:02:53','2023-10-29 07:02:53',1,NULL),(127,'cash_in',20000.00,0.00,NULL,34,1,NULL,'2023-10-29 07:12:19','2023-10-29 07:12:19',1,NULL),(128,'cash_in',200000.00,0.00,NULL,34,1,NULL,'2023-10-29 07:15:17','2023-10-29 07:15:17',1,NULL),(129,'cash_in',25000.00,0.00,NULL,34,1,NULL,'2023-10-29 07:15:32','2023-10-29 07:15:32',1,NULL),(130,'cash_in',25000.00,0.00,NULL,34,1,NULL,'2023-10-29 07:15:32','2023-10-29 07:15:32',1,NULL),(131,'cash_in',30000.00,0.00,NULL,34,1,NULL,'2023-10-29 07:15:47','2023-10-29 07:15:47',1,NULL),(132,'cash_in',200000.00,0.00,NULL,34,1,NULL,'2023-10-29 07:16:55','2023-10-29 07:16:55',1,NULL),(133,'cash_in',10000.00,0.00,NULL,32,NULL,NULL,'2023-10-30 04:52:09','2023-10-30 05:15:42',1,'images/slips/1781154739944725.jpeg'),(134,'cash_in',10000.00,10000.00,NULL,23,1,NULL,'2023-10-30 05:25:35','2023-10-30 05:25:35',1,NULL),(135,'cash_in',10000.00,10000.00,NULL,25,1,NULL,'2023-10-30 05:25:49','2023-10-30 05:25:49',1,NULL),(136,'cash_out',-97800.00,0.00,'0',34,1,NULL,'2023-10-30 05:30:10','2023-10-30 05:30:10',1,NULL),(137,'cash_in',5000.00,0.00,'0',34,1,NULL,'2023-10-30 05:30:50','2023-10-30 05:30:50',1,NULL),(138,'cash_out',-1000.00,0.00,NULL,33,NULL,NULL,'2023-10-30 06:49:16','2023-10-30 06:52:34',1,NULL),(139,'cash_out',-1000.00,0.00,'1000',33,1,NULL,'2023-10-30 06:50:12','2023-10-30 06:50:12',1,NULL),(140,'cash_out',-1000.00,-1000.00,'ก',33,1,NULL,'2023-10-30 06:50:34','2023-10-30 06:50:34',1,NULL),(141,'cash_out',-1000.00,0.00,NULL,33,NULL,NULL,'2023-10-30 06:52:13','2023-10-30 06:52:43',1,NULL),(142,'cash_out',-1000.00,0.00,NULL,33,NULL,NULL,'2023-10-30 06:53:27','2023-10-30 06:54:34',1,NULL),(143,'cash_out',-1000.00,0.00,NULL,33,NULL,NULL,'2023-10-30 06:55:16','2023-10-30 06:55:35',1,NULL),(144,'cash_in',2000.00,0.00,NULL,36,1,NULL,'2023-10-30 10:03:24','2023-10-30 10:03:24',1,NULL),(145,'cash_in',50000.00,0.00,NULL,37,1,NULL,'2023-10-30 10:18:18','2023-10-30 10:18:18',1,NULL),(146,'cash_out',-524795.00,0.00,NULL,24,1,NULL,'2023-10-30 10:40:43','2023-10-30 10:40:43',1,NULL),(147,'cash_in',30000.00,0.00,NULL,24,1,NULL,'2023-10-30 10:40:54','2023-10-30 10:40:54',1,NULL),(148,'cash_in',2000.00,0.00,NULL,36,1,NULL,'2023-10-30 10:53:00','2023-10-30 10:53:00',1,NULL),(149,'cash_in',30000.00,0.00,NULL,24,1,NULL,'2023-10-30 10:53:12','2023-10-30 10:53:12',1,NULL),(150,'cash_out',-2360.00,0.00,NULL,36,NULL,NULL,'2023-10-30 10:59:38','2023-10-30 11:23:31',1,NULL),(151,'cash_out',-2360.00,0.00,NULL,36,1,NULL,'2023-10-30 11:15:46','2023-10-30 11:15:46',1,NULL),(152,'cash_in',0.00,2360.00,'ลด0',36,1,NULL,'2023-10-30 12:46:40','2023-10-30 12:46:40',1,NULL),(153,'cash_out',-35400.00,0.00,NULL,24,1,NULL,'2023-10-31 04:44:38','2023-10-31 04:44:38',1,NULL),(154,'cash_in',50000.00,0.00,NULL,24,1,NULL,'2023-10-31 04:44:48','2023-10-31 04:44:48',1,NULL),(155,'cash_in',3000.00,0.00,NULL,36,1,NULL,'2023-10-31 05:04:35','2023-10-31 05:04:35',1,NULL),(156,'cash_out',-3660.00,0.00,NULL,36,1,NULL,'2023-10-31 06:23:35','2023-10-31 06:23:35',1,NULL),(157,'cash_in',3000.00,0.00,NULL,26,NULL,NULL,'2023-11-01 12:29:44','2023-11-01 12:31:00',2,'images/slips/1781364722360306.jpg'),(158,'cash_in',3000.00,0.00,NULL,26,1,NULL,'2023-11-01 12:30:08','2023-11-01 12:30:08',1,NULL),(159,'cash_in',14000.00,0.00,NULL,41,1,NULL,'2023-11-03 13:20:47','2023-11-03 13:20:47',1,NULL),(160,'cash_in',2000.00,0.00,NULL,40,1,NULL,'2023-11-03 13:40:04','2023-11-03 13:40:04',1,NULL),(161,'cash_out',-16660.00,0.00,NULL,41,1,NULL,'2023-11-03 14:16:26','2023-11-03 14:16:26',1,NULL),(162,'cash_out',-2380.00,0.00,NULL,40,1,NULL,'2023-11-03 14:22:02','2023-11-03 14:22:02',1,NULL),(163,'cash_in',20000.00,0.00,NULL,41,1,NULL,'2023-11-04 03:39:43','2023-11-04 03:39:43',1,NULL),(164,'cash_in',2000.00,0.00,NULL,40,1,NULL,'2023-11-04 03:43:43','2023-11-04 03:43:43',1,NULL),(165,'cash_in',1000.00,0.00,NULL,40,1,NULL,'2023-11-04 03:53:48','2023-11-04 03:53:48',1,NULL),(166,'cash_out',-3630.00,0.00,NULL,40,1,NULL,'2023-11-04 04:57:26','2023-11-04 04:57:26',1,NULL),(167,'cash_in',40000.00,0.00,NULL,40,1,NULL,'2023-11-04 06:09:14','2023-11-04 06:09:14',1,NULL),(168,'cash_out',-40000.00,0.00,NULL,40,1,NULL,'2023-11-04 06:09:31','2023-11-04 06:09:31',1,NULL),(169,'cash_in',4000.00,0.00,NULL,40,1,NULL,'2023-11-04 06:09:40','2023-11-04 06:09:40',1,NULL),(170,'cash_out',-24200.00,0.00,NULL,41,1,NULL,'2023-11-04 06:10:19','2023-11-04 06:10:19',1,NULL),(171,'cash_in',50000.00,0.00,NULL,41,1,NULL,'2023-11-04 06:10:27','2023-11-04 06:10:27',1,NULL),(172,'cash_out',-280.00,0.00,NULL,29,1,NULL,'2023-11-04 06:53:01','2023-11-04 06:53:01',1,NULL),(173,'cash_in',50000.00,0.00,NULL,29,NULL,NULL,'2023-11-04 06:57:27','2023-11-04 14:44:04',2,'images/slips/1781615607805526.jpg'),(174,'cash_in',50000.00,0.00,NULL,29,1,NULL,'2023-11-04 08:08:43','2023-11-04 08:08:43',1,NULL),(175,'cash_in',2000.00,0.00,NULL,42,NULL,NULL,'2023-11-04 12:02:02','2023-11-04 12:02:44',1,'images/slips/1781634770602211.png'),(176,'cash_in',2000.00,0.00,NULL,42,NULL,NULL,'2023-11-04 12:02:04','2023-11-04 14:44:02',2,'images/slips/1781634772242312.png'),(177,'cash_out',-78222.00,0.00,NULL,24,1,NULL,'2023-11-05 03:51:08','2023-11-05 03:51:08',1,NULL),(178,'cash_in',50000.00,0.00,NULL,24,1,NULL,'2023-11-05 03:51:20','2023-11-05 03:51:20',1,NULL),(179,'cash_out',-2360.00,0.00,NULL,42,1,NULL,'2023-11-05 04:46:55','2023-11-05 04:46:55',1,NULL),(180,'cash_out',-59000.00,0.00,NULL,24,1,NULL,'2023-11-05 06:33:36','2023-11-05 06:33:36',1,NULL),(181,'cash_in',78000.00,0.00,NULL,24,1,NULL,'2023-11-05 06:33:47','2023-11-05 06:33:47',1,NULL),(182,'cash_in',100.00,0.00,NULL,24,1,NULL,'2023-11-05 06:34:23','2023-11-05 06:34:23',1,NULL),(183,'cash_in',100.00,0.00,NULL,24,1,NULL,'2023-11-05 06:34:24','2023-11-05 06:34:24',1,NULL),(184,'cash_out',-100.00,0.00,NULL,24,1,NULL,'2023-11-05 06:34:33','2023-11-05 06:34:33',1,NULL),(185,'cash_in',5000.00,0.00,NULL,42,1,NULL,'2023-11-05 07:05:17','2023-11-05 07:05:17',1,NULL),(186,'cash_in',5000.00,0.00,NULL,42,NULL,NULL,'2023-11-05 07:06:14','2023-11-05 07:06:14',0,'images/slips/1781706756926168.png'),(187,'cash_in',5000.00,0.00,NULL,42,NULL,NULL,'2023-11-05 07:06:15','2023-11-05 07:06:15',0,'images/slips/1781706758554334.png'),(188,'cash_out',-96063.00,0.00,NULL,24,1,NULL,'2023-11-05 08:55:16','2023-11-05 08:55:16',1,NULL),(189,'cash_in',70000.00,0.00,NULL,24,1,NULL,'2023-11-05 08:55:23','2023-11-05 08:55:23',1,NULL),(190,'cash_in',7000.00,0.00,NULL,42,NULL,NULL,'2023-11-05 10:49:26','2023-11-05 10:49:26',0,'images/slips/1781720799941134.png'),(191,'cash_out',-6050.00,0.00,NULL,42,1,NULL,'2023-11-05 10:49:53','2023-11-05 10:49:53',1,NULL),(192,'cash_in',7000.00,0.00,NULL,42,1,NULL,'2023-11-05 10:50:00','2023-11-05 10:50:00',1,NULL),(193,'cash_out',-5000.00,0.00,NULL,28,1,NULL,'2023-11-05 11:22:44','2023-11-05 11:22:44',1,NULL),(194,'cash_in',50000.00,0.00,NULL,28,1,NULL,'2023-11-05 11:23:25','2023-11-05 11:23:25',1,NULL),(195,'cash_in',20000.00,0.00,NULL,28,1,NULL,'2023-11-05 11:23:38','2023-11-05 11:23:38',1,NULL),(196,'cash_out',-40000.00,0.00,NULL,28,1,NULL,'2023-11-05 11:23:50','2023-11-05 11:23:50',1,NULL),(197,'cash_out',-3660.00,0.00,NULL,26,1,NULL,'2023-11-05 11:24:03','2023-11-05 11:24:03',1,NULL),(198,'cash_in',15000.00,0.00,NULL,26,1,NULL,'2023-11-05 11:24:11','2023-11-05 11:24:11',1,NULL),(199,'cash_out',-27060.00,0.00,NULL,25,1,NULL,'2023-11-05 11:24:47','2023-11-05 11:24:47',1,NULL),(200,'cash_in',20000.00,0.00,NULL,25,1,NULL,'2023-11-05 11:25:00','2023-11-05 11:25:00',1,NULL),(201,'cash_out',-84700.00,0.00,NULL,24,1,NULL,'2023-11-05 11:25:18','2023-11-05 11:25:18',1,NULL),(202,'cash_in',100000.00,0.00,NULL,24,1,NULL,'2023-11-05 11:25:28','2023-11-05 11:25:28',1,NULL),(203,'cash_out',-6150.00,0.00,NULL,37,1,NULL,'2023-11-05 11:25:48','2023-11-05 11:25:48',1,NULL),(204,'cash_in',100000.00,0.00,NULL,37,1,NULL,'2023-11-05 11:25:55','2023-11-05 11:25:55',1,NULL),(205,'cash_out',-170478.00,0.00,NULL,23,1,NULL,'2023-11-05 11:26:12','2023-11-05 11:26:12',1,NULL),(206,'cash_in',50000.00,0.00,NULL,23,1,NULL,'2023-11-05 11:26:22','2023-11-05 11:26:22',1,NULL),(207,'cash_out',-5412.00,0.00,NULL,40,1,NULL,'2023-11-05 11:28:40','2023-11-05 11:28:40',1,NULL),(208,'cash_out',-67650.00,0.00,NULL,41,1,NULL,'2023-11-05 11:32:37','2023-11-05 11:32:37',1,NULL),(209,'cash_in',50000.00,0.00,NULL,41,1,NULL,'2023-11-05 11:32:46','2023-11-05 11:32:46',1,NULL),(210,'cash_in',5000.00,0.00,NULL,40,1,NULL,'2023-11-05 12:17:31','2023-11-05 12:17:31',1,NULL),(211,'cash_in',97687.00,0.00,NULL,29,1,NULL,'2023-11-06 05:09:01','2023-11-06 05:09:01',1,NULL),(212,'cash_in',97687.00,0.00,NULL,29,1,NULL,'2023-11-06 05:09:05','2023-11-06 05:09:05',1,NULL),(213,'cash_out',-195374.00,0.00,NULL,29,1,NULL,'2023-11-06 05:10:31','2023-11-06 05:10:31',1,NULL),(214,'cash_in',97687.00,0.00,NULL,29,1,NULL,'2023-11-06 05:11:09','2023-11-06 05:11:09',1,NULL),(215,'cash_out',-10587.50,0.00,NULL,42,NULL,NULL,'2023-11-06 05:41:48','2023-11-06 05:41:48',0,NULL),(216,'cash_out',-10587.00,0.00,NULL,42,1,NULL,'2023-11-06 05:52:39','2023-11-06 05:52:39',1,NULL),(217,'cash_in',10000.00,0.00,NULL,42,NULL,NULL,'2023-11-06 08:06:52','2023-11-06 08:06:52',0,'images/slips/1781801168307654.png'),(218,'cash_in',10000.00,0.00,NULL,42,NULL,NULL,'2023-11-06 08:06:55','2023-11-06 08:06:55',0,'images/slips/1781801170048953.png'),(219,'cash_in',10000.00,0.00,NULL,42,1,NULL,'2023-11-06 08:07:11','2023-11-06 08:07:11',1,NULL),(220,'cash_out',-151250.00,0.00,NULL,24,1,NULL,'2023-11-06 08:12:49','2023-11-06 08:12:49',1,NULL),(221,'cash_in',300000.00,0.00,NULL,24,1,NULL,'2023-11-06 08:13:33','2023-11-06 08:13:33',1,NULL),(222,'cash_out',-97687.00,0.00,NULL,29,1,NULL,'2023-11-06 12:32:26','2023-11-06 12:32:26',1,NULL),(223,'cash_in',100000.00,0.00,NULL,29,1,NULL,'2023-11-06 12:32:36','2023-11-06 12:32:36',1,NULL),(224,'cash_out',-54450.00,0.00,NULL,28,1,NULL,'2023-11-06 12:33:20','2023-11-06 12:33:20',1,NULL),(225,'cash_out',-22687.00,0.00,NULL,26,1,NULL,'2023-11-06 12:34:00','2023-11-06 12:34:00',1,NULL),(226,'cash_in',40000.00,0.00,NULL,26,1,NULL,'2023-11-06 12:34:14','2023-11-06 12:34:14',1,NULL),(227,'cash_out',-30250.00,0.00,NULL,25,1,NULL,'2023-11-06 12:34:25','2023-11-06 12:34:25',1,NULL),(228,'cash_in',50000.00,0.00,NULL,25,1,NULL,'2023-11-06 12:34:34','2023-11-06 12:34:34',1,NULL),(229,'cash_out',-50000.00,0.00,NULL,23,1,NULL,'2023-11-06 12:34:45','2023-11-06 12:34:45',1,NULL),(230,'cash_in',200000.00,0.00,NULL,23,1,NULL,'2023-11-06 12:34:52','2023-11-06 12:34:52',1,NULL),(231,'cash_out',-151250.00,0.00,NULL,37,1,NULL,'2023-11-06 12:35:08','2023-11-06 12:35:08',1,NULL),(232,'cash_in',500000.00,0.00,NULL,37,1,NULL,'2023-11-06 12:35:17','2023-11-06 12:35:17',1,NULL),(233,'cash_in',50000.00,0.00,NULL,28,1,NULL,'2023-11-06 12:52:19','2023-11-06 12:52:19',1,NULL),(234,'cash_out',-22200.00,0.00,NULL,42,1,NULL,'2023-11-06 14:34:54','2023-11-06 14:34:54',1,NULL),(235,'cash_in',16100.00,0.00,NULL,42,1,NULL,'2023-11-06 14:35:10','2023-11-06 14:35:10',1,NULL),(236,'cash_out',-2615306.00,0.00,NULL,37,1,NULL,'2023-11-07 04:09:47','2023-11-07 04:09:47',1,NULL),(237,'cash_in',805000.00,0.00,NULL,37,1,NULL,'2023-11-07 04:10:16','2023-11-07 04:10:16',1,NULL),(238,'cash_out',-671898.00,0.00,NULL,29,1,NULL,'2023-11-07 04:10:29','2023-11-07 04:10:29',1,NULL),(239,'cash_in',161000.00,0.00,NULL,29,1,NULL,'2023-11-07 04:10:51','2023-11-07 04:10:51',1,NULL),(240,'cash_out',-208664.00,0.00,NULL,28,1,NULL,'2023-11-07 04:11:04','2023-11-07 04:11:04',1,NULL),(241,'cash_in',80500.00,0.00,NULL,28,1,NULL,'2023-11-07 04:11:19','2023-11-07 04:11:19',1,NULL),(242,'cash_out',-268759.00,0.00,NULL,26,1,NULL,'2023-11-07 04:11:34','2023-11-07 04:11:34',1,NULL),(243,'cash_in',64400.00,0.00,NULL,26,1,NULL,'2023-11-07 04:11:55','2023-11-07 04:11:55',1,NULL),(244,'cash_in',64400.00,0.00,NULL,26,1,NULL,'2023-11-07 04:11:55','2023-11-07 04:11:55',1,NULL),(245,'cash_in',80500.00,0.00,NULL,25,1,NULL,'2023-11-07 04:12:12','2023-11-07 04:12:12',1,NULL),(246,'cash_out',-2015695.00,0.00,NULL,24,1,NULL,'2023-11-07 04:12:36','2023-11-07 04:12:36',1,NULL),(247,'cash_in',483000.00,0.00,NULL,24,1,NULL,'2023-11-07 04:12:53','2023-11-07 04:12:53',1,NULL),(248,'cash_out',-128800.00,0.00,NULL,26,1,NULL,'2023-11-07 04:13:58','2023-11-07 04:13:58',1,NULL),(249,'cash_in',64400.00,0.00,NULL,26,1,NULL,'2023-11-07 04:14:24','2023-11-07 04:14:24',1,NULL),(250,'cash_in',246458.00,0.00,NULL,28,1,NULL,'2023-11-07 06:45:44','2023-11-07 06:45:44',1,NULL),(251,'cash_in',197167.00,0.00,NULL,26,1,NULL,'2023-11-07 06:46:04','2023-11-07 06:46:04',1,NULL),(252,'cash_in',409121.00,0.00,NULL,28,1,NULL,'2023-11-07 06:49:24','2023-11-07 06:49:24',1,NULL),(253,'cash_in',81824.00,0.00,NULL,42,1,NULL,'2023-11-07 06:51:21','2023-11-07 06:51:21',1,NULL),(254,'cash_in',3430707.00,0.00,NULL,24,1,NULL,'2023-11-07 06:51:48','2023-11-07 06:51:48',1,NULL),(255,'cash_out',-6861414.00,0.00,NULL,24,1,NULL,'2023-11-07 06:51:59','2023-11-07 06:51:59',1,NULL),(256,'cash_in',2454729.00,0.00,NULL,24,1,NULL,'2023-11-07 06:52:11','2023-11-07 06:52:11',1,NULL),(257,'cash_out',-77450.00,0.00,NULL,41,1,NULL,'2023-11-07 09:44:14','2023-11-07 09:44:14',1,NULL),(258,'cash_in',50000.00,0.00,NULL,41,1,NULL,'2023-11-07 09:44:21','2023-11-07 09:44:21',1,NULL),(259,'cash_out',-5793161.00,0.00,NULL,24,1,NULL,'2023-11-07 10:27:14','2023-11-07 10:27:14',1,NULL),(260,'cash_in',4123944.00,0.00,NULL,24,1,NULL,'2023-11-07 10:28:22','2023-11-07 10:28:22',1,NULL),(261,'cash_out',-17365102.00,0.00,NULL,24,1,NULL,'2023-11-08 04:03:53','2023-11-08 04:03:53',1,NULL),(262,'cash_in',17365102.00,0.00,NULL,24,1,NULL,'2023-11-08 04:04:06','2023-11-08 04:04:06',1,NULL),(263,'cash_out',-17365102.00,0.00,NULL,24,1,NULL,'2023-11-08 04:04:26','2023-11-08 04:04:26',1,NULL),(264,'cash_in',12270382.00,0.00,NULL,24,1,NULL,'2023-11-08 04:04:42','2023-11-08 04:04:42',1,NULL),(265,'cash_in',415063.00,0.00,NULL,42,1,NULL,'2023-11-08 05:41:13','2023-11-08 05:41:13',1,NULL),(266,'cash_out',-830126.00,0.00,NULL,42,1,NULL,'2023-11-08 05:41:27','2023-11-08 05:41:27',1,NULL),(267,'cash_in',1380327.00,0.00,NULL,42,1,NULL,'2023-11-08 05:41:42','2023-11-08 05:41:42',1,NULL),(268,'cash_out',-3523850.00,0.00,NULL,26,1,NULL,'2023-11-08 07:15:12','2023-11-08 07:15:12',1,NULL),(269,'cash_in',2000.00,0.00,NULL,26,1,NULL,'2023-11-08 07:15:21','2023-11-08 07:15:21',1,NULL),(270,'cash_out',-3120.00,0.00,NULL,26,1,NULL,'2023-11-08 08:14:09','2023-11-08 08:14:09',1,NULL),(271,'cash_in',3523850.00,0.00,NULL,26,1,NULL,'2023-11-08 08:14:28','2023-11-08 08:14:28',1,NULL),(272,'cash_out',-3523850.00,0.00,NULL,26,1,NULL,'2023-11-08 09:59:10','2023-11-08 09:59:10',1,NULL),(273,'cash_in',2000.00,0.00,NULL,26,1,NULL,'2023-11-08 09:59:21','2023-11-08 09:59:21',1,NULL),(274,'cash_out',-7664364.00,0.00,NULL,28,1,NULL,'2023-11-08 09:59:44','2023-11-08 09:59:44',1,NULL),(275,'cash_in',2000.00,0.00,NULL,28,1,NULL,'2023-11-08 09:59:52','2023-11-08 09:59:52',1,NULL),(276,'cash_in',3521849.00,0.00,NULL,26,1,NULL,'2023-11-08 10:02:42','2023-11-08 10:02:42',1,NULL),(277,'cash_in',2000.00,0.00,NULL,26,1,NULL,'2023-11-08 10:02:54','2023-11-08 10:02:54',1,NULL),(278,'cash_out',-1999.00,0.00,NULL,26,1,NULL,'2023-11-08 10:03:04','2023-11-08 10:03:04',1,NULL),(279,'cash_in',2000.00,0.00,NULL,26,1,NULL,'2023-11-08 10:03:14','2023-11-08 10:03:14',1,NULL),(280,'cash_out',-2000.00,0.00,NULL,26,1,NULL,'2023-11-08 10:04:45','2023-11-08 10:04:45',1,NULL),(281,'cash_in',3523850.00,0.00,NULL,26,1,NULL,'2023-11-08 10:04:58','2023-11-08 10:04:58',1,NULL),(282,'cash_out',-2200.00,0.00,NULL,28,1,NULL,'2023-11-08 10:05:08','2023-11-08 10:05:08',1,NULL),(283,'cash_in',7664364.00,0.00,NULL,28,1,NULL,'2023-11-08 10:05:19','2023-11-08 10:05:19',1,NULL),(284,'cash_in',71738551.00,0.00,NULL,24,1,NULL,'2023-11-08 13:01:18','2023-11-08 13:01:18',1,NULL),(285,'cash_out',-1135547.00,0.00,NULL,40,1,NULL,'2023-11-09 04:41:28','2023-11-09 04:41:28',1,NULL),(286,'cash_in',69265.00,0.00,NULL,40,1,NULL,'2023-11-09 04:44:46','2023-11-09 04:44:46',1,NULL),(287,'cash_out',-1135547.00,0.00,NULL,41,1,NULL,'2023-11-09 04:48:32','2023-11-09 04:48:32',1,NULL),(288,'cash_in',660201.00,0.00,NULL,41,1,NULL,'2023-11-09 04:48:43','2023-11-09 04:48:43',1,NULL),(289,'cash_out',-69265.00,0.00,NULL,40,1,NULL,'2023-11-09 04:53:11','2023-11-09 04:53:11',1,NULL),(290,'cash_in',1135547.00,0.00,NULL,40,1,NULL,'2023-11-09 04:53:28','2023-11-09 04:53:28',1,NULL),(291,'cash_out',-660201.00,0.00,NULL,41,1,NULL,'2023-11-09 04:53:39','2023-11-09 04:53:39',1,NULL),(292,'cash_in',1135547.00,0.00,NULL,41,1,NULL,'2023-11-09 04:55:07','2023-11-09 04:55:07',1,NULL),(293,'cash_out',-1135547.00,0.00,NULL,41,1,NULL,'2023-11-09 09:31:33','2023-11-09 09:31:33',1,NULL),(294,'cash_in',2271094.00,0.00,NULL,41,1,NULL,'2023-11-09 09:31:44','2023-11-09 09:31:44',1,NULL),(295,'cash_in',2000.00,0.00,NULL,47,1,NULL,'2023-11-11 09:24:27','2023-11-11 09:24:27',1,NULL),(296,'cash_out',-5497206.00,0.00,NULL,26,1,NULL,'2023-11-11 12:37:44','2023-11-11 12:37:44',1,NULL),(297,'cash_in',10000.00,0.00,NULL,26,1,NULL,'2023-11-11 12:37:53','2023-11-11 12:37:53',1,NULL),(298,'cash_out',-2360.00,0.00,NULL,47,NULL,NULL,'2023-11-11 13:11:43','2023-11-11 13:11:43',0,NULL),(299,'cash_out',-2360.00,0.00,NULL,47,1,NULL,'2023-11-12 03:50:29','2023-11-12 03:50:29',1,NULL),(300,'cash_in',50000.00,0.00,NULL,47,1,NULL,'2023-11-12 03:50:35','2023-11-12 03:50:35',1,NULL),(301,'cash_in',11800.00,0.00,NULL,26,1,NULL,'2023-11-12 04:19:10','2023-11-12 04:19:10',1,NULL),(302,'cash_out',-23600.00,0.00,NULL,26,1,NULL,'2023-11-12 04:19:21','2023-11-12 04:19:21',1,NULL),(303,'cash_in',20000.00,0.00,NULL,26,1,NULL,'2023-11-12 04:19:56','2023-11-12 04:19:56',1,NULL),(304,'cash_out',-5000.00,0.00,NULL,47,1,NULL,'2023-11-12 04:29:39','2023-11-12 04:29:39',1,NULL),(305,'cash_out',-40000.00,0.00,NULL,47,1,NULL,'2023-11-12 04:29:48','2023-11-12 04:29:48',1,NULL),(306,'cash_in',24200.00,0.00,NULL,26,1,NULL,'2023-11-12 05:14:43','2023-11-12 05:14:43',1,NULL),(307,'cash_out',-6050.00,0.00,NULL,47,NULL,NULL,'2023-11-12 05:20:25','2023-11-12 05:20:25',0,NULL),(308,'cash_out',-6050.00,0.00,NULL,47,1,NULL,'2023-11-12 05:23:24','2023-11-12 05:23:24',1,NULL),(309,'cash_in',10000.00,0.00,NULL,47,1,NULL,'2023-11-12 06:42:07','2023-11-12 06:42:07',1,NULL),(310,'cash_out',-24200.00,0.00,NULL,26,1,NULL,'2023-11-12 06:42:16','2023-11-12 06:42:16',1,NULL),(311,'cash_in',50000.00,0.00,NULL,26,1,NULL,'2023-11-12 06:42:24','2023-11-12 06:42:24',1,NULL),(312,'cash_out',-1195640.00,0.00,NULL,25,1,NULL,'2023-11-12 10:30:59','2023-11-12 10:30:59',1,NULL),(313,'cash_out',-10760768.00,0.00,NULL,25,1,NULL,'2023-11-12 10:31:13','2023-11-12 10:31:13',1,NULL),(314,'cash_in',1000.00,10.00,NULL,48,1,NULL,'2023-11-12 11:59:19','2023-11-12 11:59:19',1,NULL),(315,'cash_in',60000.00,0.00,NULL,23,1,NULL,'2023-11-12 12:17:49','2023-11-12 12:17:49',1,NULL),(316,'cash_in',20000.00,0.00,NULL,25,1,NULL,'2023-11-12 12:20:20','2023-11-12 12:20:20',1,NULL),(317,'cash_out',-20000.00,0.00,NULL,29,1,NULL,'2023-11-12 12:21:38','2023-11-12 12:21:38',1,NULL),(318,'cash_out',-23264117.00,0.00,NULL,29,1,NULL,'2023-11-12 12:21:59','2023-11-12 12:21:59',1,NULL),(319,'cash_in',40000.00,0.00,NULL,29,1,NULL,'2023-11-12 12:22:09','2023-11-12 12:22:09',1,NULL),(320,'cash_out',-119564316.00,0.00,NULL,37,1,NULL,'2023-11-12 12:22:22','2023-11-12 12:22:22',1,NULL),(321,'cash_in',100000.00,0.00,NULL,37,1,NULL,'2023-11-12 12:22:30','2023-11-12 12:22:30',1,NULL),(322,'cash_out',-14400.00,0.00,NULL,47,1,NULL,'2023-11-12 12:38:10','2023-11-12 12:38:10',1,NULL),(323,'cash_in',1220.00,0.00,NULL,47,1,NULL,'2023-11-12 12:38:26','2023-11-12 12:38:26',1,NULL),(324,'cash_out',-1220.00,0.00,NULL,47,1,NULL,'2023-11-12 12:38:38','2023-11-12 12:38:38',1,NULL),(325,'cash_in',12200.00,0.00,NULL,47,1,NULL,'2023-11-12 12:38:55','2023-11-12 12:38:55',1,NULL),(326,'cash_out',-14000.00,0.00,NULL,47,NULL,NULL,'2023-11-13 05:36:31','2023-11-13 05:36:31',0,NULL),(327,'cash_out',-71980.00,0.00,NULL,26,1,NULL,'2023-11-13 06:54:53','2023-11-13 06:54:53',1,NULL),(328,'cash_in',100000.00,0.00,NULL,26,1,NULL,'2023-11-13 06:55:02','2023-11-13 06:55:02',1,NULL),(329,'cash_out',-14000.00,0.00,NULL,47,1,NULL,'2023-11-13 06:55:18','2023-11-13 06:55:18',1,NULL),(330,'cash_in',10000.00,0.00,NULL,47,1,NULL,'2023-11-13 06:56:19','2023-11-13 06:56:19',1,NULL),(331,'cash_in',40000.00,0.00,NULL,47,1,NULL,'2023-11-13 09:10:13','2023-11-13 09:10:13',1,NULL),(332,'cash_out',-57584.00,0.00,NULL,29,1,NULL,'2023-11-14 04:07:36','2023-11-14 04:07:36',1,NULL),(333,'cash_in',100000.00,0.00,NULL,29,1,NULL,'2023-11-14 04:07:46','2023-11-14 04:07:46',1,NULL),(334,'cash_out',-1195640.00,0.00,NULL,28,1,NULL,'2023-11-14 04:07:56','2023-11-14 04:07:56',1,NULL),(335,'cash_out',-10760768.00,0.00,NULL,28,1,NULL,'2023-11-14 04:08:06','2023-11-14 04:08:06',1,NULL),(336,'cash_in',100000.00,0.00,NULL,28,1,NULL,'2023-11-14 04:08:14','2023-11-14 04:08:14',1,NULL),(337,'cash_out',-143960.00,0.00,NULL,37,1,NULL,'2023-11-14 04:08:26','2023-11-14 04:08:26',1,NULL),(338,'cash_in',150000.00,0.00,NULL,37,1,NULL,'2023-11-14 04:08:33','2023-11-14 04:08:33',1,NULL),(339,'cash_out',-28792.00,0.00,NULL,25,1,NULL,'2023-11-14 04:08:44','2023-11-14 04:08:44',1,NULL),(340,'cash_in',130000.00,0.00,NULL,25,1,NULL,'2023-11-14 04:08:55','2023-11-14 04:08:55',1,NULL),(341,'cash_out',-101952.00,0.00,NULL,23,1,NULL,'2023-11-14 04:09:06','2023-11-14 04:09:06',1,NULL),(342,'cash_in',150000.00,0.00,NULL,23,1,NULL,'2023-11-14 04:09:13','2023-11-14 04:09:13',1,NULL),(343,'cash_in',14000.00,0.00,NULL,47,1,NULL,'2023-11-14 04:18:42','2023-11-14 04:18:42',1,NULL),(344,'cash_out',-28000.00,0.00,NULL,47,1,NULL,'2023-11-14 04:18:56','2023-11-14 04:18:56',1,NULL),(345,'cash_in',64000.00,0.00,NULL,47,1,NULL,'2023-11-14 04:19:09','2023-11-14 04:19:09',1,NULL);

--
-- Table structure for table `failed_jobs`
--

CREATE TABLE `failed_jobs` (
  `id` bigint unsigned NOT NULL AUTO_INCREMENT,
  `uuid` varchar(255) CHARACTER SET utf8mb4 COLLATE utf8mb4_unicode_ci NOT NULL,
  `connection` text CHARACTER SET utf8mb4 COLLATE utf8mb4_unicode_ci NOT NULL,
  `queue` text CHARACTER SET utf8mb4 COLLATE utf8mb4_unicode_ci NOT NULL,
  `payload` longtext CHARACTER SET utf8mb4 COLLATE utf8mb4_unicode_ci NOT NULL,
  `exception` longtext CHARACTER SET utf8mb4 COLLATE utf8mb4_unicode_ci NOT NULL,
  `failed_at` timestamp NOT NULL DEFAULT CURRENT_TIMESTAMP,
  PRIMARY KEY (`id`),
  UNIQUE KEY `failed_jobs_uuid_unique` (`uuid`)
) ENGINE=InnoDB DEFAULT CHARSET=utf8mb4 COLLATE=utf8mb4_unicode_ci;

--
-- Dumping data for table `failed_jobs`
--


--
-- Table structure for table `members`
--

CREATE TABLE `members` (
  `id` bigint unsigned NOT NULL AUTO_INCREMENT,
  `bank_id` bigint unsigned DEFAULT NULL,
  `bank_username` varchar(255) CHARACTER SET utf8mb4 COLLATE utf8mb4_unicode_ci DEFAULT NULL,
  `bank_number` varchar(255) CHARACTER SET utf8mb4 COLLATE utf8mb4_unicode_ci DEFAULT NULL,
  `note` text CHARACTER SET utf8mb4 COLLATE utf8mb4_unicode_ci,
  `user_id` bigint unsigned DEFAULT NULL,
  `is_new_member` tinyint(1) NOT NULL DEFAULT '1',
  `can_withdraw` tinyint(1) NOT NULL DEFAULT '1',
  `withdraw_message` text CHARACTER SET utf8mb4 COLLATE utf8mb4_unicode_ci,
  `deleted_at` timestamp NULL DEFAULT NULL,
  `created_at` timestamp NULL DEFAULT NULL,
  `updated_at` timestamp NULL DEFAULT NULL,
  `credit` double(15,2) NOT NULL DEFAULT '0.00',
  `profile_photo` varchar(255) CHARACTER SET utf8mb4 COLLATE utf8mb4_unicode_ci DEFAULT NULL,
  `address` varchar(255) CHARACTER SET utf8mb4 COLLATE utf8mb4_unicode_ci DEFAULT NULL,
  `dob` varchar(255) CHARACTER SET utf8mb4 COLLATE utf8mb4_unicode_ci DEFAULT NULL,
  PRIMARY KEY (`id`)
) ENGINE=InnoDB AUTO_INCREMENT=52 DEFAULT CHARSET=utf8mb4 COLLATE=utf8mb4_unicode_ci;

--
-- Dumping data for table `members`
--

INSERT INTO `members` VALUES (23,3,'วิไลพร  กิติยะมงคลกุล','0514847361',NULL,26,0,1,NULL,NULL,'2023-10-28 06:11:23','2023-11-16 12:11:21',3402147.10,'images/profile_photo_members/1780978531382410.jpg',NULL,NULL),(24,3,'Natthaphong Panyachanakul','0588926073',NULL,27,1,1,NULL,NULL,'2023-10-28 06:21:46','2023-11-10 12:50:09',71760951.53,'images/profile_photo_members/1781245264828113.jpg',NULL,'1989-07-26'),(25,3,'จิรารัตน์  งามประเสริฐชัย','0701659874',NULL,28,1,1,NULL,NULL,'2023-10-28 06:24:34','2023-11-16 12:11:13',2797506.83,'images/profile_photo_members/1781635269373113.jpg',NULL,'1990-03-05'),(26,3,'ศราวุธ เจริญสุข','7367158828',NULL,29,0,1,NULL,NULL,'2023-10-28 06:24:57','2023-11-16 12:11:44',3238102.94,'images/profile_photo_members/1780979547369466.jpg',NULL,'1990-02-09'),(27,11,'วีชญา วิมล','1254278954',NULL,30,0,1,NULL,NULL,'2023-10-28 06:28:43','2023-10-30 03:25:26',0.00,'images/profile_photo_members/1780979733219182.jpg','232/','2532-12-23'),(28,3,'พิมพ์ ศิรารัตน์','6541408574',NULL,31,0,1,NULL,NULL,'2023-10-28 06:31:41','2023-11-16 12:11:37',3238102.96,'images/profile_photo_members/1780980364570147.jpg',NULL,'1991-09-08'),(29,3,'กิตติพงษ์ วัฒนประดิษฐ์','896541223',NULL,32,0,1,NULL,NULL,'2023-10-28 06:32:54','2023-11-16 12:11:30',3238105.94,'images/profile_photo_members/1780979947035973.jpg',NULL,'1990-06-16'),(30,3,'นางสาวชุติมา เจริญรัตนกิตติ','1249568823',NULL,33,0,1,NULL,NULL,'2023-10-28 06:42:03','2023-10-28 16:40:53',0.00,'images/profile_photo_members/1780980589899596.jpg',NULL,'2539-01-22'),(31,NULL,NULL,NULL,NULL,34,1,1,NULL,'2023-10-28 09:27:48','2023-10-28 07:12:00','2023-10-28 09:27:48',0.00,NULL,NULL,'1989-10-11'),(32,2,'fanta','5421488825','mayfrend',35,1,1,'ทำภารกิจยังไม่จบ','2023-10-30 08:09:23','2023-10-28 16:43:27','2023-10-30 08:09:23',10000.00,'images/profile_photo_members/1781018296982429.png',NULL,NULL),(33,3,'วายุทัต สีดอกบวบ','0921898398',NULL,37,0,1,NULL,'2023-10-30 10:48:43','2023-10-29 05:35:09','2023-10-30 10:48:43',10202.00,'images/profile_photo_members/1781067841102841.jpg',NULL,NULL),(34,3,'สิรินี ขันแก้ว','1663646458',NULL,41,1,1,NULL,'2023-10-30 08:09:47','2023-10-29 05:43:14','2023-10-30 08:09:47',5300.00,'images/profile_photo_members/1781067356669279.jpg',NULL,'1998-02-01'),(35,NULL,NULL,NULL,NULL,42,1,1,NULL,'2023-10-30 08:09:52','2023-10-29 09:56:04','2023-10-30 08:09:52',0.00,NULL,NULL,'1991-11-11'),(36,2,'สุภาพร จันหล้า','7860258153',NULL,43,0,1,NULL,NULL,'2023-10-30 08:25:30','2023-10-31 06:23:35',0.00,'images/profile_photo_members/1781170478960468.jpeg','73หมู่ 13 ต.แจ้ซ้อน อ.เมืองปาน จ.ลำปาง','1993-11-21'),(37,NULL,NULL,NULL,NULL,44,0,1,NULL,NULL,'2023-10-30 10:14:21','2023-11-16 12:11:59',4857148.65,'images/profile_photo_members/1781175560964384.jpg',NULL,'1946-12-16'),(38,1,'นายพรเทพ แสงแก้ว','3682494160',NULL,45,1,1,NULL,NULL,'2023-10-31 05:30:47','2023-10-31 11:58:36',0.00,NULL,NULL,'1988-08-23'),(39,NULL,NULL,NULL,NULL,46,0,1,NULL,NULL,'2023-10-31 05:38:08','2023-10-31 07:06:16',0.00,NULL,NULL,'2023-08-20'),(40,2,'ปวเรศ ดอนคงมี','6020485234',NULL,47,0,1,NULL,NULL,'2023-11-03 11:56:18','2023-11-09 04:53:28',1135547.81,'images/profile_photo_members/1781899117378868.jpeg',NULL,'1997-07-24'),(41,3,'มณีนุช  เพียนพิทัก','6525352116',NULL,48,0,1,NULL,NULL,'2023-11-03 13:15:55','2023-11-12 11:54:04',2275246.53,'images/profile_photo_members/1781548882457123.jpg',NULL,'1990-10-10'),(42,11,'กรุงไทย','9500120909',NULL,49,1,1,NULL,NULL,'2023-11-04 11:52:50','2023-11-08 13:00:17',4565018.71,NULL,NULL,'1983-01-30'),(43,NULL,NULL,NULL,NULL,50,1,1,NULL,NULL,'2023-11-05 10:28:44','2023-11-05 10:28:44',0.00,NULL,NULL,'1989-11-09'),(44,NULL,NULL,NULL,NULL,51,1,1,NULL,NULL,'2023-11-05 13:37:43','2023-11-05 13:37:43',0.00,NULL,NULL,'1982-02-25'),(45,NULL,NULL,NULL,NULL,52,1,1,NULL,NULL,'2023-11-09 08:39:33','2023-11-09 08:39:33',0.00,NULL,NULL,'2023-07-21'),(46,NULL,NULL,NULL,NULL,53,1,1,NULL,NULL,'2023-11-10 14:29:45','2023-11-10 14:29:45',0.00,NULL,NULL,'1971-03-28'),(47,NULL,NULL,NULL,NULL,54,1,1,NULL,NULL,'2023-11-11 07:33:13','2023-11-16 13:26:16',1698058.26,NULL,NULL,'1984-10-08'),(48,NULL,NULL,NULL,NULL,55,0,1,NULL,NULL,'2023-11-12 11:41:57','2023-11-12 11:59:43',10.00,NULL,NULL,'2023-11-12'),(49,NULL,NULL,NULL,NULL,56,1,1,NULL,NULL,'2023-11-13 14:36:21','2023-11-13 14:37:33',0.00,NULL,'4/2 หมู่2ต.ครึ่งอ.เชียงของจ.เชียงราย57140','1991-06-20'),(50,5,'ประเทศ จำปาทัศน์','0442563276',NULL,57,1,1,NULL,NULL,'2023-11-17 13:19:04','2023-11-17 14:17:01',0.00,NULL,NULL,'1983-05-26'),(51,NULL,NULL,NULL,NULL,58,1,1,NULL,NULL,'2023-11-19 07:04:03','2023-11-19 07:04:03',0.00,NULL,NULL,'1983-10-26');

--
-- Table structure for table `migrations`
--

CREATE TABLE `migrations` (
  `id` int unsigned NOT NULL AUTO_INCREMENT,
  `migration` varchar(255) CHARACTER SET utf8mb4 COLLATE utf8mb4_unicode_ci NOT NULL,
  `batch` int NOT NULL,
  PRIMARY KEY (`id`)
) ENGINE=InnoDB AUTO_INCREMENT=69 DEFAULT CHARSET=utf8mb4 COLLATE=utf8mb4_unicode_ci;

--
-- Dumping data for table `migrations`
--

INSERT INTO `migrations` VALUES (37,'2014_10_12_000000_create_users_table',1),(38,'2014_10_12_100000_create_password_resets_table',1),(39,'2019_08_19_000000_create_failed_jobs_table',1),(40,'2019_12_14_000001_create_personal_access_tokens_table',1),(41,'2022_04_15_130146_create_permission_tables',1),(42,'2023_08_01_022821_create_banks_table',1),(43,'2023_08_09_043107_create_members_table',1),(44,'2023_08_16_151219_add_credit_to_members_table',1),(45,'2023_08_16_171549_create_deposit_withdraws_table',1),(46,'2023_08_19_120611_create_settings_table',1),(47,'2023_08_20_004345_add_status_to_deposit_withdraws_table',1),(48,'2023_08_20_134401_add_profile_photo_to_members',1),(49,'2023_08_20_202426_create_products_table',1),(50,'2023_08_20_211804_create_slides_table',1),(51,'2023_08_24_163357_add_address_to_tbl_members-table=members',1),(52,'2023_08_29_234028_create_notifications_table',1),(53,'2023_08_30_155515_add_image_to_deposit_withdraws_table',1),(54,'2023_08_30_165707_add_dob_to_members_table',1),(56,'2023_09_01_214007_create_sectors_table',2),(60,'2023_09_02_205848_create_product_prices_table',3),(61,'2023_09_06_204939_add_is_active_to_products',4),(62,'2023_09_06_212349_add_datetime_product_prices',4),(66,'2023_09_06_233249_create_buy_sells_table',5),(67,'2023_09_07_232703_add_commission_rate_to_products_table',6),(68,'2023_11_10_162613_add_embedded_graph_to_product_tbl',7);

--
-- Table structure for table `model_has_permissions`
--

CREATE TABLE `model_has_permissions` (
  `permission_id` bigint unsigned NOT NULL,
  `model_type` varchar(255) CHARACTER SET utf8mb4 COLLATE utf8mb4_unicode_ci NOT NULL,
  `model_id` bigint unsigned NOT NULL,
  PRIMARY KEY (`permission_id`,`model_id`,`model_type`),
  KEY `model_has_permissions_model_id_model_type_index` (`model_id`,`model_type`),
  CONSTRAINT `model_has_permissions_permission_id_foreign` FOREIGN KEY (`permission_id`) REFERENCES `permissions` (`id`) ON DELETE CASCADE
) ENGINE=InnoDB DEFAULT CHARSET=utf8mb4 COLLATE=utf8mb4_unicode_ci;

--
-- Dumping data for table `model_has_permissions`
--


--
-- Table structure for table `model_has_roles`
--

CREATE TABLE `model_has_roles` (
  `role_id` bigint unsigned NOT NULL,
  `model_type` varchar(255) CHARACTER SET utf8mb4 COLLATE utf8mb4_unicode_ci NOT NULL,
  `model_id` bigint unsigned NOT NULL,
  PRIMARY KEY (`role_id`,`model_id`,`model_type`),
  KEY `model_has_roles_model_id_model_type_index` (`model_id`,`model_type`),
  CONSTRAINT `model_has_roles_role_id_foreign` FOREIGN KEY (`role_id`) REFERENCES `roles` (`id`) ON DELETE CASCADE
) ENGINE=InnoDB DEFAULT CHARSET=utf8mb4 COLLATE=utf8mb4_unicode_ci;

--
-- Dumping data for table `model_has_roles`
--

INSERT INTO `model_has_roles` VALUES (2,'App\\Models\\User',1),(1,'App\\Models\\User',26),(1,'App\\Models\\User',27),(1,'App\\Models\\User',28),(1,'App\\Models\\User',29),(1,'App\\Models\\User',30),(1,'App\\Models\\User',31),(1,'App\\Models\\User',32),(1,'App\\Models\\User',33),(1,'App\\Models\\User',34),(1,'App\\Models\\User',35),(2,'App\\Models\\User',36),(1,'App\\Models\\User',37),(1,'App\\Models\\User',41),(1,'App\\Models\\User',42),(1,'App\\Models\\User',43),(1,'App\\Models\\User',44),(1,'App\\Models\\User',45),(1,'App\\Models\\User',46),(1,'App\\Models\\User',47),(1,'App\\Models\\User',48),(1,'App\\Models\\User',49),(1,'App\\Models\\User',50),(1,'App\\Models\\User',51),(1,'App\\Models\\User',52),(1,'App\\Models\\User',53),(1,'App\\Models\\User',54),(1,'App\\Models\\User',55),(1,'App\\Models\\User',56),(1,'App\\Models\\User',57),(1,'App\\Models\\User',58);

--
-- Table structure for table `notifications`
--

CREATE TABLE `notifications` (
  `id` bigint unsigned NOT NULL AUTO_INCREMENT,
  `message` text CHARACTER SET utf8mb4 COLLATE utf8mb4_unicode_ci,
  `already_read` tinyint(1) NOT NULL DEFAULT '0',
  `member_id` bigint unsigned DEFAULT NULL,
  `deleted_at` timestamp NULL DEFAULT NULL,
  `created_at` timestamp NULL DEFAULT NULL,
  `updated_at` timestamp NULL DEFAULT NULL,
  PRIMARY KEY (`id`)
) ENGINE=InnoDB AUTO_INCREMENT=46 DEFAULT CHARSET=utf8mb4 COLLATE=utf8mb4_unicode_ci;

--
-- Dumping data for table `notifications`
--

INSERT INTO `notifications` VALUES (19,'เติมเงินสำเร็จ',1,25,NULL,'2023-10-28 06:32:46','2023-10-28 06:33:32'),(20,'ถอนเงินสำเร็จ',1,25,NULL,'2023-10-28 06:34:06','2023-10-28 06:34:58'),(21,'เติมเงินสำเร็จ',1,24,NULL,'2023-10-28 06:35:18','2023-10-28 06:35:19'),(22,'เติมเงินสำเร็จ',1,26,NULL,'2023-10-28 06:39:56','2023-10-28 06:40:34'),(23,'ถอนเงินสำเร็จ',1,26,NULL,'2023-10-28 06:40:30','2023-10-28 06:40:34'),(24,'เติมเงินสำเร็จ',1,28,NULL,'2023-10-28 06:41:32','2023-10-28 06:42:02'),(25,'เติมเงินสำเร็จ',1,29,NULL,'2023-10-28 06:43:12','2023-10-30 08:00:57'),(26,'เติมเงินสำเร็จ',1,24,NULL,'2023-10-28 09:27:37','2023-10-28 09:30:27'),(27,'เติมเงินสำเร็จ',1,24,NULL,'2023-10-28 09:28:46','2023-10-28 09:30:27'),(28,'เติมเงินสำเร็จ',1,23,NULL,'2023-10-28 09:33:08','2023-10-28 09:34:45'),(29,'เติมเงินสำเร็จ',1,32,NULL,'2023-10-28 16:45:27','2023-10-28 16:45:43'),(30,'เติมเงินสำเร็จ',1,32,NULL,'2023-10-28 17:00:18','2023-10-28 17:00:35'),(31,'ถอนเงินสำเร็จ',1,32,NULL,'2023-10-29 03:52:09','2023-10-29 03:52:35'),(32,'เติมเงินสำเร็จ',1,34,NULL,'2023-10-29 06:39:11','2023-10-29 06:39:20'),(33,'ติดต่อเจ้าหน้่ที่',1,34,NULL,'2023-10-29 06:59:50','2023-10-29 06:59:57'),(34,'ทำรายการล้มเหลว',1,34,NULL,'2023-10-29 07:00:23','2023-10-29 07:00:39'),(35,'เติมเงินสำเร็จ',1,32,NULL,'2023-10-30 05:15:42','2023-10-30 07:18:20'),(36,'ทำภารกิจยังไม่จบ',1,32,NULL,'2023-10-30 06:48:53','2023-10-30 07:18:20'),(37,'ถอนเงินสำเร็จ',1,33,NULL,'2023-10-30 06:52:34','2023-10-30 06:52:50'),(38,'ถอนเงินสำเร็จ',1,33,NULL,'2023-10-30 06:52:43','2023-10-30 06:52:50'),(39,'ถอนเงินสำเร็จ',1,33,NULL,'2023-10-30 06:54:34','2023-10-30 06:57:45'),(40,'ถอนเงินสำเร็จ',1,33,NULL,'2023-10-30 06:55:35','2023-10-30 06:57:45'),(41,'ถอนเงินสำเร็จ',1,36,NULL,'2023-10-30 11:23:31','2023-11-14 16:24:38'),(42,'ทำรายการล้มเหลว',1,26,NULL,'2023-11-01 12:31:00','2023-11-05 12:28:05'),(43,'เติมเงินสำเร็จ',1,42,NULL,'2023-11-04 12:02:44','2023-11-05 04:35:28'),(44,'ทำรายการล้มเหลว',1,42,NULL,'2023-11-04 14:44:02','2023-11-05 04:35:28'),(45,'ทำรายการล้มเหลว',1,29,NULL,'2023-11-04 14:44:04','2023-11-05 06:34:30');

--
-- Table structure for table `permissions`
--

CREATE TABLE `permissions` (
  `id` bigint unsigned NOT NULL AUTO_INCREMENT,
  `name` varchar(255) CHARACTER SET utf8mb4 COLLATE utf8mb4_unicode_ci NOT NULL,
  `guard_name` varchar(255) CHARACTER SET utf8mb4 COLLATE utf8mb4_unicode_ci NOT NULL,
  `created_at` timestamp NULL DEFAULT NULL,
  `updated_at` timestamp NULL DEFAULT NULL,
  PRIMARY KEY (`id`),
  UNIQUE KEY `permissions_name_guard_name_unique` (`name`,`guard_name`)
) ENGINE=InnoDB AUTO_INCREMENT=39 DEFAULT CHARSET=utf8mb4 COLLATE=utf8mb4_unicode_ci;

--
-- Dumping data for table `permissions`
--

INSERT INTO `permissions` VALUES (1,'role-list','web','2023-08-30 15:51:29','2023-08-30 15:51:29'),(2,'role-create','web','2023-08-30 15:51:29','2023-08-30 15:51:29'),(3,'role-edit','web','2023-08-30 15:51:29','2023-08-30 15:51:29'),(4,'role-delete','web','2023-08-30 15:51:29','2023-08-30 15:51:29'),(5,'user-list','web','2023-08-30 15:51:29','2023-08-30 15:51:29'),(6,'user-create','web','2023-08-30 15:51:29','2023-08-30 15:51:29'),(7,'user-edit','web','2023-08-30 15:51:29','2023-08-30 15:51:29'),(8,'user-delete','web','2023-08-30 15:51:29','2023-08-30 15:51:29'),(9,'bank-list','web','2023-08-30 15:51:29','2023-08-30 15:51:29'),(10,'bank-create','web','2023-08-30 15:51:29','2023-08-30 15:51:29'),(11,'bank-edit','web','2023-08-30 15:51:29','2023-08-30 15:51:29'),(12,'bank-delete','web','2023-08-30 15:51:29','2023-08-30 15:51:29'),(13,'member-list','web','2023-08-30 15:51:29','2023-08-30 15:51:29'),(14,'member-create','web','2023-08-30 15:51:29','2023-08-30 15:51:29'),(15,'member-edit','web','2023-08-30 15:51:29','2023-08-30 15:51:29'),(16,'member-delete','web','2023-08-30 15:51:29','2023-08-30 15:51:29'),(17,'deposit-withdraw-list','web','2023-08-30 15:51:29','2023-08-30 15:51:29'),(18,'deposit-withdraw-create','web','2023-08-30 15:51:29','2023-08-30 15:51:29'),(19,'deposit-withdraw-edit','web','2023-08-30 15:51:29','2023-08-30 15:51:29'),(20,'deposit-withdraw-delete','web','2023-08-30 15:51:29','2023-08-30 15:51:29'),(21,'slide-list','web','2023-08-30 15:51:29','2023-08-30 15:51:29'),(22,'slide-create','web','2023-08-30 15:51:29','2023-08-30 15:51:29'),(23,'slide-edit','web','2023-08-30 15:51:29','2023-08-30 15:51:29'),(24,'slide-delete','web','2023-08-30 15:51:29','2023-08-30 15:51:29'),(25,'report-list','web','2023-08-30 15:51:29','2023-08-30 15:51:29'),(26,'setup-list','web','2023-08-30 15:51:29','2023-08-30 15:51:29'),(27,'product-list','web','2023-08-30 15:51:29','2023-08-30 15:51:29'),(28,'product-create','web','2023-08-30 15:51:29','2023-08-30 15:51:29'),(29,'product-edit','web','2023-08-30 15:51:29','2023-08-30 15:51:29'),(30,'product-delete','web','2023-08-30 15:51:29','2023-08-30 15:51:29'),(31,'setting-list','web','2023-08-30 15:51:29','2023-08-30 15:51:29'),(32,'setting-create','web','2023-08-30 15:51:29','2023-08-30 15:51:29'),(33,'setting-edit','web','2023-08-30 15:51:29','2023-08-30 15:51:29'),(34,'setting-delete','web','2023-08-30 15:51:29','2023-08-30 15:51:29'),(35,'sector-list','web','2023-09-01 14:47:07','2023-09-01 14:47:07'),(36,'sector-create','web','2023-09-01 14:47:07','2023-09-01 14:47:07'),(37,'sector-edit','web','2023-09-01 14:47:07','2023-09-01 14:47:07'),(38,'sector-delete','web','2023-09-01 14:47:07','2023-09-01 14:47:07');

--
-- Table structure for table `product_prices`
--

CREATE TABLE `product_prices` (
  `id` bigint unsigned NOT NULL AUTO_INCREMENT,
  `price` double(15,6) NOT NULL DEFAULT '0.000000',
  `product_id` bigint unsigned DEFAULT NULL,
  `user_id` bigint unsigned DEFAULT NULL,
  `deleted_at` timestamp NULL DEFAULT NULL,
  `created_at` timestamp NULL DEFAULT NULL,
  `updated_at` timestamp NULL DEFAULT NULL,
  `datetime` datetime NOT NULL DEFAULT CURRENT_TIMESTAMP,
  PRIMARY KEY (`id`)
) ENGINE=InnoDB AUTO_INCREMENT=748 DEFAULT CHARSET=utf8mb4 COLLATE=utf8mb4_unicode_ci;

--
-- Dumping data for table `product_prices`
--

INSERT INTO `product_prices` VALUES (151,270.000000,1,1,NULL,'2023-10-30 06:28:30','2023-10-30 06:28:30','2023-10-30 12:22:58'),(152,275.000000,1,1,NULL,'2023-10-30 06:28:35','2023-10-30 06:28:35','2023-10-30 13:28:30'),(153,276.000000,1,1,NULL,'2023-10-30 06:28:38','2023-10-30 06:28:38','2023-10-30 13:28:35'),(154,260.000000,1,1,NULL,'2023-10-30 06:28:45','2023-10-30 06:28:45','2023-10-30 13:28:38'),(155,255.000000,1,1,NULL,'2023-10-30 06:28:49','2023-10-30 06:28:49','2023-10-30 13:28:46'),(156,277.000000,1,1,NULL,'2023-10-30 06:28:53','2023-10-30 06:28:53','2023-10-30 13:28:37'),(157,278.000000,1,1,NULL,'2023-10-30 06:29:00','2023-10-30 06:29:00','2023-10-30 13:28:53'),(158,260.000000,1,1,NULL,'2023-10-30 06:29:01','2023-10-30 06:29:01','2023-10-30 13:28:49'),(159,270.000000,1,1,NULL,'2023-10-30 06:29:06','2023-10-30 06:29:06','2023-10-30 13:29:01'),(160,280.000000,1,1,NULL,'2023-10-30 06:29:11','2023-10-30 06:29:11','2023-10-30 13:29:06'),(161,290.000000,1,1,NULL,'2023-10-30 06:29:15','2023-10-30 06:29:15','2023-10-30 13:29:11'),(162,295.000000,1,1,NULL,'2023-10-30 06:29:26','2023-10-30 06:29:26','2023-10-30 13:29:15'),(163,300.000000,1,1,NULL,'2023-10-30 06:29:34','2023-10-30 06:29:34','2023-10-30 13:29:26'),(164,295.000000,1,1,NULL,'2023-10-30 06:29:40','2023-10-30 06:29:40','2023-10-30 13:29:34'),(165,270.000000,1,1,NULL,'2023-10-30 06:29:44','2023-10-30 06:29:44','2023-10-30 13:29:40'),(166,260.000000,1,1,NULL,'2023-10-30 06:29:51','2023-10-30 06:29:51','2023-10-30 13:29:44'),(167,250.000000,1,1,NULL,'2023-10-30 06:29:56','2023-10-30 06:29:56','2023-10-30 13:29:52'),(168,260.000000,1,1,NULL,'2023-10-30 06:30:08','2023-10-30 06:30:08','2023-10-30 13:29:56'),(169,260.000000,1,1,NULL,'2023-10-30 06:30:10','2023-10-30 06:30:10','2023-10-30 13:29:56'),(170,270.000000,1,1,NULL,'2023-10-30 06:30:58','2023-10-30 06:30:58','2023-10-30 13:30:15'),(171,280.000000,1,1,NULL,'2023-10-30 06:31:03','2023-10-30 06:31:03','2023-10-30 13:30:58'),(172,300.000000,1,1,NULL,'2023-10-30 06:31:09','2023-10-30 06:31:09','2023-10-30 13:31:04'),(173,330.000000,1,1,NULL,'2023-10-30 06:31:13','2023-10-30 06:31:13','2023-10-30 13:31:09'),(174,2300.000000,2,1,NULL,'2023-10-30 06:33:20','2023-10-30 06:33:20','2023-10-30 13:31:14'),(175,2320.000000,2,1,NULL,'2023-10-30 06:33:25','2023-10-30 06:33:25','2023-10-30 13:33:20'),(176,2330.000000,2,1,NULL,'2023-10-30 06:33:31','2023-10-30 06:33:31','2023-10-30 13:33:25'),(177,2340.000000,2,1,NULL,'2023-10-30 06:33:35','2023-10-30 06:33:35','2023-10-30 13:33:31'),(178,2350.000000,2,1,NULL,'2023-10-30 06:33:39','2023-10-30 06:33:39','2023-10-30 13:33:35'),(179,2310.000000,2,1,NULL,'2023-10-30 06:33:45','2023-10-30 06:33:45','2023-10-30 13:33:40'),(180,2330.000000,2,1,NULL,'2023-10-30 06:33:49','2023-10-30 06:33:49','2023-10-30 13:33:45'),(181,2370.000000,2,1,NULL,'2023-10-30 06:33:53','2023-10-30 06:33:53','2023-10-30 13:33:49'),(182,23760.000000,2,1,'2023-10-30 06:34:27','2023-10-30 06:34:17','2023-10-30 06:34:27','2023-10-30 13:33:54'),(183,2370.000000,2,1,NULL,'2023-10-30 06:34:36','2023-10-30 06:34:36','2023-10-30 13:34:30'),(184,2390.000000,2,1,NULL,'2023-10-30 06:34:47','2023-10-30 06:34:47','2023-10-30 13:34:36'),(185,2400.000000,2,1,NULL,'2023-10-30 06:34:53','2023-10-30 06:34:53','2023-10-30 13:34:47'),(186,2450.000000,2,1,NULL,'2023-10-30 06:34:58','2023-10-30 06:34:58','2023-10-30 13:34:53'),(187,2550.000000,2,1,NULL,'2023-10-30 06:35:06','2023-10-30 06:35:06','2023-10-30 13:34:59'),(188,2500.000000,2,1,NULL,'2023-10-30 06:35:16','2023-10-30 06:35:16','2023-10-30 13:35:06'),(189,6218.000000,3,1,NULL,'2023-10-30 06:35:35','2023-10-30 06:35:35','2023-10-30 13:35:16'),(190,6200.000000,3,1,NULL,'2023-10-30 06:35:44','2023-10-30 06:35:44','2023-10-30 13:35:35'),(191,6250.000000,3,1,NULL,'2023-10-30 06:35:50','2023-10-30 06:35:50','2023-10-30 13:35:44'),(192,6350.000000,3,1,NULL,'2023-10-30 06:35:56','2023-10-30 06:35:56','2023-10-30 13:35:50'),(193,6300.000000,3,1,NULL,'2023-10-30 06:36:02','2023-10-30 06:36:02','2023-10-30 13:35:56'),(194,6350.000000,3,1,NULL,'2023-10-30 06:36:08','2023-10-30 06:36:08','2023-10-30 13:36:03'),(195,6550.000000,3,1,NULL,'2023-10-30 06:36:13','2023-10-30 06:36:13','2023-10-30 13:36:08'),(196,6650.000000,3,1,NULL,'2023-10-30 06:36:19','2023-10-30 06:36:19','2023-10-30 13:36:13'),(197,6750.000000,3,1,NULL,'2023-10-30 06:36:45','2023-10-30 06:36:45','2023-10-30 13:36:20'),(198,6850.000000,3,1,NULL,'2023-10-30 06:36:55','2023-10-30 06:36:55','2023-10-30 13:36:45'),(199,6950.000000,3,1,NULL,'2023-10-30 06:37:03','2023-10-30 06:37:03','2023-10-30 13:36:55'),(200,7000.000000,3,1,NULL,'2023-10-30 06:37:08','2023-10-30 06:37:19','2023-10-30 13:37:03'),(201,7100.000000,3,1,NULL,'2023-10-30 06:37:32','2023-10-30 06:37:32','2023-10-30 13:37:19'),(202,7000.000000,3,1,NULL,'2023-10-30 06:37:37','2023-10-30 06:37:37','2023-10-30 13:37:32'),(203,6900.000000,3,1,NULL,'2023-10-30 06:37:43','2023-10-30 06:37:43','2023-10-30 13:37:37'),(204,7000.000000,3,1,NULL,'2023-10-30 06:37:49','2023-10-30 06:37:56','2023-10-30 13:37:44'),(205,7100.000000,3,1,NULL,'2023-10-30 06:38:06','2023-10-30 06:38:06','2023-10-30 13:37:49'),(206,7200.000000,3,1,NULL,'2023-10-30 06:38:23','2023-10-30 06:38:23','2023-10-30 13:38:07'),(207,7300.000000,3,1,NULL,'2023-10-30 06:38:27','2023-10-30 06:38:27','2023-10-30 13:38:23'),(208,7400.000000,3,1,NULL,'2023-10-30 06:38:30','2023-10-30 06:38:30','2023-10-30 13:38:27'),(209,7600.000000,3,1,NULL,'2023-10-30 06:38:41','2023-10-30 06:38:41','2023-10-30 13:38:30'),(210,7500.000000,3,1,NULL,'2023-10-30 06:38:45','2023-10-30 06:38:45','2023-10-30 13:38:41'),(211,7600.000000,3,1,NULL,'2023-10-30 06:38:50','2023-10-30 06:38:50','2023-10-30 13:38:45'),(212,7700.000000,3,1,NULL,'2023-10-30 06:38:54','2023-10-30 06:38:54','2023-10-30 13:38:50'),(213,7800.000000,3,1,NULL,'2023-10-30 06:40:55','2023-10-30 06:40:55','2023-10-30 13:38:54'),(214,7900.000000,3,1,NULL,'2023-10-30 06:40:59','2023-10-30 06:40:59','2023-10-30 13:40:55'),(215,7800.000000,3,1,NULL,'2023-10-30 06:41:06','2023-10-30 06:41:06','2023-10-30 13:40:59'),(216,72008.920000,4,1,NULL,'2023-10-30 06:41:43','2023-10-30 06:41:43','2023-10-30 13:41:06'),(217,72108.920000,4,1,NULL,'2023-10-30 06:41:53','2023-10-30 06:41:53','2023-10-30 13:41:43'),(218,72308.920000,4,1,NULL,'2023-10-30 06:42:03','2023-10-30 06:42:03','2023-10-30 13:41:54'),(219,72008.920000,4,1,NULL,'2023-10-30 06:42:11','2023-10-30 06:42:11','2023-10-30 13:42:04'),(220,71708.920000,4,1,NULL,'2023-10-30 06:42:20','2023-10-30 06:42:20','2023-10-30 13:42:11'),(221,72108.920000,4,1,NULL,'2023-10-30 06:42:27','2023-10-30 06:42:27','2023-10-30 13:42:20'),(222,73108.920000,4,1,NULL,'2023-10-30 06:42:34','2023-10-30 06:42:34','2023-10-30 13:42:27'),(223,72108.920000,4,1,NULL,'2023-10-30 06:43:46','2023-10-30 06:43:46','2023-10-30 13:43:41'),(224,303650.000000,5,1,NULL,'2023-10-30 06:44:36','2023-10-30 06:44:36','2023-10-30 13:43:46'),(225,313650.000000,5,1,NULL,'2023-10-30 06:44:43','2023-10-30 06:44:43','2023-10-30 13:44:36'),(226,320650.000000,5,1,NULL,'2023-10-30 06:44:53','2023-10-30 06:44:53','2023-10-30 13:44:43'),(227,333650.000000,5,1,NULL,'2023-10-30 06:45:03','2023-10-30 06:45:03','2023-10-30 13:44:53'),(228,335650.000000,5,1,NULL,'2023-10-30 06:45:10','2023-10-30 06:45:10','2023-10-30 13:45:03'),(229,345650.000000,5,1,NULL,'2023-10-30 06:45:18','2023-10-30 06:45:18','2023-10-30 13:45:10'),(230,3584.000000,2,1,NULL,'2023-10-30 06:45:22','2023-11-06 12:42:06','2023-10-30 13:45:22'),(231,340650.000000,5,1,NULL,'2023-10-30 06:45:24','2023-10-30 06:45:24','2023-10-30 13:45:18'),(232,350650.000000,5,1,NULL,'2023-10-30 06:45:28','2023-10-30 06:45:28','2023-10-30 13:45:24'),(233,355650.000000,5,1,NULL,'2023-10-30 06:45:32','2023-10-30 06:45:32','2023-10-30 13:45:28'),(234,360650.000000,5,1,NULL,'2023-10-30 06:45:41','2023-10-30 06:45:41','2023-10-30 13:45:32'),(235,365650.000000,5,1,NULL,'2023-10-30 06:45:45','2023-10-30 06:45:45','2023-10-30 13:45:41'),(236,295650.000000,5,1,NULL,'2023-10-30 06:46:04','2023-10-30 06:46:04','2023-10-30 13:45:45'),(237,305650.000000,5,1,NULL,'2023-10-30 06:46:09','2023-10-30 06:46:09','2023-10-30 13:46:04'),(238,315650.000000,5,1,NULL,'2023-10-30 06:46:15','2023-10-30 06:46:15','2023-10-30 13:46:10'),(239,325650.000000,5,1,NULL,'2023-10-30 06:46:21','2023-10-30 06:46:21','2023-10-30 13:46:15'),(240,335650.000000,5,1,NULL,'2023-10-30 06:46:25','2023-10-30 06:46:25','2023-10-30 13:46:21'),(241,73108.920000,4,1,NULL,'2023-10-30 06:46:31','2023-10-30 06:46:31','2023-10-30 13:46:25'),(242,345650.000000,5,1,NULL,'2023-10-30 06:46:35','2023-10-30 06:46:35','2023-10-30 13:46:32'),(243,355650.000000,5,1,NULL,'2023-10-30 06:46:40','2023-10-30 06:46:40','2023-10-30 13:46:35'),(244,56376.620058,5,1,NULL,'2023-10-30 06:48:36','2023-10-30 06:48:36','2023-10-30 13:42:34'),(245,54376.620058,5,1,NULL,'2023-10-30 06:48:44','2023-10-30 06:48:44','2023-10-30 13:48:36'),(246,55376.620058,5,1,NULL,'2023-10-30 06:49:11','2023-10-30 06:49:11','2023-10-30 13:48:45'),(247,56376.620058,5,1,NULL,'2023-10-30 06:49:16','2023-10-30 06:49:16','2023-10-30 13:49:11'),(248,85.364099,6,1,NULL,'2023-10-30 06:49:22','2023-10-30 06:49:22','2023-10-30 13:49:16'),(249,86.364099,6,1,NULL,'2023-10-30 06:49:27','2023-10-30 06:49:27','2023-10-30 13:49:22'),(250,87.364099,6,1,NULL,'2023-10-30 06:49:34','2023-10-30 06:49:34','2023-10-30 13:49:27'),(251,88.364099,6,1,NULL,'2023-10-30 06:49:38','2023-10-30 06:49:38','2023-10-30 13:49:34'),(252,87.364099,6,1,NULL,'2023-10-30 06:49:45','2023-10-30 06:49:45','2023-10-30 13:49:39'),(253,86.364099,6,1,NULL,'2023-10-30 06:49:52','2023-10-30 06:49:52','2023-10-30 13:49:45'),(254,88.364099,6,1,NULL,'2023-10-30 06:49:56','2023-10-30 06:49:56','2023-10-30 13:49:52'),(255,89.364099,6,1,NULL,'2023-10-30 06:50:03','2023-10-30 06:50:03','2023-10-30 13:49:57'),(256,90.364099,6,1,NULL,'2023-10-30 06:50:13','2023-10-30 06:50:13','2023-10-30 13:50:03'),(257,95.364099,6,1,NULL,'2023-10-30 06:51:02','2023-10-30 06:51:02','2023-10-30 13:50:13'),(258,96.364099,6,1,NULL,'2023-10-30 06:51:24','2023-10-30 06:51:24','2023-10-30 13:51:02'),(259,90.364099,6,1,NULL,'2023-10-30 06:51:54','2023-10-30 06:51:54','2023-10-30 13:51:24'),(260,590.506578,15,1,NULL,'2023-10-30 06:52:04','2023-10-30 06:52:04','2023-10-30 13:51:54'),(261,580.506578,15,1,NULL,'2023-10-30 06:52:09','2023-10-30 06:52:09','2023-10-30 13:52:04'),(262,585.506578,15,1,NULL,'2023-10-30 06:52:12','2023-10-30 06:52:12','2023-10-30 13:52:09'),(263,595.506578,15,1,NULL,'2023-10-30 06:52:15','2023-10-30 06:52:15','2023-10-30 13:52:12'),(264,600.000000,15,1,NULL,'2023-10-30 06:52:20','2023-10-30 06:52:20','2023-10-30 13:52:16'),(265,610.000000,15,1,NULL,'2023-10-30 06:52:26','2023-10-30 06:52:26','2023-10-30 13:52:20'),(266,620.000000,15,1,NULL,'2023-10-30 06:52:29','2023-10-30 06:52:29','2023-10-30 13:52:26'),(267,630.000000,15,1,NULL,'2023-10-30 06:52:33','2023-10-30 06:52:33','2023-10-30 13:52:29'),(268,670.000000,15,1,NULL,'2023-10-30 06:52:58','2023-10-30 06:52:58','2023-10-30 13:52:33'),(269,690.000000,15,1,NULL,'2023-10-30 06:53:05','2023-10-30 06:53:05','2023-10-30 13:52:58'),(270,650.000000,15,1,NULL,'2023-10-30 06:53:08','2023-10-30 06:53:08','2023-10-30 13:53:05'),(271,670.000000,15,1,NULL,'2023-10-30 06:53:11','2023-10-30 06:53:11','2023-10-30 13:53:08'),(272,700.000000,15,1,NULL,'2023-10-30 06:53:16','2023-10-30 06:53:16','2023-10-30 13:53:12'),(273,730.000000,15,1,NULL,'2023-10-30 06:53:21','2023-10-30 06:53:21','2023-10-30 13:53:16'),(274,750.000000,15,1,NULL,'2023-10-30 06:53:26','2023-10-30 06:53:26','2023-10-30 13:53:21'),(275,800.000000,15,1,NULL,'2023-10-30 06:53:35','2023-10-30 06:53:35','2023-10-30 13:53:29'),(276,780.000000,15,1,NULL,'2023-10-30 06:53:39','2023-10-30 06:53:39','2023-10-30 13:53:35'),(277,770.000000,15,1,NULL,'2023-10-30 06:53:43','2023-10-30 06:53:43','2023-10-30 13:53:39'),(278,790.000000,15,1,NULL,'2023-10-30 06:53:49','2023-10-30 06:53:49','2023-10-30 13:53:43'),(279,820.000000,15,1,NULL,'2023-10-30 06:53:52','2023-10-30 06:53:52','2023-10-30 13:53:49'),(280,850.000000,15,1,NULL,'2023-10-30 06:53:59','2023-10-30 06:53:59','2023-10-30 13:53:52'),(281,880.000000,15,1,NULL,'2023-10-30 06:54:03','2023-10-30 06:54:03','2023-10-30 13:53:59'),(282,900.000000,15,1,NULL,'2023-10-30 06:54:06','2023-10-30 06:54:06','2023-10-30 13:54:03'),(283,800.000000,15,1,NULL,'2023-10-30 06:54:13','2023-10-30 06:54:13','2023-10-30 13:54:07'),(284,850.000000,15,1,NULL,'2023-10-30 06:54:18','2023-10-30 06:54:18','2023-10-30 13:54:13'),(285,900.000000,15,1,NULL,'2023-10-30 06:54:24','2023-10-30 06:54:24','2023-10-30 13:54:18'),(286,920.000000,15,1,NULL,'2023-10-30 06:54:29','2023-10-30 06:54:29','2023-10-30 13:54:24'),(287,930.000000,15,1,NULL,'2023-10-30 06:54:33','2023-10-30 06:54:33','2023-10-30 13:54:29'),(288,950.000000,15,1,NULL,'2023-10-30 06:54:37','2023-10-30 06:54:37','2023-10-30 13:54:33'),(289,1000.000000,15,1,NULL,'2023-10-30 06:54:45','2023-10-30 06:54:45','2023-10-30 13:54:37'),(290,1100.000000,15,1,NULL,'2023-10-30 06:54:50','2023-10-30 06:54:50','2023-10-30 13:54:45'),(291,950.000000,15,1,NULL,'2023-10-30 06:54:56','2023-10-30 06:54:56','2023-10-30 13:54:50'),(292,1010.000000,15,1,NULL,'2023-10-30 06:55:05','2023-10-30 07:49:54','2023-10-30 13:54:57'),(293,50362.000000,14,1,NULL,'2023-10-30 06:55:21','2023-10-30 06:55:21','2023-10-30 13:55:05'),(294,51362.000000,14,1,NULL,'2023-10-30 06:55:24','2023-10-30 06:55:24','2023-10-30 13:55:21'),(295,51262.000000,14,1,NULL,'2023-10-30 06:55:30','2023-10-30 06:55:30','2023-10-30 13:55:25'),(296,1150.000000,15,1,NULL,'2023-10-30 06:55:37','2023-10-30 07:49:42','2023-10-30 13:55:31'),(297,53262.000000,14,1,NULL,'2023-10-30 06:55:43','2023-10-30 06:55:43','2023-10-30 13:55:37'),(298,54262.000000,14,1,NULL,'2023-10-30 06:55:48','2023-10-30 06:55:48','2023-10-30 13:55:43'),(299,55262.000000,14,1,NULL,'2023-10-30 06:55:51','2023-10-30 06:55:51','2023-10-30 13:55:48'),(300,56262.000000,14,1,NULL,'2023-10-30 06:55:55','2023-10-30 06:55:55','2023-10-30 13:55:51'),(301,58262.000000,14,1,NULL,'2023-10-30 06:56:08','2023-10-30 06:56:08','2023-10-30 13:55:55'),(302,60262.000000,14,1,NULL,'2023-10-30 06:56:15','2023-10-30 06:56:15','2023-10-30 13:56:08'),(303,61262.000000,14,1,NULL,'2023-10-30 06:56:19','2023-10-30 06:56:19','2023-10-30 13:56:16'),(304,63262.000000,14,1,NULL,'2023-10-30 06:56:26','2023-10-30 06:56:26','2023-10-30 13:56:20'),(305,65262.000000,14,1,NULL,'2023-10-30 06:56:29','2023-10-30 06:56:29','2023-10-30 13:56:26'),(306,60262.000000,14,1,NULL,'2023-10-30 06:56:35','2023-10-30 06:56:35','2023-10-30 13:56:29'),(307,63262.000000,14,1,NULL,'2023-10-30 06:56:39','2023-10-30 06:56:39','2023-10-30 13:56:36'),(308,66262.000000,14,1,NULL,'2023-10-30 06:56:43','2023-10-30 06:56:43','2023-10-30 13:56:39'),(309,69262.000000,14,1,NULL,'2023-10-30 06:56:46','2023-10-30 06:56:46','2023-10-30 13:56:43'),(310,165.865213,13,1,NULL,'2023-10-30 06:56:53','2023-10-30 06:56:53','2023-10-30 13:56:47'),(311,70262.000000,14,1,NULL,'2023-10-30 06:56:57','2023-10-30 06:56:57','2023-10-30 13:56:53'),(312,71262.000000,14,1,NULL,'2023-10-30 06:57:00','2023-10-30 06:57:00','2023-10-30 13:56:57'),(313,170.865213,13,1,NULL,'2023-10-30 06:57:18','2023-10-30 06:57:18','2023-10-30 13:57:11'),(314,180.865213,13,1,NULL,'2023-10-30 06:57:23','2023-10-30 06:57:23','2023-10-30 13:57:19'),(315,190.865213,13,1,NULL,'2023-10-30 06:57:27','2023-10-30 06:57:27','2023-10-30 13:57:24'),(316,180.865213,13,1,NULL,'2023-10-30 06:57:32','2023-10-30 06:57:32','2023-10-30 13:57:27'),(317,200.865213,13,1,NULL,'2023-10-30 06:57:37','2023-10-30 06:57:37','2023-10-30 13:57:32'),(318,220.865213,13,1,NULL,'2023-10-30 06:57:43','2023-10-30 06:57:43','2023-10-30 13:57:37'),(319,240.865213,13,1,NULL,'2023-10-30 06:57:51','2023-10-30 06:57:51','2023-10-30 13:57:43'),(320,260.865213,13,1,NULL,'2023-10-30 06:57:55','2023-10-30 06:57:55','2023-10-30 13:57:52'),(321,280.865213,13,1,NULL,'2023-10-30 06:58:13','2023-10-30 06:58:13','2023-10-30 13:57:55'),(322,48.751123,12,1,NULL,'2023-10-30 06:58:21','2023-10-30 06:58:21','2023-10-30 13:58:14'),(323,50.751123,12,1,NULL,'2023-10-30 06:58:26','2023-10-30 06:58:26','2023-10-30 13:58:21'),(324,270.865213,13,1,NULL,'2023-10-30 06:58:31','2023-10-30 06:58:31','2023-10-30 13:58:26'),(325,280.865213,13,1,NULL,'2023-10-30 06:58:35','2023-10-30 06:58:35','2023-10-30 13:58:31'),(326,290.865213,13,1,NULL,'2023-10-30 06:58:40','2023-10-30 06:58:40','2023-10-30 13:58:35'),(327,300.865213,13,1,NULL,'2023-10-30 06:58:43','2023-10-30 06:58:43','2023-10-30 13:58:40'),(328,52.751123,12,1,NULL,'2023-10-30 06:58:51','2023-10-30 06:58:51','2023-10-30 13:58:44'),(329,51.751123,12,1,NULL,'2023-10-30 06:58:57','2023-10-30 06:58:57','2023-10-30 13:58:51'),(330,49.751123,12,1,NULL,'2023-10-30 06:59:02','2023-10-30 06:59:02','2023-10-30 13:58:57'),(331,48.751123,12,1,NULL,'2023-10-30 06:59:09','2023-10-30 06:59:09','2023-10-30 13:59:02'),(332,45.751123,12,1,NULL,'2023-10-30 07:03:03','2023-10-30 07:03:03','2023-10-30 13:59:09'),(333,46.751123,12,1,NULL,'2023-10-30 07:03:09','2023-10-30 07:03:09','2023-10-30 14:03:03'),(334,48.751123,12,1,NULL,'2023-10-30 07:03:13','2023-10-30 07:03:13','2023-10-30 14:03:09'),(335,50.751123,12,1,NULL,'2023-10-30 07:03:19','2023-10-30 07:03:19','2023-10-30 14:03:14'),(336,55.751123,12,1,NULL,'2023-10-30 07:03:27','2023-10-30 07:03:27','2023-10-30 14:03:19'),(337,60.751123,12,1,NULL,'2023-10-30 07:03:34','2023-10-30 07:03:34','2023-10-30 14:03:27'),(338,65.751123,12,1,NULL,'2023-10-30 07:03:45','2023-10-30 07:03:45','2023-10-30 14:03:35'),(339,50.751123,12,1,NULL,'2023-10-30 07:03:49','2023-10-30 07:03:49','2023-10-30 14:03:45'),(340,45.751123,12,1,NULL,'2023-10-30 07:03:54','2023-10-30 07:03:54','2023-10-30 14:03:50'),(341,50.751123,12,1,NULL,'2023-10-30 07:04:05','2023-10-30 07:04:05','2023-10-30 14:03:54'),(342,52.751123,12,1,NULL,'2023-10-30 07:04:09','2023-10-30 07:04:09','2023-10-30 14:04:05'),(343,55.751123,12,1,NULL,'2023-10-30 07:04:13','2023-10-30 07:04:13','2023-10-30 14:04:09'),(344,58.751123,12,1,NULL,'2023-10-30 07:04:18','2023-10-30 07:04:18','2023-10-30 14:04:13'),(345,60.751123,12,1,NULL,'2023-10-30 07:04:25','2023-10-30 07:04:25','2023-10-30 14:04:18'),(346,63.751123,12,1,NULL,'2023-10-30 07:04:31','2023-10-30 07:04:31','2023-10-30 14:04:25'),(347,65.751123,12,1,NULL,'2023-10-30 07:04:36','2023-10-30 07:04:36','2023-10-30 14:04:32'),(348,70.751123,12,1,NULL,'2023-10-30 07:04:43','2023-10-30 07:04:43','2023-10-30 14:04:36'),(349,35.491170,10,1,NULL,'2023-10-30 07:04:52','2023-10-30 07:04:52','2023-10-30 14:04:44'),(350,36.491170,10,1,NULL,'2023-10-30 07:04:58','2023-10-30 07:04:58','2023-10-30 14:04:52'),(351,37.491170,10,1,NULL,'2023-10-30 07:05:03','2023-10-30 07:05:03','2023-10-30 14:04:58'),(352,38.491170,10,1,NULL,'2023-10-30 07:05:08','2023-10-30 07:05:08','2023-10-30 14:05:03'),(353,40.491170,10,1,NULL,'2023-10-30 07:05:21','2023-10-30 07:05:21','2023-10-30 14:05:08'),(354,38.491170,10,1,NULL,'2023-10-30 07:05:27','2023-10-30 07:05:27','2023-10-30 14:05:21'),(355,36.491170,10,1,NULL,'2023-10-30 07:05:32','2023-10-30 07:05:32','2023-10-30 14:05:27'),(356,37.491170,10,1,NULL,'2023-10-30 07:05:41','2023-10-30 07:05:41','2023-10-30 14:05:33'),(357,40.491170,10,1,NULL,'2023-10-30 07:05:46','2023-10-30 07:05:46','2023-10-30 14:05:41'),(358,41.491170,10,1,NULL,'2023-10-30 07:05:53','2023-10-30 07:05:53','2023-10-30 14:05:46'),(359,42.491170,10,1,NULL,'2023-10-30 07:06:01','2023-10-30 07:06:01','2023-10-30 14:05:53'),(360,40.491170,10,1,NULL,'2023-10-30 07:06:11','2023-10-30 07:06:11','2023-10-30 14:06:02'),(361,42.491170,10,1,NULL,'2023-10-30 07:06:15','2023-10-30 07:06:15','2023-10-30 14:06:11'),(362,43.491170,10,1,NULL,'2023-10-30 07:06:23','2023-10-30 07:06:23','2023-10-30 14:06:15'),(363,44.491170,10,1,NULL,'2023-10-30 07:06:31','2023-10-30 07:06:31','2023-10-30 14:06:23'),(364,45.491170,10,1,NULL,'2023-10-30 07:06:37','2023-10-30 07:06:37','2023-10-30 14:06:31'),(365,44.491170,10,1,NULL,'2023-10-30 07:06:42','2023-10-30 07:06:42','2023-10-30 14:06:37'),(366,41.491170,10,1,NULL,'2023-10-30 07:06:46','2023-10-30 07:06:46','2023-10-30 14:06:42'),(367,42.491170,10,1,NULL,'2023-10-30 07:07:21','2023-10-30 07:07:21','2023-10-30 14:06:46'),(368,45.491170,10,1,NULL,'2023-10-30 07:07:27','2023-10-30 07:07:27','2023-10-30 14:07:22'),(369,41.491170,10,1,NULL,'2023-10-30 07:07:32','2023-10-30 07:07:32','2023-10-30 14:07:27'),(370,530.300000,9,1,NULL,'2023-10-30 07:08:35','2023-10-30 07:08:35','2023-10-30 14:07:32'),(371,540.300000,9,1,NULL,'2023-10-30 07:08:40','2023-10-30 07:08:40','2023-10-30 14:08:36'),(372,42.491170,10,1,NULL,'2023-10-30 07:08:46','2023-10-30 07:08:46','2023-10-30 14:08:40'),(373,550.300000,9,1,NULL,'2023-10-30 07:08:55','2023-10-30 07:08:55','2023-10-30 14:08:46'),(374,560.300000,9,1,NULL,'2023-10-30 07:09:04','2023-10-30 07:09:04','2023-10-30 14:08:55'),(375,530.300000,9,1,NULL,'2023-10-30 07:09:09','2023-10-30 07:09:09','2023-10-30 14:09:05'),(376,500.300000,9,1,NULL,'2023-10-30 07:09:13','2023-10-30 07:09:13','2023-10-30 14:09:09'),(377,480.300000,9,1,NULL,'2023-10-30 07:09:34','2023-10-30 07:09:34','2023-10-30 14:09:13'),(378,450.300000,9,1,NULL,'2023-10-30 07:09:42','2023-10-30 07:09:42','2023-10-30 14:09:34'),(379,470.300000,9,1,NULL,'2023-10-30 07:09:48','2023-10-30 07:09:48','2023-10-30 14:09:42'),(380,490.300000,9,1,NULL,'2023-10-30 07:09:52','2023-10-30 07:09:52','2023-10-30 14:09:48'),(381,510.300000,9,1,NULL,'2023-10-30 07:09:57','2023-10-30 07:09:57','2023-10-30 14:09:52'),(382,520.300000,9,1,NULL,'2023-10-30 07:10:01','2023-10-30 07:10:01','2023-10-30 14:09:57'),(383,530.300000,9,1,NULL,'2023-10-30 07:10:07','2023-10-30 07:10:07','2023-10-30 14:10:02'),(384,540.300000,9,1,NULL,'2023-10-30 07:10:12','2023-10-30 07:10:12','2023-10-30 14:10:07'),(385,550.300000,9,1,NULL,'2023-10-30 07:10:15','2023-10-30 07:10:15','2023-10-30 14:10:12'),(386,560.300000,9,1,NULL,'2023-10-30 07:17:43','2023-10-30 07:17:43','2023-10-30 14:10:15'),(387,570.300000,9,1,NULL,'2023-10-30 07:17:53','2023-10-30 07:17:53','2023-10-30 14:17:43'),(388,500.300000,9,1,NULL,'2023-10-30 07:17:58','2023-10-30 07:17:58','2023-10-30 14:17:54'),(389,450.300000,9,1,NULL,'2023-10-30 07:18:08','2023-10-30 07:18:08','2023-10-30 14:17:58'),(390,480.300000,9,1,NULL,'2023-10-30 07:18:15','2023-10-30 07:18:15','2023-10-30 14:18:09'),(391,500.300000,9,1,NULL,'2023-10-30 07:18:19','2023-10-30 07:18:19','2023-10-30 14:18:15'),(392,510.300000,9,1,NULL,'2023-10-30 07:18:23','2023-10-30 07:18:23','2023-10-30 14:18:20'),(393,520.300000,9,1,NULL,'2023-10-30 07:18:27','2023-10-30 07:18:27','2023-10-30 14:18:23'),(394,1444.081010,8,1,NULL,'2023-10-30 07:28:00','2023-10-30 07:28:00','2023-10-30 14:27:51'),(395,1414.081010,8,1,NULL,'2023-10-30 07:28:04','2023-10-30 07:28:04','2023-10-30 14:28:00'),(396,1514.081010,8,1,NULL,'2023-10-30 07:28:11','2023-10-30 07:28:11','2023-10-30 14:28:04'),(397,1554.081010,8,1,NULL,'2023-10-30 07:28:21','2023-10-30 07:28:21','2023-10-30 14:28:11'),(398,1604.081010,8,1,NULL,'2023-10-30 07:28:30','2023-10-30 07:28:30','2023-10-30 14:28:21'),(399,36.500000,7,1,NULL,'2023-10-30 07:29:01','2023-10-30 07:29:01','2023-10-30 14:28:30'),(400,36.000000,7,1,NULL,'2023-10-30 07:29:06','2023-10-30 07:29:06','2023-10-30 14:29:01'),(401,35.800000,7,1,NULL,'2023-10-30 07:29:13','2023-10-30 07:29:13','2023-10-30 14:29:06'),(402,35.100000,7,1,NULL,'2023-10-30 07:29:19','2023-10-30 07:29:19','2023-10-30 14:29:13'),(403,35.500000,7,1,NULL,'2023-10-30 07:29:25','2023-10-30 07:29:25','2023-10-30 14:29:19'),(404,35.700000,7,1,NULL,'2023-10-30 07:29:30','2023-10-30 07:29:30','2023-10-30 14:29:26'),(405,35.900000,7,1,NULL,'2023-10-30 07:29:35','2023-10-30 07:29:35','2023-10-30 14:29:30'),(406,40.000000,7,1,NULL,'2023-10-30 07:29:43','2023-10-30 07:29:43','2023-10-30 14:29:35'),(407,38.000000,7,1,NULL,'2023-10-30 07:29:48','2023-10-30 07:29:48','2023-10-30 14:29:44'),(408,37.000000,7,1,NULL,'2023-10-30 07:29:54','2023-10-30 07:29:54','2023-10-30 14:29:48'),(409,36.000000,7,1,NULL,'2023-10-30 07:29:58','2023-10-30 07:29:58','2023-10-30 14:29:54'),(410,36.500000,7,1,NULL,'2023-10-30 07:30:11','2023-10-30 07:30:11','2023-10-30 14:29:58'),(411,36.800000,7,1,NULL,'2023-10-30 07:30:16','2023-10-30 07:30:16','2023-10-30 14:30:11'),(412,36.900000,7,1,NULL,'2023-10-30 07:30:20','2023-10-30 07:30:20','2023-10-30 14:30:16'),(413,36.400000,7,1,NULL,'2023-10-30 07:30:28','2023-10-30 07:30:28','2023-10-30 14:30:20'),(414,36.000000,7,1,NULL,'2023-10-30 07:30:34','2023-10-30 07:30:34','2023-10-30 14:30:29'),(415,47.967996,7,1,NULL,'2023-10-30 07:37:58','2023-10-30 07:40:21','2023-10-30 13:46:55'),(416,80.364099,6,1,NULL,'2023-10-30 07:38:42','2023-10-30 07:38:42','2023-10-30 14:30:34'),(417,70.364099,6,1,NULL,'2023-10-30 07:38:47','2023-10-30 07:38:47','2023-10-30 14:38:43'),(418,65.364099,6,1,NULL,'2023-10-30 07:39:04','2023-10-30 07:39:04','2023-10-30 14:38:47'),(419,60.364099,6,1,NULL,'2023-10-30 07:39:11','2023-10-30 07:39:11','2023-10-30 14:39:04'),(420,55.364099,6,1,NULL,'2023-10-30 07:39:17','2023-10-30 07:39:17','2023-10-30 14:39:11'),(421,45.967996,7,1,NULL,'2023-10-30 07:40:36','2023-10-30 07:40:36','2023-10-30 14:40:21'),(422,45.967996,7,1,NULL,'2023-10-30 07:40:37','2023-10-30 07:40:37','2023-10-30 14:40:21'),(423,44.967996,7,1,NULL,'2023-10-30 07:40:48','2023-10-30 07:40:48','2023-10-30 14:40:37'),(424,43.967996,7,1,NULL,'2023-10-30 07:40:54','2023-10-30 07:40:54','2023-10-30 14:40:48'),(425,42.967996,7,1,NULL,'2023-10-30 07:41:04','2023-10-30 07:41:04','2023-10-30 14:40:54'),(426,41.967996,7,1,NULL,'2023-10-30 07:41:10','2023-10-30 07:41:10','2023-10-30 14:41:04'),(427,36.967996,7,1,NULL,'2023-10-30 07:41:15','2023-10-30 07:41:15','2023-10-30 14:41:10'),(428,1704.081010,8,1,NULL,'2023-10-30 07:41:40','2023-10-30 07:41:40','2023-10-30 14:41:15'),(429,1804.081010,8,1,NULL,'2023-10-30 07:41:45','2023-10-30 07:41:45','2023-10-30 14:41:40'),(430,1504.081010,8,1,NULL,'2023-10-30 07:41:50','2023-10-30 07:41:50','2023-10-30 14:41:45'),(431,1404.081010,8,1,NULL,'2023-10-30 07:41:55','2023-10-30 07:41:55','2023-10-30 14:41:50'),(432,1304.081010,8,1,NULL,'2023-10-30 07:42:00','2023-10-30 07:42:00','2023-10-30 14:41:56'),(433,1204.081010,8,1,NULL,'2023-10-30 07:42:05','2023-10-30 07:42:05','2023-10-30 14:42:00'),(434,1304.081010,8,1,NULL,'2023-10-30 07:42:13','2023-10-30 07:42:13','2023-10-30 14:42:05'),(435,1504.081010,8,1,NULL,'2023-10-30 07:42:17','2023-10-30 07:42:17','2023-10-30 14:42:13'),(436,1704.081010,8,1,NULL,'2023-10-30 07:42:22','2023-10-30 07:42:22','2023-10-30 14:42:17'),(437,1804.081010,8,1,NULL,'2023-10-30 07:42:27','2023-10-30 07:42:27','2023-10-30 14:42:22'),(438,2004.081010,8,1,NULL,'2023-10-30 07:42:31','2023-10-30 07:42:31','2023-10-30 14:42:27'),(439,2104.081010,8,1,NULL,'2023-10-30 07:42:39','2023-10-30 07:42:39','2023-10-30 14:42:31'),(440,2004.081010,8,1,NULL,'2023-10-30 07:42:44','2023-10-30 07:42:44','2023-10-30 14:42:39'),(441,1704.081010,8,1,NULL,'2023-10-30 07:42:49','2023-10-30 07:42:49','2023-10-30 14:42:44'),(442,45.210000,11,1,NULL,'2023-10-30 07:43:23','2023-10-30 07:43:23','2023-10-30 14:42:49'),(443,44.210000,11,1,NULL,'2023-10-30 07:43:32','2023-10-30 07:43:32','2023-10-30 14:43:23'),(444,43.210000,11,1,NULL,'2023-10-30 07:43:38','2023-10-30 07:43:38','2023-10-30 14:43:33'),(445,42.000000,11,1,NULL,'2023-10-30 07:43:44','2023-10-30 07:43:55','2023-10-30 14:43:38'),(446,43.230000,11,1,NULL,'2023-10-30 07:44:02','2023-10-30 07:44:02','2023-10-30 14:43:56'),(447,44.230000,11,1,NULL,'2023-10-30 07:44:08','2023-10-30 07:44:08','2023-10-30 14:44:03'),(448,46.230000,11,1,NULL,'2023-10-30 07:44:13','2023-10-30 07:44:13','2023-10-30 14:44:09'),(449,48.230000,11,1,NULL,'2023-10-30 07:44:19','2023-10-30 07:44:19','2023-10-30 14:44:13'),(450,50.230000,11,1,NULL,'2023-10-30 07:44:27','2023-10-30 07:44:27','2023-10-30 14:44:19'),(451,52.230000,11,1,NULL,'2023-10-30 07:44:32','2023-10-30 07:44:32','2023-10-30 14:44:27'),(452,45.230000,11,1,NULL,'2023-10-30 07:44:36','2023-10-30 07:44:36','2023-10-30 14:44:32'),(453,43.230000,11,1,NULL,'2023-10-30 07:44:48','2023-10-30 07:44:48','2023-10-30 14:44:37'),(454,40.230000,11,1,NULL,'2023-10-30 07:44:53','2023-10-30 07:44:53','2023-10-30 14:44:48'),(455,45.230000,11,1,NULL,'2023-10-30 07:44:57','2023-10-30 07:44:57','2023-10-30 14:44:53'),(456,50.230000,11,1,NULL,'2023-10-30 07:45:00','2023-10-30 07:45:00','2023-10-30 14:44:57'),(457,52.230000,11,1,NULL,'2023-10-30 07:45:05','2023-10-30 07:45:05','2023-10-30 14:45:01'),(458,55.230000,11,1,NULL,'2023-10-30 07:45:12','2023-10-30 07:45:12','2023-10-30 14:45:05'),(459,320.865213,13,1,NULL,'2023-10-30 07:46:26','2023-10-30 07:46:26','2023-10-30 14:45:54'),(460,290.865213,13,1,NULL,'2023-10-30 07:46:40','2023-10-30 07:46:40','2023-10-30 14:46:26'),(461,270.865213,13,1,NULL,'2023-10-30 07:46:50','2023-10-30 07:46:50','2023-10-30 14:46:40'),(462,250.865213,13,1,NULL,'2023-10-30 07:46:59','2023-10-30 07:46:59','2023-10-30 14:46:50'),(463,280.865213,13,1,NULL,'2023-10-30 07:47:07','2023-10-30 07:47:07','2023-10-30 14:46:59'),(464,290.865213,13,1,NULL,'2023-10-30 07:47:13','2023-10-30 07:47:13','2023-10-30 14:47:07'),(465,300.865213,13,1,NULL,'2023-10-30 07:47:20','2023-10-30 07:47:20','2023-10-30 14:47:13'),(466,320.865213,13,1,NULL,'2023-10-30 07:47:28','2023-10-30 07:47:44','2023-10-30 14:47:20'),(467,1102.000000,15,1,NULL,'2023-10-30 07:50:47','2023-10-30 07:50:54','2023-10-30 14:50:32'),(468,74108.920000,4,1,NULL,'2023-10-30 08:01:55','2023-10-30 08:01:55','2023-10-30 15:01:42'),(469,75108.920000,4,1,NULL,'2023-10-30 08:02:01','2023-10-30 08:02:01','2023-10-30 15:01:56'),(470,76108.920000,4,1,NULL,'2023-10-30 08:02:05','2023-10-30 08:02:05','2023-10-30 15:02:01'),(471,75108.920000,4,1,NULL,'2023-10-30 08:02:08','2023-10-30 08:02:08','2023-10-30 15:02:05'),(472,74108.920000,4,1,NULL,'2023-10-30 08:02:13','2023-10-30 08:02:13','2023-10-30 15:02:09'),(473,73108.920000,4,1,NULL,'2023-10-30 08:02:18','2023-10-30 08:02:18','2023-10-30 15:02:13'),(474,72108.920000,4,1,NULL,'2023-10-30 08:02:22','2023-10-30 08:02:22','2023-10-30 15:02:18'),(475,74108.920000,4,1,NULL,'2023-10-30 08:02:26','2023-10-30 08:02:26','2023-10-30 15:02:22'),(476,75108.920000,4,1,NULL,'2023-10-30 08:02:32','2023-10-30 08:02:32','2023-10-30 15:02:27'),(477,76108.920000,4,1,NULL,'2023-10-30 08:02:38','2023-10-30 08:02:38','2023-10-30 15:02:32'),(478,77108.920000,4,1,NULL,'2023-10-30 08:02:42','2023-10-30 08:02:42','2023-10-30 15:02:38'),(479,3547.000000,2,1,'2023-11-06 12:41:54','2023-10-30 08:08:47','2023-11-06 12:41:54','2023-10-30 15:08:47'),(480,0.000000,2,1,'2023-10-31 05:47:47','2023-10-30 10:51:22','2023-10-31 05:47:47','2023-10-30 17:51:22'),(481,0.000000,2,1,'2023-10-31 05:47:45','2023-10-30 10:51:43','2023-10-31 05:47:45','2023-10-30 17:51:43'),(482,0.000000,2,1,'2023-10-31 05:47:43','2023-10-30 10:52:25','2023-10-31 05:47:43','2023-10-30 17:52:25'),(483,0.000000,2,1,'2023-10-31 06:25:34','2023-10-31 06:09:49','2023-10-31 06:25:34','2023-10-31 13:09:49'),(484,0.000000,2,1,'2023-10-31 06:25:30','2023-10-31 06:10:03','2023-10-31 06:25:30','2023-10-31 13:10:03'),(485,0.000000,2,1,'2023-10-31 12:12:04','2023-10-31 11:29:49','2023-10-31 12:12:04','2023-10-31 18:29:49'),(486,0.000000,2,1,'2023-11-01 13:40:28','2023-11-01 12:31:34','2023-11-01 13:40:28','2023-11-01 19:31:34'),(487,0.000000,2,1,'2023-11-03 10:38:28','2023-11-01 13:42:05','2023-11-03 10:38:28','2023-11-01 20:42:05'),(488,0.000000,2,1,'2023-11-04 04:43:47','2023-11-03 14:06:07','2023-11-04 04:43:47','2023-11-03 21:06:07'),(489,0.000000,2,1,'2023-11-04 04:43:45','2023-11-03 14:06:17','2023-11-04 04:43:45','2023-11-03 21:06:17'),(490,0.000000,2,1,'2023-11-04 04:43:42','2023-11-03 15:20:31','2023-11-04 04:43:42','2023-11-03 22:20:31'),(491,0.000000,2,1,'2023-11-04 07:33:58','2023-11-04 04:50:48','2023-11-04 07:33:58','2023-11-04 11:50:48'),(492,0.000000,2,1,'2023-11-04 07:34:01','2023-11-04 04:50:58','2023-11-04 07:34:01','2023-11-04 11:50:58'),(493,0.000000,12,1,'2023-11-04 08:31:42','2023-11-04 08:14:55','2023-11-04 08:31:42','2023-11-04 15:14:55'),(494,0.000000,12,1,'2023-11-04 08:31:46','2023-11-04 08:15:02','2023-11-04 08:31:46','2023-11-04 15:15:02'),(495,0.000000,12,1,'2023-11-04 08:31:49','2023-11-04 08:15:16','2023-11-04 08:31:49','2023-11-04 15:15:16'),(496,0.000000,12,1,'2023-11-04 08:31:53','2023-11-04 08:15:24','2023-11-04 08:31:53','2023-11-04 15:15:24'),(497,0.000000,12,1,'2023-11-04 08:31:57','2023-11-04 08:15:35','2023-11-04 08:31:57','2023-11-04 15:15:35'),(498,0.000000,12,1,'2023-11-04 08:32:01','2023-11-04 08:15:41','2023-11-04 08:32:01','2023-11-04 15:15:41'),(499,0.000000,12,1,'2023-11-04 08:32:03','2023-11-04 08:15:48','2023-11-04 08:32:03','2023-11-04 15:15:48'),(500,0.000000,2,1,'2023-11-05 04:32:38','2023-11-05 04:30:34','2023-11-05 04:32:38','2023-11-05 11:30:34'),(501,0.000000,2,1,'2023-11-05 04:32:42','2023-11-05 04:30:42','2023-11-05 04:32:42','2023-11-05 11:30:42'),(502,0.000000,2,1,'2023-11-05 07:29:17','2023-11-05 06:39:22','2023-11-05 07:29:17','2023-11-05 13:39:22'),(503,0.000000,2,1,'2023-11-05 07:29:19','2023-11-05 06:39:37','2023-11-05 07:29:19','2023-11-05 13:39:37'),(504,0.000000,2,1,'2023-11-05 07:29:28','2023-11-05 06:39:49','2023-11-05 07:29:28','2023-11-05 13:39:49'),(505,0.000000,2,1,'2023-11-05 07:29:25','2023-11-05 06:39:59','2023-11-05 07:29:25','2023-11-05 13:39:59'),(506,0.000000,2,1,'2023-11-05 07:29:32','2023-11-05 06:40:08','2023-11-05 07:29:32','2023-11-05 13:40:08'),(507,0.000000,2,1,'2023-11-05 07:29:36','2023-11-05 06:40:15','2023-11-05 07:29:36','2023-11-05 13:40:15'),(508,0.000000,2,1,'2023-11-05 07:29:40','2023-11-05 06:40:23','2023-11-05 07:29:40','2023-11-05 13:40:23'),(509,0.000000,2,1,'2023-11-05 11:59:47','2023-11-05 09:12:13','2023-11-05 11:59:47','2023-11-05 16:12:13'),(510,0.000000,2,1,'2023-11-05 11:59:50','2023-11-05 09:12:20','2023-11-05 11:59:50','2023-11-05 16:12:20'),(511,0.000000,2,1,'2023-11-05 12:33:51','2023-11-05 12:30:48','2023-11-05 12:33:51','2023-11-05 19:30:48'),(512,0.000000,2,1,'2023-11-05 12:33:53','2023-11-05 12:31:06','2023-11-05 12:33:53','2023-11-05 19:31:06'),(513,0.000000,2,1,'2023-11-05 12:33:56','2023-11-05 12:31:13','2023-11-05 12:33:56','2023-11-05 19:31:13'),(514,0.000000,2,1,'2023-11-05 12:34:01','2023-11-05 12:31:22','2023-11-05 12:34:01','2023-11-05 19:31:22'),(515,0.000000,2,1,'2023-11-05 12:34:05','2023-11-05 12:31:28','2023-11-05 12:34:05','2023-11-05 19:31:28'),(516,0.000000,2,1,'2023-11-05 12:34:10','2023-11-05 12:31:48','2023-11-05 12:34:10','2023-11-05 19:31:48'),(517,0.000000,2,1,'2023-11-05 12:34:13','2023-11-05 12:31:57','2023-11-05 12:34:13','2023-11-05 19:31:57'),(518,0.000000,2,1,'2023-11-06 12:41:57','2023-11-06 04:40:38','2023-11-06 12:41:57','2023-11-06 11:40:38'),(519,0.000000,2,1,'2023-11-06 12:41:51','2023-11-06 05:03:50','2023-11-06 12:41:51','2023-11-06 12:03:50'),(520,0.000000,2,1,'2023-11-06 12:41:49','2023-11-06 05:04:06','2023-11-06 12:41:49','2023-11-06 12:04:06'),(521,0.000000,2,1,'2023-11-06 12:41:43','2023-11-06 05:04:32','2023-11-06 12:41:43','2023-11-06 12:04:32'),(522,0.000000,2,1,'2023-11-06 12:41:40','2023-11-06 05:04:47','2023-11-06 12:41:40','2023-11-06 12:04:47'),(523,0.000000,2,1,'2023-11-06 12:41:35','2023-11-06 05:05:07','2023-11-06 12:41:35','2023-11-06 12:05:07'),(524,0.000000,2,1,'2023-11-06 12:41:32','2023-11-06 05:05:22','2023-11-06 12:41:32','2023-11-06 12:05:22'),(525,0.000000,2,1,'2023-11-06 12:41:29','2023-11-06 05:06:09','2023-11-06 12:41:29','2023-11-06 12:06:09'),(526,0.000000,2,1,'2023-11-07 05:35:05','2023-11-06 14:01:19','2023-11-07 05:35:05','2023-11-06 21:01:19'),(527,0.000000,2,1,'2023-11-07 05:35:47','2023-11-06 14:01:27','2023-11-07 05:35:47','2023-11-06 21:01:27'),(528,0.000000,2,1,'2023-11-07 05:36:27','2023-11-06 14:01:35','2023-11-07 05:36:27','2023-11-06 21:01:35'),(529,0.000000,2,1,'2023-11-07 05:36:23','2023-11-06 14:01:35','2023-11-07 05:36:23','2023-11-06 21:01:35'),(530,0.000000,2,1,'2023-11-07 05:36:19','2023-11-06 14:01:41','2023-11-07 05:36:19','2023-11-06 21:01:41'),(531,0.000000,2,1,'2023-11-07 05:36:16','2023-11-06 14:01:49','2023-11-07 05:36:16','2023-11-06 21:01:49'),(532,0.000000,2,1,'2023-11-07 05:36:13','2023-11-06 14:01:55','2023-11-07 05:36:13','2023-11-06 21:01:55'),(533,0.000000,2,1,'2023-11-06 14:39:44','2023-11-06 14:02:02','2023-11-06 14:39:44','2023-11-06 21:02:02'),(534,0.000000,2,1,'2023-11-07 05:36:10','2023-11-06 14:42:06','2023-11-07 05:36:10','2023-11-06 21:42:06'),(535,0.000000,2,1,'2023-11-07 05:36:01','2023-11-06 14:42:16','2023-11-07 05:36:01','2023-11-06 21:42:16'),(536,0.000000,2,1,'2023-11-07 05:35:57','2023-11-06 14:42:24','2023-11-07 05:35:57','2023-11-06 21:42:24'),(537,3659.000000,2,1,NULL,'2023-11-06 14:42:33','2023-11-07 04:17:16','2023-11-06 21:42:33'),(538,0.000000,2,1,'2023-11-07 04:16:57','2023-11-06 14:42:43','2023-11-07 04:16:57','2023-11-06 21:42:43'),(539,0.000000,2,1,'2023-11-07 04:16:55','2023-11-06 14:43:19','2023-11-07 04:16:55','2023-11-06 21:43:19'),(540,0.000000,2,1,'2023-11-07 04:16:53','2023-11-06 14:43:27','2023-11-07 04:16:53','2023-11-06 21:43:27'),(541,0.000000,2,1,'2023-11-07 04:16:51','2023-11-06 14:49:30','2023-11-07 04:16:51','2023-11-06 21:49:30'),(542,0.000000,2,1,'2023-11-07 04:16:49','2023-11-06 14:49:37','2023-11-07 04:16:49','2023-11-06 21:49:37'),(543,0.000000,2,1,'2023-11-07 04:16:47','2023-11-06 14:49:43','2023-11-07 04:16:47','2023-11-06 21:49:43'),(544,0.000000,2,1,'2023-11-07 04:16:45','2023-11-06 14:49:51','2023-11-07 04:16:45','2023-11-06 21:49:51'),(545,0.000000,2,1,'2023-11-07 04:16:43','2023-11-06 14:49:57','2023-11-07 04:16:43','2023-11-06 21:49:57'),(546,0.000000,2,1,'2023-11-07 04:16:39','2023-11-06 14:50:03','2023-11-07 04:16:39','2023-11-06 21:50:03'),(547,0.000000,2,1,'2023-11-07 04:16:37','2023-11-06 14:50:09','2023-11-07 04:16:37','2023-11-06 21:50:09'),(548,0.000000,2,1,'2023-11-07 04:16:35','2023-11-06 14:50:16','2023-11-07 04:16:35','2023-11-06 21:50:16'),(549,0.000000,2,1,'2023-11-07 04:16:32','2023-11-06 14:50:22','2023-11-07 04:16:32','2023-11-06 21:50:22'),(550,0.000000,2,1,'2023-11-07 04:16:30','2023-11-07 04:07:25','2023-11-07 04:16:30','2023-11-07 11:07:25'),(551,0.000000,2,1,'2023-11-07 04:16:28','2023-11-07 04:07:33','2023-11-07 04:16:28','2023-11-07 11:07:33'),(552,0.000000,2,1,'2023-11-07 04:16:26','2023-11-07 04:07:40','2023-11-07 04:16:26','2023-11-07 11:07:40'),(553,0.000000,2,1,'2023-11-07 04:16:23','2023-11-07 04:07:46','2023-11-07 04:16:23','2023-11-07 11:07:46'),(554,0.000000,2,1,'2023-11-07 04:16:21','2023-11-07 04:07:53','2023-11-07 04:16:21','2023-11-07 11:07:53'),(555,0.000000,2,1,'2023-11-07 05:35:53','2023-11-07 04:31:19','2023-11-07 05:35:53','2023-11-07 11:31:19'),(556,0.000000,2,1,'2023-11-07 05:35:50','2023-11-07 04:31:27','2023-11-07 05:35:50','2023-11-07 11:31:27'),(557,0.000000,2,1,'2023-11-07 05:34:56','2023-11-07 04:31:33','2023-11-07 05:34:56','2023-11-07 11:31:33'),(558,0.000000,2,1,'2023-11-07 05:34:52','2023-11-07 04:31:39','2023-11-07 05:34:52','2023-11-07 11:31:39'),(559,0.000000,2,1,'2023-11-07 05:34:50','2023-11-07 04:31:47','2023-11-07 05:34:50','2023-11-07 11:31:47'),(560,0.000000,2,1,'2023-11-07 05:34:46','2023-11-07 04:31:52','2023-11-07 05:34:46','2023-11-07 11:31:52'),(561,0.000000,2,1,'2023-11-07 05:33:54','2023-11-07 04:31:57','2023-11-07 05:33:54','2023-11-07 11:31:57'),(562,0.000000,2,1,'2023-11-07 06:17:24','2023-11-07 05:38:29','2023-11-07 06:17:24','2023-11-07 12:38:29'),(563,0.000000,2,1,'2023-11-07 06:17:20','2023-11-07 05:38:35','2023-11-07 06:17:20','2023-11-07 12:38:35'),(564,0.000000,2,1,'2023-11-07 06:17:18','2023-11-07 05:38:41','2023-11-07 06:17:18','2023-11-07 12:38:41'),(565,0.000000,2,1,'2023-11-07 06:16:31','2023-11-07 05:38:45','2023-11-07 06:16:31','2023-11-07 12:38:45'),(566,0.000000,2,1,'2023-11-07 06:16:28','2023-11-07 05:38:54','2023-11-07 06:16:28','2023-11-07 12:38:54'),(567,0.000000,2,1,'2023-11-07 06:16:24','2023-11-07 05:39:01','2023-11-07 06:16:24','2023-11-07 12:39:01'),(568,0.000000,2,1,'2023-11-07 06:16:20','2023-11-07 05:39:14','2023-11-07 06:16:20','2023-11-07 12:39:14'),(569,0.000000,2,1,'2023-11-07 06:16:16','2023-11-07 05:39:22','2023-11-07 06:16:16','2023-11-07 12:39:22'),(570,0.000000,2,1,'2023-11-07 06:16:14','2023-11-07 05:39:30','2023-11-07 06:16:14','2023-11-07 12:39:30'),(571,0.000000,2,1,'2023-11-07 08:34:29','2023-11-07 06:46:19','2023-11-07 08:34:29','2023-11-07 13:46:19'),(572,0.000000,2,1,'2023-11-07 08:34:25','2023-11-07 06:46:26','2023-11-07 08:34:25','2023-11-07 13:46:26'),(573,0.000000,2,1,'2023-11-07 08:34:21','2023-11-07 06:46:31','2023-11-07 08:34:21','2023-11-07 13:46:31'),(574,0.000000,2,1,'2023-11-07 08:34:19','2023-11-07 06:46:38','2023-11-07 08:34:19','2023-11-07 13:46:38'),(575,0.000000,2,1,'2023-11-07 08:34:16','2023-11-07 06:46:49','2023-11-07 08:34:16','2023-11-07 13:46:49'),(576,0.000000,2,1,'2023-11-07 08:34:14','2023-11-07 06:46:54','2023-11-07 08:34:14','2023-11-07 13:46:54'),(577,0.000000,2,1,'2023-11-07 08:34:11','2023-11-07 06:47:04','2023-11-07 08:34:11','2023-11-07 13:47:04'),(578,0.000000,2,1,'2023-11-07 08:34:09','2023-11-07 06:47:06','2023-11-07 08:34:09','2023-11-07 13:47:06'),(579,0.000000,2,1,'2023-11-07 08:34:06','2023-11-07 06:47:15','2023-11-07 08:34:06','2023-11-07 13:47:15'),(580,0.000000,2,1,'2023-11-07 08:34:04','2023-11-07 06:47:22','2023-11-07 08:34:04','2023-11-07 13:47:22'),(581,0.000000,2,1,'2023-11-07 08:34:02','2023-11-07 06:47:30','2023-11-07 08:34:02','2023-11-07 13:47:30'),(582,0.000000,2,1,'2023-11-08 03:38:09','2023-11-07 10:24:54','2023-11-08 03:38:09','2023-11-07 17:24:54'),(583,0.000000,2,1,'2023-11-08 03:38:13','2023-11-07 10:25:05','2023-11-08 03:38:13','2023-11-07 17:25:05'),(584,0.000000,2,1,'2023-11-08 03:39:16','2023-11-07 10:25:12','2023-11-08 03:39:16','2023-11-07 17:25:12'),(585,0.000000,2,1,'2023-11-08 03:39:11','2023-11-07 10:25:26','2023-11-08 03:39:11','2023-11-07 17:25:26'),(586,0.000000,2,1,'2023-11-08 03:39:08','2023-11-07 10:25:33','2023-11-08 03:39:08','2023-11-07 17:25:33'),(587,0.000000,2,1,'2023-11-07 10:47:17','2023-11-07 10:25:40','2023-11-07 10:47:17','2023-11-07 17:25:40'),(588,0.000000,2,1,'2023-11-07 10:47:15','2023-11-07 10:25:46','2023-11-07 10:47:15','2023-11-07 17:25:46'),(589,0.000000,2,1,'2023-11-07 10:47:14','2023-11-07 10:26:57','2023-11-07 10:47:14','2023-11-07 17:26:57'),(590,0.000000,2,1,'2023-11-07 10:47:12','2023-11-07 10:40:26','2023-11-07 10:47:12','2023-11-07 17:40:26'),(591,0.000000,2,1,'2023-11-07 10:47:10','2023-11-07 10:40:36','2023-11-07 10:47:10','2023-11-07 17:40:36'),(592,0.000000,2,1,'2023-11-08 03:39:05','2023-11-07 11:13:13','2023-11-08 03:39:05','2023-11-07 18:13:13'),(593,0.000000,2,1,'2023-11-08 03:39:00','2023-11-07 11:13:19','2023-11-08 03:39:00','2023-11-07 18:13:19'),(594,0.000000,2,1,'2023-11-08 03:38:55','2023-11-07 11:13:25','2023-11-08 03:38:55','2023-11-07 18:13:25'),(595,0.000000,2,1,'2023-11-08 03:38:52','2023-11-07 11:13:32','2023-11-08 03:38:52','2023-11-07 18:13:32'),(596,0.000000,2,1,'2023-11-08 03:38:48','2023-11-07 11:13:38','2023-11-08 03:38:48','2023-11-07 18:13:38'),(597,320.865213,2,1,NULL,'2023-11-07 11:13:46','2023-11-07 11:30:16','2023-11-07 18:13:46'),(598,0.000000,12,1,NULL,'2023-11-07 11:40:15','2023-11-07 11:40:15','2023-11-07 18:40:15'),(599,0.000000,12,1,NULL,'2023-11-07 11:40:22','2023-11-07 11:40:22','2023-11-07 18:40:22'),(600,0.000000,2,1,'2023-11-08 03:38:43','2023-11-07 11:53:47','2023-11-08 03:38:43','2023-11-07 18:53:47'),(601,0.000000,2,1,'2023-11-08 03:38:38','2023-11-07 11:53:56','2023-11-08 03:38:38','2023-11-07 18:53:56'),(602,0.000000,2,1,'2023-11-08 03:38:35','2023-11-07 11:54:02','2023-11-08 03:38:35','2023-11-07 18:54:02'),(603,0.000000,2,1,'2023-11-08 03:38:31','2023-11-07 11:54:09','2023-11-08 03:38:31','2023-11-07 18:54:09'),(604,0.000000,2,1,'2023-11-08 03:38:29','2023-11-07 11:54:16','2023-11-08 03:38:29','2023-11-07 18:54:16'),(605,0.000000,2,1,'2023-11-08 03:38:24','2023-11-07 11:54:22','2023-11-08 03:38:24','2023-11-07 18:54:22'),(606,0.000000,2,1,'2023-11-08 03:38:22','2023-11-07 11:54:28','2023-11-08 03:38:22','2023-11-07 18:54:28'),(607,0.000000,2,1,'2023-11-08 03:38:19','2023-11-07 11:54:35','2023-11-08 03:38:19','2023-11-07 18:54:35'),(608,3584.000000,12,1,NULL,'2023-11-07 12:25:52','2023-11-08 07:24:22','2023-11-07 19:25:52'),(609,0.000000,12,1,'2023-11-08 07:24:02','2023-11-07 12:26:03','2023-11-08 07:24:02','2023-11-07 19:26:03'),(610,0.000000,2,1,'2023-11-08 07:11:47','2023-11-08 04:27:58','2023-11-08 07:11:47','2023-11-08 11:27:58'),(611,0.000000,2,1,'2023-11-08 04:34:43','2023-11-08 04:28:07','2023-11-08 04:34:43','2023-11-08 11:28:07'),(612,0.000000,2,1,'2023-11-08 07:11:45','2023-11-08 04:28:14','2023-11-08 07:11:45','2023-11-08 11:28:14'),(613,0.000000,2,1,'2023-11-08 07:11:42','2023-11-08 04:28:22','2023-11-08 07:11:42','2023-11-08 11:28:22'),(614,0.000000,2,1,'2023-11-08 07:11:40','2023-11-08 04:28:30','2023-11-08 07:11:40','2023-11-08 11:28:30'),(615,0.000000,2,1,'2023-11-08 04:34:52','2023-11-08 04:28:38','2023-11-08 04:34:52','2023-11-08 11:28:38'),(616,0.000000,2,1,'2023-11-08 04:34:50','2023-11-08 04:28:46','2023-11-08 04:34:50','2023-11-08 11:28:46'),(617,0.000000,2,1,'2023-11-08 04:34:46','2023-11-08 04:28:56','2023-11-08 04:34:46','2023-11-08 11:28:56'),(618,0.000000,2,1,'2023-11-08 07:11:35','2023-11-08 05:37:55','2023-11-08 07:11:35','2023-11-08 12:37:55'),(619,0.000000,2,1,'2023-11-08 07:11:33','2023-11-08 05:38:04','2023-11-08 07:11:33','2023-11-08 12:38:04'),(620,0.000000,2,1,'2023-11-08 07:11:29','2023-11-08 05:38:13','2023-11-08 07:11:29','2023-11-08 12:38:13'),(621,0.000000,2,1,'2023-11-08 07:11:26','2023-11-08 05:38:20','2023-11-08 07:11:26','2023-11-08 12:38:20'),(622,0.000000,2,1,'2023-11-08 07:11:22','2023-11-08 05:38:28','2023-11-08 07:11:22','2023-11-08 12:38:28'),(623,0.000000,2,1,'2023-11-08 07:11:20','2023-11-08 05:38:36','2023-11-08 07:11:20','2023-11-08 12:38:36'),(624,0.000000,2,1,'2023-11-08 07:11:17','2023-11-08 05:38:46','2023-11-08 07:11:17','2023-11-08 12:38:46'),(625,0.000000,2,1,'2023-11-08 07:11:13','2023-11-08 05:38:54','2023-11-08 07:11:13','2023-11-08 12:38:54'),(626,0.000000,2,1,'2023-11-08 07:11:09','2023-11-08 05:39:06','2023-11-08 07:11:09','2023-11-08 12:39:06'),(627,0.000000,2,1,'2023-11-08 07:11:05','2023-11-08 05:39:14','2023-11-08 07:11:05','2023-11-08 12:39:14'),(628,0.000000,12,1,'2023-11-08 07:23:59','2023-11-08 06:17:22','2023-11-08 07:23:59','2023-11-08 13:17:22'),(629,0.000000,12,1,'2023-11-08 07:23:55','2023-11-08 06:17:30','2023-11-08 07:23:55','2023-11-08 13:17:30'),(630,0.000000,2,1,'2023-11-08 07:11:01','2023-11-08 06:33:43','2023-11-08 07:11:01','2023-11-08 13:33:43'),(631,0.000000,2,1,'2023-11-08 07:10:58','2023-11-08 06:34:04','2023-11-08 07:10:58','2023-11-08 13:34:04'),(632,0.000000,2,1,'2023-11-08 07:10:55','2023-11-08 06:34:15','2023-11-08 07:10:55','2023-11-08 13:34:15'),(633,0.000000,2,1,'2023-11-08 07:10:51','2023-11-08 06:34:22','2023-11-08 07:10:51','2023-11-08 13:34:22'),(634,0.000000,2,1,'2023-11-08 07:10:47','2023-11-08 06:34:31','2023-11-08 07:10:47','2023-11-08 13:34:31'),(635,0.000000,2,1,'2023-11-08 07:05:12','2023-11-08 06:34:44','2023-11-08 07:05:12','2023-11-08 13:34:44'),(636,0.000000,2,1,'2023-11-08 07:05:09','2023-11-08 06:34:58','2023-11-08 07:05:09','2023-11-08 13:34:58'),(637,0.000000,2,1,'2023-11-08 07:05:06','2023-11-08 06:35:16','2023-11-08 07:05:06','2023-11-08 13:35:16'),(638,3584.000000,2,1,NULL,'2023-11-08 07:17:30','2023-11-08 07:19:52','2023-11-08 14:17:30'),(639,0.000000,2,1,'2023-11-08 10:04:05','2023-11-08 10:01:38','2023-11-08 10:04:05','2023-11-08 17:01:38'),(640,0.000000,2,1,'2023-11-10 05:34:50','2023-11-08 12:58:42','2023-11-10 05:34:50','2023-11-08 19:58:42'),(641,0.000000,2,1,'2023-11-10 05:34:47','2023-11-08 12:59:20','2023-11-10 05:34:47','2023-11-08 19:59:20'),(642,3659.000000,2,1,NULL,'2023-11-08 12:59:28','2023-11-09 11:57:30','2023-11-08 19:59:28'),(643,0.000000,2,1,'2023-11-09 11:57:18','2023-11-08 12:59:32','2023-11-09 11:57:18','2023-11-08 19:59:32'),(644,0.000000,2,1,'2023-11-09 11:57:14','2023-11-08 12:59:40','2023-11-09 11:57:14','2023-11-08 19:59:40'),(645,0.000000,2,1,'2023-11-09 11:57:12','2023-11-08 13:00:03','2023-11-09 11:57:12','2023-11-08 20:00:03'),(646,0.000000,2,1,'2023-11-09 11:57:10','2023-11-08 13:00:11','2023-11-09 11:57:10','2023-11-08 20:00:11'),(647,0.000000,2,1,'2023-11-09 11:57:06','2023-11-08 13:00:17','2023-11-09 11:57:06','2023-11-08 20:00:17'),(648,0.000000,12,1,NULL,'2023-11-08 13:23:42','2023-11-08 13:23:42','2023-11-08 20:23:42'),(649,0.000000,12,1,NULL,'2023-11-08 13:23:48','2023-11-08 13:23:48','2023-11-08 20:23:48'),(650,0.000000,12,1,NULL,'2023-11-09 04:34:51','2023-11-09 04:34:51','2023-11-09 11:34:51'),(651,0.000000,12,1,NULL,'2023-11-09 04:35:10','2023-11-09 04:35:10','2023-11-09 11:35:10'),(652,0.000000,2,1,NULL,'2023-11-10 12:50:09','2023-11-10 12:50:09','2023-11-10 19:50:09'),(653,0.000000,3,1,NULL,'2023-11-11 12:54:40','2023-11-11 12:54:40','2023-11-11 19:54:40'),(654,0.000000,3,1,NULL,'2023-11-11 12:54:48','2023-11-11 12:54:48','2023-11-11 19:54:48'),(655,0.000000,4,1,NULL,'2023-11-12 05:13:59','2023-11-12 05:13:59','2023-11-12 12:13:59'),(656,0.000000,4,1,NULL,'2023-11-12 05:14:15','2023-11-12 05:14:15','2023-11-12 12:14:15'),(657,0.000000,4,1,NULL,'2023-11-12 05:14:22','2023-11-12 05:14:22','2023-11-12 12:14:22'),(658,0.000000,2,1,NULL,'2023-11-12 11:53:41','2023-11-12 11:53:41','2023-11-12 18:53:41'),(659,0.000000,2,1,NULL,'2023-11-12 11:54:04','2023-11-12 11:54:04','2023-11-12 18:54:04'),(660,34000.000000,4,1,NULL,'2023-11-12 11:54:22','2023-11-12 11:54:22','2023-11-12 18:53:48'),(661,3584.000000,2,1,NULL,'2023-11-12 11:56:37','2023-11-12 11:56:37','2023-11-12 18:55:49'),(662,0.000000,2,1,NULL,'2023-11-12 12:00:19','2023-11-12 12:00:19','2023-11-12 19:00:19'),(663,0.000000,1,1,NULL,'2023-11-12 12:32:20','2023-11-12 12:32:20','2023-11-12 19:32:20'),(664,0.000000,1,1,NULL,'2023-11-12 12:32:29','2023-11-12 12:32:29','2023-11-12 19:32:29'),(665,0.000000,1,1,NULL,'2023-11-12 12:32:37','2023-11-12 12:32:37','2023-11-12 19:32:37'),(666,0.000000,1,1,NULL,'2023-11-12 12:32:54','2023-11-12 12:32:54','2023-11-12 19:32:54'),(667,0.000000,1,1,NULL,'2023-11-12 12:33:13','2023-11-12 12:33:13','2023-11-12 19:33:13'),(668,0.000000,1,1,NULL,'2023-11-12 12:33:21','2023-11-12 12:33:21','2023-11-12 19:33:21'),(669,0.000000,1,1,NULL,'2023-11-12 12:33:28','2023-11-12 12:33:28','2023-11-12 19:33:28'),(670,0.000000,1,1,NULL,'2023-11-12 12:37:28','2023-11-12 12:37:28','2023-11-12 19:37:28'),(671,2534.000000,1,1,NULL,'2023-11-13 04:21:58','2023-11-13 04:21:58','2023-11-13 11:21:48'),(672,0.000000,14,1,NULL,'2023-11-13 05:15:11','2023-11-13 05:15:11','2023-11-13 12:15:11'),(673,0.000000,14,1,NULL,'2023-11-13 05:15:21','2023-11-13 05:15:21','2023-11-13 12:15:21'),(674,0.000000,14,1,NULL,'2023-11-13 05:15:28','2023-11-13 05:15:28','2023-11-13 12:15:28'),(675,0.000000,14,1,NULL,'2023-11-13 05:15:35','2023-11-13 05:15:35','2023-11-13 12:15:35'),(676,0.000000,14,1,NULL,'2023-11-13 05:15:43','2023-11-13 05:15:43','2023-11-13 12:15:43'),(677,0.000000,14,1,NULL,'2023-11-13 05:15:53','2023-11-13 05:15:53','2023-11-13 12:15:53'),(678,0.000000,9,1,NULL,'2023-11-14 04:14:18','2023-11-14 04:14:18','2023-11-14 11:14:18'),(679,0.000000,9,1,NULL,'2023-11-14 04:14:25','2023-11-14 04:14:25','2023-11-14 11:14:25'),(680,0.000000,9,1,NULL,'2023-11-14 04:14:31','2023-11-14 04:14:31','2023-11-14 11:14:31'),(681,0.000000,9,1,NULL,'2023-11-14 04:14:37','2023-11-14 04:14:37','2023-11-14 11:14:37'),(682,0.000000,9,1,NULL,'2023-11-14 04:14:45','2023-11-14 04:14:45','2023-11-14 11:14:45'),(683,0.000000,9,1,NULL,'2023-11-14 04:14:52','2023-11-14 04:14:52','2023-11-14 11:14:52'),(684,0.000000,9,1,NULL,'2023-11-14 04:15:57','2023-11-14 04:15:57','2023-11-14 11:15:57'),(685,0.000000,9,1,NULL,'2023-11-14 04:16:04','2023-11-14 04:16:04','2023-11-14 11:16:04'),(686,0.000000,9,1,NULL,'2023-11-14 04:16:05','2023-11-14 04:16:05','2023-11-14 11:16:05'),(687,0.000000,9,1,NULL,'2023-11-14 04:16:34','2023-11-14 04:16:34','2023-11-14 11:16:34'),(688,0.000000,9,1,NULL,'2023-11-14 04:19:29','2023-11-14 04:19:29','2023-11-14 11:19:29'),(689,0.000000,11,1,NULL,'2023-11-14 05:56:44','2023-11-14 05:56:44','2023-11-14 12:56:44'),(690,0.000000,11,1,NULL,'2023-11-14 05:56:52','2023-11-14 05:56:52','2023-11-14 12:56:52'),(691,0.000000,11,1,NULL,'2023-11-14 05:56:58','2023-11-14 05:56:58','2023-11-14 12:56:58'),(692,0.000000,11,1,NULL,'2023-11-14 05:57:06','2023-11-14 05:57:06','2023-11-14 12:57:06'),(693,0.000000,11,1,NULL,'2023-11-14 05:57:15','2023-11-14 05:57:15','2023-11-14 12:57:15'),(694,0.000000,11,1,NULL,'2023-11-14 05:57:25','2023-11-14 05:57:25','2023-11-14 12:57:25'),(695,0.000000,11,1,NULL,'2023-11-14 05:57:49','2023-11-14 05:57:49','2023-11-14 12:57:49'),(696,0.000000,13,1,NULL,'2023-11-14 08:31:22','2023-11-14 08:31:22','2023-11-14 15:31:22'),(697,0.000000,13,1,NULL,'2023-11-14 08:31:29','2023-11-14 08:31:29','2023-11-14 15:31:29'),(698,0.000000,13,1,NULL,'2023-11-14 08:31:36','2023-11-14 08:31:36','2023-11-14 15:31:36'),(699,0.000000,13,1,NULL,'2023-11-14 08:31:44','2023-11-14 08:31:44','2023-11-14 15:31:44'),(700,0.000000,13,1,NULL,'2023-11-14 08:31:51','2023-11-14 08:31:51','2023-11-14 15:31:51'),(701,0.000000,13,1,NULL,'2023-11-14 08:31:59','2023-11-14 08:31:59','2023-11-14 15:31:59'),(702,0.000000,13,1,NULL,'2023-11-14 08:32:07','2023-11-14 08:32:07','2023-11-14 15:32:07'),(703,0.000000,15,1,NULL,'2023-11-14 09:28:20','2023-11-14 09:28:20','2023-11-14 16:28:20'),(704,0.000000,15,1,NULL,'2023-11-14 09:28:29','2023-11-14 09:28:29','2023-11-14 16:28:29'),(705,0.000000,15,1,NULL,'2023-11-14 09:28:36','2023-11-14 09:28:36','2023-11-14 16:28:36'),(706,0.000000,15,1,NULL,'2023-11-14 09:28:44','2023-11-14 09:28:44','2023-11-14 16:28:44'),(707,0.000000,15,1,NULL,'2023-11-14 09:28:53','2023-11-14 09:28:53','2023-11-14 16:28:53'),(708,0.000000,15,1,NULL,'2023-11-14 09:29:01','2023-11-14 09:29:01','2023-11-14 16:29:01'),(709,0.000000,15,1,NULL,'2023-11-14 09:29:12','2023-11-14 09:29:12','2023-11-14 16:29:12'),(710,2534.000000,11,1,NULL,'2023-11-15 04:47:22','2023-11-15 04:47:22','2023-11-15 11:47:11'),(711,0.000000,8,1,NULL,'2023-11-15 05:16:35','2023-11-15 05:16:35','2023-11-15 12:16:35'),(712,0.000000,8,1,NULL,'2023-11-15 05:16:41','2023-11-15 05:16:41','2023-11-15 12:16:41'),(713,0.000000,8,1,NULL,'2023-11-15 05:16:47','2023-11-15 05:16:47','2023-11-15 12:16:47'),(714,0.000000,8,1,NULL,'2023-11-15 05:16:54','2023-11-15 05:16:54','2023-11-15 12:16:54'),(715,0.000000,8,1,NULL,'2023-11-15 05:17:01','2023-11-15 05:17:01','2023-11-15 12:17:01'),(716,0.000000,8,1,NULL,'2023-11-15 05:17:08','2023-11-15 05:17:08','2023-11-15 12:17:08'),(717,0.000000,8,1,NULL,'2023-11-15 05:17:18','2023-11-15 05:17:18','2023-11-15 12:17:18'),(718,0.000000,8,1,NULL,'2023-11-15 05:18:10','2023-11-15 05:18:10','2023-11-15 12:18:10'),(719,0.000000,6,1,NULL,'2023-11-15 07:01:08','2023-11-15 07:01:08','2023-11-15 14:01:08'),(720,0.000000,6,1,NULL,'2023-11-15 07:01:16','2023-11-15 07:01:16','2023-11-15 14:01:16'),(721,0.000000,6,1,NULL,'2023-11-15 07:01:22','2023-11-15 07:01:22','2023-11-15 14:01:22'),(722,0.000000,6,1,NULL,'2023-11-15 07:01:28','2023-11-15 07:01:28','2023-11-15 14:01:28'),(723,0.000000,6,1,NULL,'2023-11-15 07:01:36','2023-11-15 07:01:36','2023-11-15 14:01:36'),(724,0.000000,6,1,NULL,'2023-11-15 07:01:43','2023-11-15 07:01:43','2023-11-15 14:01:43'),(725,0.000000,6,1,NULL,'2023-11-15 07:01:53','2023-11-15 07:01:53','2023-11-15 14:01:53'),(726,0.000000,10,1,NULL,'2023-11-16 08:22:33','2023-11-16 08:22:33','2023-11-16 15:22:33'),(727,0.000000,10,1,NULL,'2023-11-16 08:22:39','2023-11-16 08:22:39','2023-11-16 15:22:39'),(728,0.000000,10,1,NULL,'2023-11-16 08:22:47','2023-11-16 08:22:47','2023-11-16 15:22:47'),(729,0.000000,10,1,NULL,'2023-11-16 08:22:55','2023-11-16 08:22:55','2023-11-16 15:22:55'),(730,0.000000,10,1,NULL,'2023-11-16 08:23:03','2023-11-16 08:23:03','2023-11-16 15:23:03'),(731,0.000000,10,1,NULL,'2023-11-16 08:23:09','2023-11-16 08:23:09','2023-11-16 15:23:09'),(732,0.000000,10,1,NULL,'2023-11-16 08:23:16','2023-11-16 08:23:16','2023-11-16 15:23:16'),(733,0.000000,7,1,NULL,'2023-11-16 09:59:41','2023-11-16 09:59:41','2023-11-16 16:59:41'),(734,0.000000,7,1,NULL,'2023-11-16 09:59:47','2023-11-16 09:59:47','2023-11-16 16:59:47'),(735,0.000000,7,1,NULL,'2023-11-16 09:59:54','2023-11-16 09:59:54','2023-11-16 16:59:54'),(736,0.000000,7,1,NULL,'2023-11-16 10:00:01','2023-11-16 10:00:01','2023-11-16 17:00:01'),(737,0.000000,7,1,NULL,'2023-11-16 10:00:08','2023-11-16 10:00:08','2023-11-16 17:00:08'),(738,0.000000,7,1,NULL,'2023-11-16 10:00:17','2023-11-16 10:00:17','2023-11-16 17:00:17'),(739,0.000000,7,1,NULL,'2023-11-16 10:00:25','2023-11-16 10:00:25','2023-11-16 17:00:25'),(740,0.000000,8,1,NULL,'2023-11-16 12:11:13','2023-11-16 12:11:13','2023-11-16 19:11:13'),(741,0.000000,8,1,NULL,'2023-11-16 12:11:21','2023-11-16 12:11:21','2023-11-16 19:11:21'),(742,0.000000,8,1,NULL,'2023-11-16 12:11:30','2023-11-16 12:11:30','2023-11-16 19:11:30'),(743,0.000000,8,1,NULL,'2023-11-16 12:11:37','2023-11-16 12:11:37','2023-11-16 19:11:37'),(744,0.000000,8,1,NULL,'2023-11-16 12:11:44','2023-11-16 12:11:44','2023-11-16 19:11:44'),(745,0.000000,8,1,NULL,'2023-11-16 12:11:51','2023-11-16 12:11:51','2023-11-16 19:11:51'),(746,0.000000,8,1,NULL,'2023-11-16 12:11:59','2023-11-16 12:11:59','2023-11-16 19:11:59'),(747,0.000000,3,1,NULL,'2023-11-16 13:26:16','2023-11-16 13:26:16','2023-11-16 20:26:16');

--
-- Table structure for table `products`
--

CREATE TABLE `products` (
  `id` bigint unsigned NOT NULL AUTO_INCREMENT,
  `name` varchar(255) CHARACTER SET utf8mb4 COLLATE utf8mb4_unicode_ci DEFAULT NULL,
  `detail` text CHARACTER SET utf8mb4 COLLATE utf8mb4_unicode_ci,
  `status` int NOT NULL DEFAULT '0',
  `image` text CHARACTER SET utf8mb4 COLLATE utf8mb4_unicode_ci,
  `user_id` bigint unsigned DEFAULT NULL,
  `deleted_at` timestamp NULL DEFAULT NULL,
  `created_at` timestamp NULL DEFAULT NULL,
  `updated_at` timestamp NULL DEFAULT NULL,
  `sector_id` bigint unsigned DEFAULT NULL,
  `current_price` double(15,6) NOT NULL DEFAULT '0.000000',
  `is_active` tinyint(1) NOT NULL DEFAULT '1',
  `commission_rate` double(15,6) NOT NULL DEFAULT '100.000000',
  `embedded_graph` text COLLATE utf8mb4_unicode_ci NOT NULL,
  PRIMARY KEY (`id`)
) ENGINE=InnoDB AUTO_INCREMENT=16 DEFAULT CHARSET=utf8mb4 COLLATE=utf8mb4_unicode_ci;

--
-- Dumping data for table `products`
--

INSERT INTO `products` VALUES (1,'Amazon','International SHOP\r\n.',0,'images/slides/1781160847609528.jpg',2,NULL,'2023-09-01 15:07:54','2023-11-13 05:37:34',2,2534.000000,1,22.000000,'https://www.tradingview.com/widgetembed/?hideideas=1&overrides=%7B%7D&enabled_features=%5B%5D&disabled_features=%5B%5D&locale=en#%7B%22symbol%22%3A%22NASDAQ%3AAMZN%22%2C%22frameElementId%22%3A%22tradingview_b4e83%22%2C%22interval%22%3A%22D%22%2C%22hide_side_toolbar%22%3A%221%22%2C%22allow_symbol_change%22%3A%221%22%2C%22save_image%22%3A%221%22%2C%22studies%22%3A%22%5B%5D%22%2C%22theme%22%3A%22light%22%2C%22style%22%3A%221%22%2C%22timezone%22%3A%22Etc%2FUTC%22%2C%22studies_overrides%22%3A%22%7B%7D%22%2C%22utm_source%22%3A%22www.tradingview.com%22%2C%22utm_medium%22%3A%22widget_new%22%2C%22utm_campaign%22%3A%22chart%22%2C%22utm_term%22%3A%22NASDAQ%3AAMZN%22%2C%22page-uri%22%3A%22www.tradingview.com%2Fwidget%2Fadvanced-chart%2F%22%7D'),(2,'PTT',NULL,0,'images/slides/1781158748370915.jpg',2,NULL,'2023-09-02 14:07:07','2023-11-13 05:37:44',2,3584.000000,1,20.000000,'https://www.tradingview.com/widgetembed/?hideideas=1&overrides=%7B%7D&enabled_features=%5B%5D&disabled_features=%5B%5D&locale=en#%7B%22symbol%22%3A%22PTT%22%2C%22frameElementId%22%3A%22tradingview_473a6%22%2C%22interval%22%3A%22D%22%2C%22hide_side_toolbar%22%3A%221%22%2C%22allow_symbol_change%22%3A%221%22%2C%22save_image%22%3A%221%22%2C%22studies%22%3A%22%5B%5D%22%2C%22theme%22%3A%22light%22%2C%22style%22%3A%221%22%2C%22timezone%22%3A%22Etc%2FUTC%22%2C%22studies_overrides%22%3A%22%7B%7D%22%2C%22utm_source%22%3A%22www.tradingview.com%22%2C%22utm_medium%22%3A%22widget_new%22%2C%22utm_campaign%22%3A%22chart%22%2C%22utm_term%22%3A%22PTT%22%2C%22page-uri%22%3A%22www.tradingview.com%2Fwidget%2Fadvanced-chart%2F%22%7D'),(3,'AAPL','DELTA',0,'',2,NULL,'2023-09-06 15:46:52','2023-11-16 13:26:16',2,0.000000,1,31.000000,'https://www.tradingview.com/widgetembed/?hideideas=1&amp;overrides=%7B%7D&amp;enabled_features=%5B%5D&amp;disabled_features=%5B%5D&amp;locale=en#%7B%22symbol%22%3A%22NASDAQ%3AAAPL%22%2C%22frameElementId%22%3A%22tradingview_7d89d%22%2C%22interval%22%3A%22D%22%2C%22hide_side_toolbar%22%3A%221%22%2C%22allow_symbol_change%22%3A%221%22%2C%22save_image%22%3A%221%22%2C%22backgroundColor%22%3A%22%23ffffff%22%2C%22gridColor%22%3A%22rgba(42%2C%2046%2C%2057%2C%200.06)%22%2C%22studies%22%3A%22%5B%5D%22%2C%22theme%22%3A%22light%22%2C%22style%22%3A%221%22%2C%22timezone%22%3A%22Etc%2FUTC%22%2C%22studies_overrides%22%3A%22%7B%7D%22%2C%22utm_source%22%3A%22www.tradingview.com%22%2C%22utm_medium%22%3A%22widget_new%22%2C%22utm_campaign%22%3A%22chart%22%2C%22utm_term%22%3A%22NASDAQ%3AAAPL%22%2C%22page-uri%22%3A%22www.tradingview.com%2Fwidget%2Fadvanced-chart%2F%22%7D'),(4,'Gold','DITO',0,'',2,NULL,'2023-09-06 15:46:54','2023-11-13 05:38:24',2,34000.000000,1,21.000000,'https://www.tradingview.com/widgetembed/?hideideas=1&overrides=%7B%7D&enabled_features=%5B%5D&disabled_features=%5B%5D&locale=en#%7B%22symbol%22%3A%22TVC%3AGOLD%22%2C%22frameElementId%22%3A%22tradingview_e4f8c%22%2C%22interval%22%3A%22D%22%2C%22hide_side_toolbar%22%3A%221%22%2C%22allow_symbol_change%22%3A%221%22%2C%22save_image%22%3A%221%22%2C%22studies%22%3A%22%5B%5D%22%2C%22theme%22%3A%22light%22%2C%22style%22%3A%221%22%2C%22timezone%22%3A%22Etc%2FUTC%22%2C%22studies_overrides%22%3A%22%7B%7D%22%2C%22utm_source%22%3A%22www.tradingview.com%22%2C%22utm_medium%22%3A%22widget_new%22%2C%22utm_campaign%22%3A%22chart%22%2C%22utm_term%22%3A%22TVC%3AGOLD%22%2C%22page-uri%22%3A%22www.tradingview.com%2Fwidget%2Fadvanced-chart%2F%22%7D'),(5,'ETH',NULL,0,'',2,NULL,'2023-09-06 15:47:44','2023-11-13 05:38:37',2,56376.620058,1,10.000000,'https://www.tradingview.com/widgetembed/?hideideas=1&overrides=%7B%7D&enabled_features=%5B%5D&disabled_features=%5B%5D&locale=en#%7B%22symbol%22%3A%22BITSTAMP%3AETHUSD%22%2C%22frameElementId%22%3A%22tradingview_d9428%22%2C%22interval%22%3A%22D%22%2C%22hide_side_toolbar%22%3A%221%22%2C%22allow_symbol_change%22%3A%221%22%2C%22save_image%22%3A%221%22%2C%22studies%22%3A%22%5B%5D%22%2C%22theme%22%3A%22light%22%2C%22style%22%3A%221%22%2C%22timezone%22%3A%22Etc%2FUTC%22%2C%22studies_overrides%22%3A%22%7B%7D%22%2C%22utm_source%22%3A%22www.tradingview.com%22%2C%22utm_medium%22%3A%22widget_new%22%2C%22utm_campaign%22%3A%22chart%22%2C%22utm_term%22%3A%22BITSTAMP%3AETHUSD%22%2C%22page-uri%22%3A%22www.tradingview.com%2Fwidget%2Fadvanced-chart%2F%22%7D'),(6,'CBG',NULL,0,'',2,NULL,'2023-09-06 15:47:50','2023-11-16 08:57:08',2,55.364099,1,46.000000,'https://www.tradingview.com/widgetembed/?hideideas=1&overrides=%7B%7D&enabled_features=%5B%5D&disabled_features=%5B%5D&locale=en#%7B%22symbol%22%3A%22OMXSTO%3AEURA%22%2C%22frameElementId%22%3A%22tradingview_d8f40%22%2C%22interval%22%3A%22D%22%2C%22hide_side_toolbar%22%3A%221%22%2C%22allow_symbol_change%22%3A%221%22%2C%22save_image%22%3A%221%22%2C%22studies%22%3A%22%5B%5D%22%2C%22theme%22%3A%22light%22%2C%22style%22%3A%221%22%2C%22timezone%22%3A%22Etc%2FUTC%22%2C%22studies_overrides%22%3A%22%7B%7D%22%2C%22utm_source%22%3A%22www.tradingview.com%22%2C%22utm_medium%22%3A%22widget_new%22%2C%22utm_campaign%22%3A%22chart%22%2C%22utm_term%22%3A%22OMXSTO%3AEURA%22%2C%22page-uri%22%3A%22www.tradingview.com%2Fwidget%2Fadvanced-chart%2F%22%7D'),(7,'EURA',NULL,0,'',2,NULL,'2023-09-06 15:47:56','2023-11-16 11:30:12',2,36.967996,1,43.000000,'https://www.tradingview.com/widgetembed/?hideideas=1&overrides=%7B%7D&enabled_features=%5B%5D&disabled_features=%5B%5D&locale=en#%7B%22symbol%22%3A%22OMXSTO%3AEURA%22%2C%22frameElementId%22%3A%22tradingview_d8f40%22%2C%22interval%22%3A%22D%22%2C%22hide_side_toolbar%22%3A%221%22%2C%22allow_symbol_change%22%3A%221%22%2C%22save_image%22%3A%221%22%2C%22studies%22%3A%22%5B%5D%22%2C%22theme%22%3A%22light%22%2C%22style%22%3A%221%22%2C%22timezone%22%3A%22Etc%2FUTC%22%2C%22studies_overrides%22%3A%22%7B%7D%22%2C%22utm_source%22%3A%22www.tradingview.com%22%2C%22utm_medium%22%3A%22widget_new%22%2C%22utm_campaign%22%3A%22chart%22%2C%22utm_term%22%3A%22OMXSTO%3AEURA%22%2C%22page-uri%22%3A%22www.tradingview.com%2Fwidget%2Fadvanced-chart%2F%22%7D'),(8,'TBEV',NULL,0,'',2,NULL,'2023-09-06 15:48:11','2023-11-16 12:11:13',2,0.000000,1,50.000000,'https://www.tradingview.com/widgetembed/?hideideas=1&overrides=%7B%7D&enabled_features=%5B%5D&disabled_features=%5B%5D&locale=en#%7B%22symbol%22%3A%22OTC%3ATBEV%22%2C%22frameElementId%22%3A%22tradingview_55440%22%2C%22interval%22%3A%22D%22%2C%22hide_side_toolbar%22%3A%221%22%2C%22allow_symbol_change%22%3A%221%22%2C%22save_image%22%3A%221%22%2C%22studies%22%3A%22%5B%5D%22%2C%22theme%22%3A%22light%22%2C%22style%22%3A%221%22%2C%22timezone%22%3A%22Etc%2FUTC%22%2C%22studies_overrides%22%3A%22%7B%7D%22%2C%22utm_source%22%3A%22www.tradingview.com%22%2C%22utm_medium%22%3A%22widget_new%22%2C%22utm_campaign%22%3A%22chart%22%2C%22utm_term%22%3A%22OTC%3ATBEV%22%2C%22page-uri%22%3A%22www.tradingview.com%2Fwidget%2Fadvanced-chart%2F%22%7D'),(9,'CPF',NULL,0,'',2,NULL,'2023-09-06 15:48:22','2023-11-15 04:47:35',2,520.300000,1,28.000000,'https://www.tradingview.com/widgetembed/?hideideas=1&overrides=%7B%7D&enabled_features=%5B%5D&disabled_features=%5B%5D&locale=en#%7B%22symbol%22%3A%22NYSE%3ACPF%22%2C%22frameElementId%22%3A%22tradingview_d823e%22%2C%22interval%22%3A%22D%22%2C%22hide_side_toolbar%22%3A%221%22%2C%22allow_symbol_change%22%3A%221%22%2C%22save_image%22%3A%221%22%2C%22studies%22%3A%22%5B%5D%22%2C%22theme%22%3A%22light%22%2C%22style%22%3A%221%22%2C%22timezone%22%3A%22Etc%2FUTC%22%2C%22studies_overrides%22%3A%22%7B%7D%22%2C%22utm_source%22%3A%22www.tradingview.com%22%2C%22utm_medium%22%3A%22widget_new%22%2C%22utm_campaign%22%3A%22chart%22%2C%22utm_term%22%3A%22NYSE%3ACPF%22%2C%22page-uri%22%3A%22www.tradingview.com%2Fwidget%2Fadvanced-chart%2F%22%7D'),(10,'USDT',NULL,0,'',2,NULL,'2023-09-06 15:48:39','2023-11-16 08:56:08',2,42.491170,1,47.000000,'https://www.tradingview.com/widgetembed/?hideideas=1&overrides=%7B%7D&enabled_features=%5B%5D&disabled_features=%5B%5D&locale=en#%7B%22symbol%22%3A%22CRYPTOCAP%3AUSDT%22%2C%22frameElementId%22%3A%22tradingview_21d04%22%2C%22interval%22%3A%22D%22%2C%22hide_side_toolbar%22%3A%221%22%2C%22allow_symbol_change%22%3A%221%22%2C%22save_image%22%3A%221%22%2C%22studies%22%3A%22%5B%5D%22%2C%22theme%22%3A%22light%22%2C%22style%22%3A%221%22%2C%22timezone%22%3A%22Etc%2FUTC%22%2C%22studies_overrides%22%3A%22%7B%7D%22%2C%22utm_source%22%3A%22www.tradingview.com%22%2C%22utm_medium%22%3A%22widget_new%22%2C%22utm_campaign%22%3A%22chart%22%2C%22utm_term%22%3A%22CRYPTOCAP%3AUSDT%22%2C%22page-uri%22%3A%22www.tradingview.com%2Fwidget%2Fadvanced-chart%2F%22%7D'),(11,'ICHI',NULL,0,'',2,NULL,'2023-09-06 15:48:47','2023-11-15 04:47:22',2,2534.000000,1,48.000000,'https://www.tradingview.com/widgetembed/?hideideas=1&overrides=%7B%7D&enabled_features=%5B%5D&disabled_features=%5B%5D&locale=en#%7B%22symbol%22%3A%22CRYPTOCAP%3AUSDT%22%2C%22frameElementId%22%3A%22tradingview_21d04%22%2C%22interval%22%3A%22D%22%2C%22hide_side_toolbar%22%3A%221%22%2C%22allow_symbol_change%22%3A%221%22%2C%22save_image%22%3A%221%22%2C%22studies%22%3A%22%5B%5D%22%2C%22theme%22%3A%22light%22%2C%22style%22%3A%221%22%2C%22timezone%22%3A%22Etc%2FUTC%22%2C%22studies_overrides%22%3A%22%7B%7D%22%2C%22utm_source%22%3A%22www.tradingview.com%22%2C%22utm_medium%22%3A%22widget_new%22%2C%22utm_campaign%22%3A%22chart%22%2C%22utm_term%22%3A%22CRYPTOCAP%3AUSDT%22%2C%22page-uri%22%3A%22www.tradingview.com%2Fwidget%2Fadvanced-chart%2F%22%7D'),(12,'GULF',NULL,0,'',2,NULL,'2023-09-06 15:48:55','2023-11-13 05:40:13',2,3584.000000,1,61.000000,'https://www.tradingview.com/widgetembed/?hideideas=1&overrides=%7B%7D&enabled_features=%5B%5D&disabled_features=%5B%5D&locale=en#%7B%22symbol%22%3A%22CRYPTOCAP%3AUSDT%22%2C%22frameElementId%22%3A%22tradingview_21d04%22%2C%22interval%22%3A%22D%22%2C%22hide_side_toolbar%22%3A%221%22%2C%22allow_symbol_change%22%3A%221%22%2C%22save_image%22%3A%221%22%2C%22studies%22%3A%22%5B%5D%22%2C%22theme%22%3A%22light%22%2C%22style%22%3A%221%22%2C%22timezone%22%3A%22Etc%2FUTC%22%2C%22studies_overrides%22%3A%22%7B%7D%22%2C%22utm_source%22%3A%22www.tradingview.com%22%2C%22utm_medium%22%3A%22widget_new%22%2C%22utm_campaign%22%3A%22chart%22%2C%22utm_term%22%3A%22CRYPTOCAP%3AUSDT%22%2C%22page-uri%22%3A%22www.tradingview.com%2Fwidget%2Fadvanced-chart%2F%22%7D'),(13,'PTTEP',NULL,0,'',2,NULL,'2023-09-06 15:49:04','2023-11-15 04:49:17',2,320.865213,1,59.000000,'https://www.tradingview.com/widgetembed/?hideideas=1&overrides=%7B%7D&enabled_features=%5B%5D&disabled_features=%5B%5D&locale=en#%7B%22symbol%22%3A%22CRYPTOCAP%3AUSDT%22%2C%22frameElementId%22%3A%22tradingview_21d04%22%2C%22interval%22%3A%22D%22%2C%22hide_side_toolbar%22%3A%221%22%2C%22allow_symbol_change%22%3A%221%22%2C%22save_image%22%3A%221%22%2C%22studies%22%3A%22%5B%5D%22%2C%22theme%22%3A%22light%22%2C%22style%22%3A%221%22%2C%22timezone%22%3A%22Etc%2FUTC%22%2C%22studies_overrides%22%3A%22%7B%7D%22%2C%22utm_source%22%3A%22www.tradingview.com%22%2C%22utm_medium%22%3A%22widget_new%22%2C%22utm_campaign%22%3A%22chart%22%2C%22utm_term%22%3A%22CRYPTOCAP%3AUSDT%22%2C%22page-uri%22%3A%22www.tradingview.com%2Fwidget%2Fadvanced-chart%2F%22%7D'),(14,'SCC',NULL,0,'',2,NULL,'2023-09-09 11:50:13','2023-11-15 04:49:10',2,55262.000000,1,18.000000,'https://www.tradingview.com/widgetembed/?hideideas=1&overrides=%7B%7D&enabled_features=%5B%5D&disabled_features=%5B%5D&locale=en#%7B%22symbol%22%3A%22AMEX%3ASCC%22%2C%22frameElementId%22%3A%22tradingview_c2383%22%2C%22interval%22%3A%22D%22%2C%22hide_side_toolbar%22%3A%221%22%2C%22allow_symbol_change%22%3A%221%22%2C%22save_image%22%3A%221%22%2C%22studies%22%3A%22%5B%5D%22%2C%22theme%22%3A%22light%22%2C%22style%22%3A%221%22%2C%22timezone%22%3A%22Etc%2FUTC%22%2C%22studies_overrides%22%3A%22%7B%7D%22%2C%22utm_source%22%3A%22www.tradingview.com%22%2C%22utm_medium%22%3A%22widget_new%22%2C%22utm_campaign%22%3A%22chart%22%2C%22utm_term%22%3A%22AMEX%3ASCC%22%2C%22page-uri%22%3A%22www.tradingview.com%2Fwidget%2Fadvanced-chart%2F%22%7D'),(15,'KKP',NULL,0,'images/slides/1776561669514404.png',2,NULL,'2023-09-09 12:03:35','2023-11-15 04:49:31',2,1102.000000,1,68.000000,'https://www.tradingview.com/widgetembed/?hideideas=1&overrides=%7B%7D&enabled_features=%5B%5D&disabled_features=%5B%5D&locale=en#%7B%22symbol%22%3A%22AMEX%3ASCC%22%2C%22frameElementId%22%3A%22tradingview_c2383%22%2C%22interval%22%3A%22D%22%2C%22hide_side_toolbar%22%3A%221%22%2C%22allow_symbol_change%22%3A%221%22%2C%22save_image%22%3A%221%22%2C%22studies%22%3A%22%5B%5D%22%2C%22theme%22%3A%22light%22%2C%22style%22%3A%221%22%2C%22timezone%22%3A%22Etc%2FUTC%22%2C%22studies_overrides%22%3A%22%7B%7D%22%2C%22utm_source%22%3A%22www.tradingview.com%22%2C%22utm_medium%22%3A%22widget_new%22%2C%22utm_campaign%22%3A%22chart%22%2C%22utm_term%22%3A%22AMEX%3ASCC%22%2C%22page-uri%22%3A%22www.tradingview.com%2Fwidget%2Fadvanced-chart%2F%22%7D');

--
-- Table structure for table `role_has_permissions`
--

CREATE TABLE `role_has_permissions` (
  `permission_id` bigint unsigned NOT NULL,
  `role_id` bigint unsigned NOT NULL,
  PRIMARY KEY (`permission_id`,`role_id`),
  KEY `role_has_permissions_role_id_foreign` (`role_id`),
  CONSTRAINT `role_has_permissions_permission_id_foreign` FOREIGN KEY (`permission_id`) REFERENCES `permissions` (`id`) ON DELETE CASCADE,
  CONSTRAINT `role_has_permissions_role_id_foreign` FOREIGN KEY (`role_id`) REFERENCES `roles` (`id`) ON DELETE CASCADE
) ENGINE=InnoDB DEFAULT CHARSET=utf8mb4 COLLATE=utf8mb4_unicode_ci;

--
-- Dumping data for table `role_has_permissions`
--

INSERT INTO `role_has_permissions` VALUES (1,2),(2,2),(3,2),(4,2),(5,2),(6,2),(7,2),(8,2),(9,2),(10,2),(11,2),(12,2),(13,2),(14,2),(15,2),(16,2),(17,2),(18,2),(19,2),(20,2),(21,2),(22,2),(23,2),(24,2),(25,2),(26,2),(27,2),(28,2),(29,2),(30,2),(31,2),(32,2),(33,2),(34,2),(35,2),(36,2),(37,2),(38,2),(1,3),(2,3),(3,3),(4,3),(5,3),(6,3),(7,3),(8,3),(9,3),(10,3),(11,3),(12,3),(13,3),(14,3),(15,3),(16,3),(17,3),(18,3),(19,3),(20,3),(21,3),(22,3),(23,3),(24,3),(25,3),(26,3),(27,3),(28,3),(29,3),(30,3),(31,3),(32,3),(33,3),(34,3),(35,3),(36,3),(37,3),(38,3),(13,4),(14,4),(15,4),(16,4),(17,4),(18,4),(19,4),(20,4);

--
-- Table structure for table `roles`
--

CREATE TABLE `roles` (
  `id` bigint unsigned NOT NULL AUTO_INCREMENT,
  `name` varchar(255) CHARACTER SET utf8mb4 COLLATE utf8mb4_unicode_ci NOT NULL,
  `guard_name` varchar(255) CHARACTER SET utf8mb4 COLLATE utf8mb4_unicode_ci NOT NULL,
  `created_at` timestamp NULL DEFAULT NULL,
  `updated_at` timestamp NULL DEFAULT NULL,
  PRIMARY KEY (`id`),
  UNIQUE KEY `roles_name_guard_name_unique` (`name`,`guard_name`)
) ENGINE=InnoDB AUTO_INCREMENT=5 DEFAULT CHARSET=utf8mb4 COLLATE=utf8mb4_unicode_ci;

--
-- Dumping data for table `roles`
--

INSERT INTO `roles` VALUES (1,'Member','web','2023-08-30 15:51:29','2023-08-30 15:51:29'),(2,'Admin','web','2023-08-30 15:51:29','2023-08-30 15:51:29'),(3,'Supervisor','web','2023-08-30 15:51:29','2023-08-30 15:51:29'),(4,'Staff','web','2023-08-30 15:51:29','2023-08-30 15:51:29');

--
-- Table structure for table `sectors`
--

CREATE TABLE `sectors` (
  `id` bigint unsigned NOT NULL AUTO_INCREMENT,
  `name` varchar(255) CHARACTER SET utf8mb4 COLLATE utf8mb4_unicode_ci DEFAULT NULL,
  `order` int NOT NULL DEFAULT '0',
  `deleted_at` timestamp NULL DEFAULT NULL,
  `created_at` timestamp NULL DEFAULT NULL,
  `updated_at` timestamp NULL DEFAULT NULL,
  PRIMARY KEY (`id`)
) ENGINE=InnoDB AUTO_INCREMENT=4 DEFAULT CHARSET=utf8mb4 COLLATE=utf8mb4_unicode_ci;

--
-- Dumping data for table `sectors`
--

INSERT INTO `sectors` VALUES (1,'Technologies',1,NULL,'2023-09-01 14:54:05','2023-09-01 14:57:22'),(2,'Education',0,NULL,'2023-09-01 15:15:53','2023-09-02 14:07:15'),(3,'Real Estate',0,NULL,'2023-09-01 15:15:57','2023-09-02 14:07:23');

--
-- Table structure for table `settings`
--

CREATE TABLE `settings` (
  `id` bigint unsigned NOT NULL AUTO_INCREMENT,
  `site_name` varchar(255) CHARACTER SET utf8mb4 COLLATE utf8mb4_unicode_ci NOT NULL,
  `logo` varchar(255) CHARACTER SET utf8mb4 COLLATE utf8mb4_unicode_ci DEFAULT NULL,
  `fav_icon` varchar(255) CHARACTER SET utf8mb4 COLLATE utf8mb4_unicode_ci DEFAULT NULL,
  `currency_name` varchar(255) CHARACTER SET utf8mb4 COLLATE utf8mb4_unicode_ci DEFAULT NULL,
  `is_active` int NOT NULL DEFAULT '1',
  `deleted_at` timestamp NULL DEFAULT NULL,
  `created_at` timestamp NULL DEFAULT NULL,
  `updated_at` timestamp NULL DEFAULT NULL,
  PRIMARY KEY (`id`)
) ENGINE=InnoDB AUTO_INCREMENT=2 DEFAULT CHARSET=utf8mb4 COLLATE=utf8mb4_unicode_ci;

--
-- Dumping data for table `settings`
--

INSERT INTO `settings` VALUES (1,'Finansia','images/site_logo/1780970909725456.png','images/site_logo/1780971677827741.png','THB',1,NULL,'2023-08-30 15:50:29','2023-11-09 16:06:23');

--
-- Table structure for table `slides`
--

CREATE TABLE `slides` (
  `id` bigint unsigned NOT NULL AUTO_INCREMENT,
  `order` int NOT NULL DEFAULT '0',
  `image` varchar(255) CHARACTER SET utf8mb4 COLLATE utf8mb4_unicode_ci NOT NULL DEFAULT '1',
  `user_id` bigint unsigned DEFAULT NULL,
  `is_active` int NOT NULL DEFAULT '1',
  `deleted_at` timestamp NULL DEFAULT NULL,
  `created_at` timestamp NULL DEFAULT NULL,
  `updated_at` timestamp NULL DEFAULT NULL,
  PRIMARY KEY (`id`)
) ENGINE=InnoDB AUTO_INCREMENT=22 DEFAULT CHARSET=utf8mb4 COLLATE=utf8mb4_unicode_ci;

--
-- Dumping data for table `slides`
--

INSERT INTO `slides` VALUES (1,1,'images/slides/1776306443016148.png',NULL,1,'2023-09-08 07:20:55','2023-09-04 17:03:15','2023-09-08 07:20:55'),(2,2,'images/slides/1781098334630586.jpg',NULL,1,'2023-10-30 04:37:17','2023-09-04 17:03:23','2023-10-30 04:37:17'),(3,3,'images/slides/1776306470144758.png',NULL,1,'2023-09-08 07:22:19','2023-09-06 16:30:59','2023-09-08 07:22:19'),(4,3,'images/slides/1776306471067659.png',NULL,1,'2023-09-08 13:27:02','2023-09-06 16:31:00','2023-09-08 13:27:02'),(5,1,'images/slides/1781098504131734.jpg',NULL,1,'2023-10-30 04:37:14','2023-09-08 13:29:54','2023-10-30 04:37:14'),(6,3,'images/slides/1781098492290815.jpg',NULL,1,'2023-10-30 04:37:22','2023-09-12 05:43:07','2023-10-30 04:37:22'),(7,0,'images/slides/1781153794288097.jpg',NULL,1,'2023-10-30 06:15:06','2023-10-30 04:37:07','2023-10-30 06:15:06'),(8,0,'images/slides/1781153819531272.jpg',NULL,1,'2023-10-30 06:15:09','2023-10-30 04:37:31','2023-10-30 06:15:09'),(9,0,'images/slides/1781153835591823.jpg',NULL,1,'2023-10-30 06:15:13','2023-10-30 04:37:46','2023-10-30 06:15:13'),(10,0,'images/slides/1781153851111976.png',NULL,1,'2023-10-30 06:15:15','2023-10-30 04:38:01','2023-10-30 06:15:15'),(11,0,'images/slides/1781153925322610.jpg',NULL,1,'2023-10-30 04:39:28','2023-10-30 04:39:12','2023-10-30 04:39:28'),(12,0,'images/slides/1781153976128521.jpg',NULL,1,'2023-10-30 04:40:24','2023-10-30 04:40:00','2023-10-30 04:40:24'),(13,0,'images/slides/1781159983593544.jpg',NULL,1,'2023-10-30 06:16:51','2023-10-30 06:15:29','2023-10-30 06:16:51'),(14,0,'images/slides/1781159997305629.jpg',NULL,1,'2023-10-30 06:16:48','2023-10-30 06:15:42','2023-10-30 06:16:48'),(15,0,'images/slides/1781160008376489.jpg',NULL,1,'2023-10-30 06:16:46','2023-10-30 06:15:53','2023-10-30 06:16:46'),(16,0,'images/slides/1781160019681514.jpg',NULL,1,'2023-10-30 06:16:43','2023-10-30 06:16:04','2023-10-30 06:16:43'),(17,0,'images/slides/1781160037727295.jpg',NULL,1,'2023-10-30 06:16:30','2023-10-30 06:16:21','2023-10-30 06:16:30'),(18,0,'images/slides/1781160076776995.jpg',NULL,1,NULL,'2023-10-30 06:16:58','2023-10-30 06:16:58'),(19,0,'images/slides/1781160084717757.jpg',NULL,1,NULL,'2023-10-30 06:17:06','2023-10-30 06:17:06'),(20,0,'images/slides/1781160093638193.jpg',NULL,1,NULL,'2023-10-30 06:17:14','2023-10-30 06:17:14'),(21,0,'images/slides/1781160105335129.jpg',NULL,1,NULL,'2023-10-30 06:17:25','2023-10-30 06:17:25');


